--
-- Host: localhost    Database: isisinte_fiberred
-- ------------------------------------------------------


--
-- Table structure for table `addresses`
--

CREATE TABLE `addresses` (
  `id` int NOT NULL AUTO_INCREMENT,
  `name` varchar(80) CHARACTER SET utf8mb3 COLLATE utf8mb3_spanish2_ci NOT NULL,
  `address` varchar(15) CHARACTER SET utf8mb3 COLLATE utf8mb3_spanish2_ci NOT NULL,
  `type` varchar(10) CHARACTER SET utf8mb3 COLLATE utf8mb3_spanish2_ci NOT NULL,
  `conf_file` varchar(255) CHARACTER SET utf8mb3 COLLATE utf8mb3_spanish2_ci DEFAULT NULL,
  `date` timestamp NOT NULL DEFAULT CURRENT_TIMESTAMP,
  `ultimo_ping` timestamp NULL DEFAULT NULL,
  `status` int NOT NULL,
  PRIMARY KEY (`id`),
  UNIQUE KEY `address` (`address`),
  UNIQUE KEY `name` (`name`)
) ENGINE=InnoDB AUTO_INCREMENT=2 DEFAULT CHARSET=utf8mb3 COLLATE=utf8mb3_spanish2_ci;

--
-- Dumping data for table `addresses`
--

INSERT INTO `addresses` VALUES (1,'Default','127.0.0.1','normal',NULL,'2026-04-02 22:31:21',NULL,1);

--
-- Table structure for table `antenas`
--

CREATE TABLE `antenas` (
  `idantena` int NOT NULL AUTO_INCREMENT,
  `modelo` varchar(50) CHARACTER SET utf8mb3 COLLATE utf8mb3_spanish2_ci NOT NULL,
  `marca` varchar(50) CHARACTER SET utf8mb3 COLLATE utf8mb3_spanish2_ci NOT NULL,
  `fotoantena` varchar(200) CHARACTER SET utf8mb3 COLLATE utf8mb3_spanish2_ci DEFAULT NULL,
  `status` int NOT NULL DEFAULT '1',
  PRIMARY KEY (`idantena`)
) ENGINE=InnoDB AUTO_INCREMENT=2 DEFAULT CHARSET=utf8mb3 COLLATE=utf8mb3_spanish2_ci;

--
-- Dumping data for table `antenas`
--

INSERT INTO `antenas` VALUES (1,'UBNT-00231','Ubiquity',NULL,1);

--
-- Table structure for table `cajas`
--

CREATE TABLE `cajas` (
  `caja` int NOT NULL,
  `nombre` varchar(50) CHARACTER SET utf8mb3 COLLATE utf8mb3_spanish2_ci NOT NULL,
  `saldo_actual` decimal(20,2) NOT NULL,
  `saldo_esperado` decimal(20,2) NOT NULL,
  `empleado_control` int DEFAULT NULL,
  PRIMARY KEY (`caja`)
) ENGINE=InnoDB DEFAULT CHARSET=utf8mb3 COLLATE=utf8mb3_spanish2_ci;

--
-- Dumping data for table `cajas`
--

INSERT INTO `cajas` VALUES (1,'Fisica',17530.00,0.00,NULL),(2,'Virtual',23324.00,0.00,NULL);

--
-- Table structure for table `clientes_servicios`
--

CREATE TABLE `clientes_servicios` (
  `cliente_id` varchar(50) CHARACTER SET utf8mb3 COLLATE utf8mb3_spanish2_ci NOT NULL,
  `cliente_tipo` int DEFAULT '1',
  `cliente_paquete` int DEFAULT '0',
  `cliente_status` int NOT NULL DEFAULT '1',
  `cliente_corte` int NOT NULL,
  `zona` int DEFAULT NULL,
  `tipo_servicio` int NOT NULL DEFAULT '1',
  `status_equipo` int NOT NULL DEFAULT '1',
  `antena_instalada` int DEFAULT NULL,
  `modem_instalado` int DEFAULT NULL,
  `suspender` int NOT NULL DEFAULT '1',
  `ultima_suspension` timestamp NOT NULL DEFAULT CURRENT_TIMESTAMP,
  `fecha_suspension` date DEFAULT NULL,
  PRIMARY KEY (`cliente_id`),
  KEY `cliente_id` (`cliente_id`),
  KEY `cliente_tipo` (`cliente_tipo`),
  KEY `cliente_status` (`cliente_status`),
  KEY `cliente_corte` (`cliente_corte`),
  KEY `colonia` (`zona`),
  KEY `paquete` (`cliente_paquete`),
  KEY `cliente_servicio` (`tipo_servicio`),
  KEY `status_equipo` (`status_equipo`),
  CONSTRAINT `cliente_id` FOREIGN KEY (`cliente_id`) REFERENCES `clientes` (`cliente_id`) ON DELETE CASCADE ON UPDATE CASCADE,
  CONSTRAINT `cliente_paquete` FOREIGN KEY (`cliente_paquete`) REFERENCES `paquetes` (`idpaquete`) ON UPDATE CASCADE,
  CONSTRAINT `colonia` FOREIGN KEY (`zona`) REFERENCES `zonas` (`zona_id`) ON UPDATE CASCADE,
  CONSTRAINT `colonia_id` FOREIGN KEY (`zona`) REFERENCES `zonas` (`zona_id`) ON UPDATE CASCADE,
  CONSTRAINT `corte_de_servicio` FOREIGN KEY (`cliente_corte`) REFERENCES `cortes_servicio` (`corte_id`),
  CONSTRAINT `paquete` FOREIGN KEY (`cliente_paquete`) REFERENCES `paquetes` (`idpaquete`) ON UPDATE CASCADE,
  CONSTRAINT `servicio` FOREIGN KEY (`tipo_servicio`) REFERENCES `tipo_servicios` (`servicio_id`),
  CONSTRAINT `status_cliente` FOREIGN KEY (`cliente_status`) REFERENCES `clientes_status` (`status_id`) ON UPDATE CASCADE,
  CONSTRAINT `status_equipo` FOREIGN KEY (`status_equipo`) REFERENCES `status_equipo` (`status_id`),
  CONSTRAINT `tipo_de_cliente` FOREIGN KEY (`cliente_tipo`) REFERENCES `tipos_clientes` (`tipo_cliente_id`)
) ENGINE=InnoDB DEFAULT CHARSET=utf8mb3 COLLATE=utf8mb3_spanish2_ci;

--
-- Dumping data for table `clientes_servicios`
--

INSERT INTO `clientes_servicios` VALUES ('FIBEALVACA44',1,11,1,11,1,2,1,NULL,5,1,'2026-03-15 00:04:26','2026-05-15'),('FIBEFEFUCA47',1,11,6,20,1,1,1,1,2,1,'2026-04-21 08:04:15','2026-05-25'),('FIBEMEJCA46',1,2,6,20,1,1,1,1,2,1,'2026-04-20 15:04:29','2026-05-24'),('FIBEPAUCCA50',1,2,6,30,1,2,1,NULL,4,1,'2026-04-30 11:04:56','2026-06-03'),('FIBERAPECA49',1,11,6,24,1,1,1,1,2,1,'2026-04-24 17:04:09','2026-05-28'),('FIBEREPOCA48',1,8,6,23,1,1,1,1,2,1,'2026-04-23 14:04:22','2026-05-27'),('FIBESAFECA45',1,8,6,6,1,1,1,1,4,1,'2026-04-06 16:04:53','2026-05-10'),('ISIS0704081',1,3,1,18,1,2,2,0,2,1,'2026-03-22 18:48:31','2026-06-22'),('ISISADJICA7',1,4,1,5,1,2,1,0,2,1,'2026-03-17 05:56:57','2026-05-09'),('ISISANCHCA29',1,10,1,17,1,2,1,NULL,2,1,'2026-04-21 13:26:24','2026-05-21'),('ISISANHECA14',1,5,1,27,1,2,1,0,2,1,'2026-03-09 18:04:33','2026-05-31'),('ISISARTUCA19',1,11,1,23,1,2,1,NULL,2,1,'2026-01-26 06:00:00','2026-05-27'),('ISISBRYACA6',2,2,3,17,1,2,2,0,2,1,'2025-09-19 01:09:05',NULL),('ISISCHMOCA18',1,2,1,30,1,2,1,NULL,2,1,'2026-01-03 06:00:00','2026-06-03'),('ISISDAMACA27',1,10,1,11,1,2,1,NULL,2,1,'2026-04-26 13:37:31','2026-07-15'),('ISISEDCACA28',1,11,1,14,1,2,1,NULL,2,1,'2026-04-18 16:58:19','2026-05-18'),('ISISEDTUCA23',1,11,1,29,1,2,1,NULL,2,1,'2026-03-07 23:09:43',NULL),('ISISELCOCA36',1,8,1,2,1,2,1,NULL,4,1,'2026-04-02 15:47:49','2026-05-06'),('ISISEMGOCA8',1,2,3,25,1,2,1,0,2,1,'2026-03-09 01:33:54',NULL),('ISISFRTUCA38',1,10,1,24,1,2,1,NULL,4,1,'2026-04-22 14:17:21',NULL),('ISISGATUCA34',1,11,1,30,1,2,1,NULL,2,1,'2026-03-03 06:00:00','2026-05-04'),('ISISHADZCA41',1,10,1,24,1,2,1,NULL,4,1,'2026-03-29 06:18:13','2026-06-28'),('ISISHECOCA42',1,12,1,28,1,2,1,NULL,5,1,'2026-04-02 15:47:49','2026-06-01'),('ISISJECOCA20',1,11,1,25,1,2,1,NULL,4,1,'2025-11-26 22:22:38',NULL),('ISISJECOCA22',1,7,1,3,1,2,1,NULL,2,1,'2026-03-09 18:04:33','2026-05-07'),('ISISJOCACA11',1,2,1,15,1,2,1,0,2,1,'2026-04-30 13:12:49','2026-05-19'),('ISISJOPOCA31',1,11,1,27,1,2,1,NULL,2,1,'2026-04-13 15:32:44','2026-05-31'),('ISISJORACA16',1,2,3,15,1,2,1,NULL,2,1,'2026-04-09 15:43:11',NULL),('ISISJOTUCA3',1,10,1,11,1,2,1,NULL,2,1,'2026-04-15 14:18:23','2026-05-15'),('ISISJUMICA24',1,8,1,8,1,2,1,NULL,2,1,'2025-11-08 17:11:55','2026-05-12'),('ISISKEAKCA43',1,12,1,4,1,2,1,NULL,2,1,'2026-04-09 15:35:35','2026-05-08'),('ISISLICHCA17',1,2,1,3,1,2,1,NULL,2,1,'2026-04-07 06:29:22','2026-05-07'),('ISISLUCOCA21',1,2,1,2,1,2,1,0,2,1,'2026-03-05 06:00:00','2026-05-06'),('ISISMACCA37',1,11,1,15,1,2,1,NULL,4,1,'2026-03-19 02:20:11','2026-05-19'),('ISISMACHCA30',1,11,1,17,1,2,1,NULL,2,1,'2026-01-17 09:01:47','2026-05-21'),('ISISMAHUKA0',1,2,1,15,1,2,1,0,2,1,'2026-03-09 18:04:33','2026-05-19'),('ISISMAROCA10',1,2,1,20,1,2,1,0,2,1,'2026-01-23 06:00:00','2026-05-24'),('ISISMATUCA32',1,8,1,5,1,2,1,NULL,2,1,'2026-03-02 06:00:00','2026-05-09'),('ISISMIHUCA12',1,2,1,17,1,2,1,0,2,1,'2026-03-09 18:04:33','2026-05-21'),('ISISMIROCA44',1,11,1,5,1,2,1,NULL,5,1,'2026-03-13 02:48:31','2026-05-09'),('ISISREELCA5',3,10,1,13,1,2,1,NULL,2,1,'2026-04-17 14:17:31','2026-05-17'),('ISISRIFECA26',1,11,1,8,1,2,1,NULL,2,1,'2026-04-27 15:01:24','2026-06-12'),('ISISRIHECA15',1,7,1,10,1,2,1,NULL,2,0,'2026-03-09 18:04:33','2026-04-14'),('ISISRODCA35',1,11,1,8,1,2,1,NULL,2,1,'2026-03-23 12:40:57','2026-05-12'),('ISISSIARCA40',1,12,1,24,1,2,1,NULL,2,1,'2026-03-29 06:18:14','2026-06-28'),('ISISSISICA2',2,1,1,19,1,2,1,0,2,1,'2026-04-23 13:09:30','2026-05-23'),('ISISTIMACA13',1,1,1,19,1,2,1,NULL,2,1,'2026-04-23 13:09:31','2026-05-23'),('ISISVECRCA4',1,11,1,23,1,2,1,NULL,4,1,'2026-04-13 15:32:44','2026-06-27'),('ISISWIKUCA9',1,2,1,7,1,2,1,0,2,1,'2026-04-28 13:11:06','2026-05-11'),('ISISYATUCA33',1,10,1,30,1,2,1,NULL,2,1,'2026-04-05 14:10:20','2026-05-04');

--
-- Table structure for table `clientes_status`
--

CREATE TABLE `clientes_status` (
  `status_id` int NOT NULL AUTO_INCREMENT,
  `nombre_status` varchar(50) CHARACTER SET utf8mb3 COLLATE utf8mb3_spanish2_ci NOT NULL,
  `status_color` varchar(50) CHARACTER SET utf8mb3 COLLATE utf8mb3_spanish2_ci NOT NULL,
  `descripcion_status` varchar(50) CHARACTER SET utf8mb3 COLLATE utf8mb3_spanish2_ci NOT NULL,
  PRIMARY KEY (`status_id`)
) ENGINE=InnoDB AUTO_INCREMENT=7 DEFAULT CHARSET=utf8mb3 COLLATE=utf8mb3_spanish2_ci;

--
-- Dumping data for table `clientes_status`
--

INSERT INTO `clientes_status` VALUES (1,'Autorizados','success',''),(2,'Suspendidos','danger',''),(3,'Bajas','secondary',''),(4,'Negociacion','info',''),(5,'Autorizacion','orange',''),(6,'Nuevos','purple','Cliente recien agregado');

--
-- Table structure for table `company`
--

CREATE TABLE `company` (
  `id` int NOT NULL AUTO_INCREMENT,
  `name` varchar(100) CHARACTER SET utf8mb3 COLLATE utf8mb3_spanish2_ci NOT NULL,
  `phone` varchar(50) CHARACTER SET utf8mb3 COLLATE utf8mb3_spanish2_ci NOT NULL,
  `address` varchar(200) CHARACTER SET utf8mb3 COLLATE utf8mb3_spanish2_ci NOT NULL,
  `postal_code` int NOT NULL,
  `rfc` varchar(50) CHARACTER SET utf8mb3 COLLATE utf8mb3_spanish2_ci NOT NULL,
  `website` varchar(200) CHARACTER SET utf8mb3 COLLATE utf8mb3_spanish2_ci NOT NULL,
  `email` varchar(50) CHARACTER SET utf8mb3 COLLATE utf8mb3_spanish2_ci NOT NULL,
  `resend_key` varchar(255) CHARACTER SET utf8mb3 COLLATE utf8mb3_spanish2_ci NOT NULL,
  `description` varchar(1000) CHARACTER SET utf8mb3 COLLATE utf8mb3_spanish2_ci NOT NULL,
  `whatsapp_api` varchar(250) CHARACTER SET utf8mb3 COLLATE utf8mb3_spanish2_ci NOT NULL DEFAULT 'http://localhost:3001',
  `email_api` varchar(255) CHARACTER SET utf8mb3 COLLATE utf8mb3_spanish2_ci NOT NULL,
  PRIMARY KEY (`id`)
) ENGINE=InnoDB AUTO_INCREMENT=2 DEFAULT CHARSET=utf8mb3 COLLATE=utf8mb3_spanish2_ci;

--
-- Dumping data for table `company`
--

INSERT INTO `company` VALUES (1,'Fiber Red','9372286860','Avenida Lazaro Cárdenas Colonia Centro, Cardenas Tabasco, Frente a Bodega Aurrera, Planta alta local numero1.\r\nPoblado Mecatepec Huimanguillo Tabasco, Frente al Domo',86500,'','isisinternet.com','isisinternet@isisinternet.com','re_8pGry421_3aqEJdbU7eqd3WsZ9MzXvXws','Empresa dedicada a la distribucion de servicios de internet.','http://localhost:3001','https://isisinternet-mailer.sistemasacc.com/api');

--
-- Table structure for table `configuration`
--

CREATE TABLE `configuration` (
  `id` int NOT NULL AUTO_INCREMENT,
  `name` varchar(50) CHARACTER SET utf8mb3 COLLATE utf8mb3_spanish2_ci NOT NULL,
  `status` int NOT NULL,
  `description` varchar(200) CHARACTER SET utf8mb3 COLLATE utf8mb3_spanish2_ci NOT NULL,
  PRIMARY KEY (`id`)
) ENGINE=InnoDB AUTO_INCREMENT=11 DEFAULT CHARSET=utf8mb3 COLLATE=utf8mb3_spanish2_ci;

--
-- Dumping data for table `configuration`
--

INSERT INTO `configuration` VALUES (1,'Alertas de pago',1,'Se notificará al cliente cada vez que se capture un pago'),(2,'Suspenciones automáticas',1,'Los clientes con la suspención activada se suspenderán automáticamente el día que ha seleccionado'),(3,'Alertas de suspencion',1,'Se enviarán alertas de informando al cliente que ha sido suspendido'),(4,'Suspender negociaciones',1,'El cliente se suspendera al terminar su negociación'),(5,'Mes gratis',1,'Asignar el status nuevo a clientes recien agregados para un mes gratis'),(6,'Suspender autorizaciones',1,'Suspender a clientes que están en autorización y que no contengan pago actual'),(7,'Alertas previo al dia de pago',1,'Se enviarán alertas al cliente cuando se acerque su dia de pago'),(8,'Alertas el dia de pago',1,'Se notificará al cliente el día que le toque pagar sus servicios\r\n'),(9,'whatsapp',0,'Enviar notificaciones por whatsapp'),(10,'email',0,'Enviar notificaciones por email');

--
-- Table structure for table `cortes_servicio`
--

CREATE TABLE `cortes_servicio` (
  `corte_id` int NOT NULL AUTO_INCREMENT,
  `dia_comienzo` int NOT NULL,
  `dia_terminacion` int NOT NULL,
  `dia_pago` int NOT NULL,
  `dias_prorroga` int DEFAULT '4',
  `comentarios` varchar(100) CHARACTER SET utf8mb3 COLLATE utf8mb3_spanish2_ci DEFAULT NULL,
  PRIMARY KEY (`corte_id`)
) ENGINE=InnoDB AUTO_INCREMENT=31 DEFAULT CHARSET=utf8mb3 COLLATE=utf8mb3_spanish2_ci;

--
-- Dumping data for table `cortes_servicio`
--

INSERT INTO `cortes_servicio` VALUES (1,29,4,1,4,NULL),(2,30,5,2,4,NULL),(3,1,6,3,4,NULL),(4,2,7,4,4,NULL),(5,3,8,5,4,NULL),(6,4,9,6,4,NULL),(7,5,10,7,4,NULL),(8,6,11,8,4,NULL),(9,7,12,9,4,NULL),(10,8,13,10,4,NULL),(11,9,14,11,4,NULL),(12,10,15,12,4,NULL),(13,11,16,13,4,NULL),(14,12,17,14,4,NULL),(15,13,19,15,4,NULL),(16,14,19,16,4,NULL),(17,15,20,17,4,NULL),(18,16,21,18,4,NULL),(19,17,22,19,4,NULL),(20,18,23,20,4,NULL),(21,19,24,21,4,NULL),(22,20,25,22,4,NULL),(23,21,26,23,4,NULL),(24,22,27,24,4,NULL),(25,23,28,25,4,NULL),(26,24,29,26,4,NULL),(27,25,30,27,4,NULL),(28,26,1,28,4,NULL),(29,27,2,29,4,NULL),(30,28,3,30,4,NULL);

--
-- Table structure for table `customer_identification`
--

CREATE TABLE `customer_identification` (
  `cliente_numero` varchar(255) CHARACTER SET utf8mb3 COLLATE utf8mb3_unicode_ci NOT NULL,
  `cliente_id` varchar(255) CHARACTER SET utf8mb3 COLLATE utf8mb3_unicode_ci NOT NULL,
  PRIMARY KEY (`cliente_numero`)
) ENGINE=InnoDB DEFAULT CHARSET=utf8mb3 COLLATE=utf8mb3_unicode_ci;

--
-- Dumping data for table `customer_identification`
--


--
-- Table structure for table `empleados`
--

CREATE TABLE `empleados` (
  `empleado_id` varchar(50) CHARACTER SET utf8mb3 COLLATE utf8mb3_spanish2_ci NOT NULL,
  `empleado_email` varchar(50) CHARACTER SET utf8mb3 COLLATE utf8mb3_spanish2_ci NOT NULL,
  `empleado_telefono` varchar(50) CHARACTER SET utf8mb3 COLLATE utf8mb3_spanish2_ci DEFAULT NULL,
  `empleado_nombre` varchar(50) CHARACTER SET utf8mb3 COLLATE utf8mb3_spanish2_ci NOT NULL,
  `empleado_apellido` varchar(50) CHARACTER SET utf8mb3 COLLATE utf8mb3_spanish2_ci NOT NULL,
  `empleado_curp` varchar(18) CHARACTER SET utf8mb3 COLLATE utf8mb3_spanish2_ci NOT NULL,
  `empleado_nss` varchar(50) CHARACTER SET utf8mb3 COLLATE utf8mb3_spanish2_ci NOT NULL,
  `empleado_rfc` varchar(18) CHARACTER SET utf8mb3 COLLATE utf8mb3_spanish2_ci NOT NULL,
  `empleado_edad` int DEFAULT NULL,
  `empleado_fecha` timestamp NOT NULL DEFAULT CURRENT_TIMESTAMP,
  `empleado_nacimiento` date DEFAULT NULL,
  `empleado_sueldo` decimal(20,2) NOT NULL DEFAULT '0.00',
  `empleado_tpago` int NOT NULL DEFAULT '1',
  `empleado_ine` varchar(100) CHARACTER SET utf8mb3 COLLATE utf8mb3_spanish2_ci NOT NULL,
  `empleado_targeta` varchar(16) CHARACTER SET utf8mb3 COLLATE utf8mb3_spanish2_ci DEFAULT NULL,
  `empleado_area` int NOT NULL,
  `usuario_id` varchar(50) CHARACTER SET utf8mb3 COLLATE utf8mb3_spanish2_ci DEFAULT NULL,
  PRIMARY KEY (`empleado_id`),
  KEY `usuario_id` (`usuario_id`)
) ENGINE=InnoDB DEFAULT CHARSET=utf8mb3 COLLATE=utf8mb3_spanish2_ci;

--
-- Dumping data for table `empleados`
--

INSERT INTO `empleados` VALUES ('ALSAP20250423146','contact.emailex@gmail.com','5219961992092','Alexis','Sanchez','','','',NULL,'2025-04-16 05:47:20',NULL,0.00,1,'',NULL,0,'US20250412211'),('JOAN2025041746','joseantonio@gmail.com','5219812077176','Jose Antonio','U','','','',NULL,'2025-04-16 05:47:20',NULL,0.00,1,'',NULL,0,'US2025041744'),('JOANCP2025041746','joseantonio@gmail.com','5219961992092','Jose Antonio','Cohuo Perez','','','',NULL,'2025-04-16 05:47:20',NULL,0.00,1,'',NULL,0,'JOAN202504171245');

--
-- Table structure for table `equipos`
--

CREATE TABLE `equipos` (
  `id` int NOT NULL AUTO_INCREMENT,
  `name` varchar(50) CHARACTER SET utf8mb3 COLLATE utf8mb3_spanish2_ci NOT NULL,
  `model` varchar(50) CHARACTER SET utf8mb3 COLLATE utf8mb3_spanish2_ci NOT NULL,
  `brand` varchar(50) CHARACTER SET utf8mb3 COLLATE utf8mb3_spanish2_ci NOT NULL,
  `image` varchar(50) CHARACTER SET utf8mb3 COLLATE utf8mb3_spanish2_ci DEFAULT NULL,
  PRIMARY KEY (`id`)
) ENGINE=InnoDB AUTO_INCREMENT=3 DEFAULT CHARSET=utf8mb3 COLLATE=utf8mb3_spanish2_ci;

--
-- Dumping data for table `equipos`
--

INSERT INTO `equipos` VALUES (1,'TvBox','4521545','Steren',''),(2,'LICENCIA','LUMINA','LUMINA','');

--
-- Table structure for table `failed_suspensions`
--

CREATE TABLE `failed_suspensions` (
  `cliente_id` varchar(50) CHARACTER SET utf8mb3 COLLATE utf8mb3_spanish2_ci NOT NULL,
  `mikrotik_id` int NOT NULL,
  KEY `mikrotik_id` (`mikrotik_id`),
  KEY `cliente_id` (`cliente_id`)
) ENGINE=InnoDB DEFAULT CHARSET=utf8mb3 COLLATE=utf8mb3_unicode_ci;

--
-- Dumping data for table `failed_suspensions`
--


--
-- Table structure for table `horarios`
--

CREATE TABLE `horarios` (
  `horario_id` int NOT NULL AUTO_INCREMENT,
  `hora_inicio` time NOT NULL,
  `formato_inicio` varchar(10) CHARACTER SET utf8mb3 COLLATE utf8mb3_spanish2_ci NOT NULL DEFAULT 'am',
  `hora_fin` time NOT NULL,
  `formato_fin` varchar(10) CHARACTER SET utf8mb3 COLLATE utf8mb3_spanish2_ci NOT NULL DEFAULT 'pm',
  `tipo_horario` enum('instalaciones','reportes','trabajo','descansos') CHARACTER SET utf8mb3 COLLATE utf8mb3_spanish2_ci NOT NULL,
  PRIMARY KEY (`horario_id`)
) ENGINE=InnoDB AUTO_INCREMENT=6 DEFAULT CHARSET=utf8mb3 COLLATE=utf8mb3_unicode_ci;

--
-- Dumping data for table `horarios`
--

INSERT INTO `horarios` VALUES (1,'08:00:00','am','10:00:00','am','instalaciones'),(2,'10:00:00','am','12:00:00','pm','instalaciones'),(3,'12:00:00','pm','14:00:00','pm','instalaciones'),(4,'14:00:00','pm','16:00:00','pm','instalaciones'),(5,'16:00:00','pm','18:00:00','pm','instalaciones');

--
-- Table structure for table `messages`
--

CREATE TABLE `messages` (
  `message_id` int NOT NULL AUTO_INCREMENT,
  `cliente_id` varchar(50) CHARACTER SET utf8mb3 COLLATE utf8mb3_spanish2_ci DEFAULT NULL,
  `type` varchar(50) CHARACTER SET utf8mb3 COLLATE utf8mb3_spanish2_ci DEFAULT NULL,
  `phone` varchar(15) CHARACTER SET utf8mb3 COLLATE utf8mb3_spanish2_ci NOT NULL,
  `message` varchar(2500) CHARACTER SET utf8mb3 COLLATE utf8mb3_spanish2_ci NOT NULL,
  `file_url` varchar(500) CHARACTER SET utf8mb3 COLLATE utf8mb3_spanish2_ci DEFAULT NULL,
  `created_at` timestamp NULL DEFAULT NULL,
  PRIMARY KEY (`message_id`),
  KEY `cliente_id` (`cliente_id`)
) ENGINE=InnoDB AUTO_INCREMENT=146 DEFAULT CHARSET=utf8mb3 COLLATE=utf8mb3_spanish2_ci;

--
-- Dumping data for table `messages`
--

INSERT INTO `messages` VALUES (1,'ISISREELCA5','reminder','5211234567890','Estimado Refaccionaria El gran poder \n\nSu fecha de facturación esta cerca.\n\nPuede realizar su pago mediante transferencias electrónicas con los siguientes datos:\n\n*Nombre:* Jesus Manuel Geronimo Mayge\n*Banco:* BBVA Bancomer\n*Numero de cuenta:* 2661614746\n*Numero de tarjeta:* 4152 3141 8291 0698\n*Concepto:* CLFR000035\n\n*ES MUY IMPORTANTE ENVIAR EL COMPROBANTE* \n\nTambién puede realizar sus pagos en efectivo en nuestras instalaciones ubicadas en:\n\n1.- Av. Lazaro Cardenas s/n entre Jasinto López y Ernesto Aguirre Colorado, frente a bodega aurrera local N 1, Cárdenas Tabasco.\n\n2.- Poblado Mecatepec Huimanguillo, frente a la cancha de basquetbol local N 2.\n\n*Gracias por ser parte de nosotros*',NULL,'2026-03-11 04:44:24'),(2,'ISISDAMACA27','billing','5219961054258','\nEstimad@ Rosamino  Pool le recordamos que hoy es el día en que debe pagar la mensualidad de su servicio, si el pago no es reportado el servicio será suspendido en los proximos días.\n\nRecuerde que su pago nos ayuda a brindarle un mejor servicio.\n\n*Gracias por su comprensión*',NULL,'2026-03-11 04:44:24'),(3,'ISISJOTUCA3','billing','5219961130485','\nEstimad@ David  Mass le recordamos que hoy es el día en que debe pagar la mensualidad de su servicio, si el pago no es reportado el servicio será suspendido en los proximos días.\n\nRecuerde que su pago nos ayuda a brindarle un mejor servicio.\n\n*Gracias por su comprensión*',NULL,'2026-03-11 04:44:24'),(4,'ISISEDCACA28','reminder','5219967306553','Estimado Edwin  Canul \n\nSu fecha de facturación esta cerca.\n\nPuede realizar su pago mediante transferencias electrónicas con los siguientes datos:\n\n*Nombre:* Jesus Manuel Geronimo Mayge\n*Banco:* BBVA Bancomer\n*Numero de cuenta:* 2661614746\n*Numero de tarjeta:* 4152 3141 8291 0698\n*Concepto:* CLFR000009\n\n*ES MUY IMPORTANTE ENVIAR EL COMPROBANTE* \n\nTambién puede realizar sus pagos en efectivo en nuestras instalaciones ubicadas en:\n\n1.- Av. Lazaro Cardenas s/n entre Jasinto López y Ernesto Aguirre Colorado, frente a bodega aurrera local N 1, Cárdenas Tabasco.\n\n2.- Poblado Mecatepec Huimanguillo, frente a la cancha de basquetbol local N 2.\n\n*Gracias por ser parte de nosotros*',NULL,'2026-03-12 04:13:51'),(5,'ISISJOCACA11','reminder','5219811099176','Estimado José Luis Canul Fuentes \n\nSu fecha de facturación esta cerca.\n\nPuede realizar su pago mediante transferencias electrónicas con los siguientes datos:\n\n*Nombre:* Jesus Manuel Geronimo Mayge\n*Banco:* BBVA Bancomer\n*Numero de cuenta:* 2661614746\n*Numero de tarjeta:* 4152 3141 8291 0698\n*Concepto:* CLFR000020\n\n*ES MUY IMPORTANTE ENVIAR EL COMPROBANTE* \n\nTambién puede realizar sus pagos en efectivo en nuestras instalaciones ubicadas en:\n\n1.- Av. Lazaro Cardenas s/n entre Jasinto López y Ernesto Aguirre Colorado, frente a bodega aurrera local N 1, Cárdenas Tabasco.\n\n2.- Poblado Mecatepec Huimanguillo, frente a la cancha de basquetbol local N 2.\n\n*Gracias por ser parte de nosotros*',NULL,'2026-03-13 02:48:20'),(6,'ISISJORACA16','reminder','5219961046262','Estimado Josué Ezequiel Turriza Euan \n\nSu fecha de facturación esta cerca.\n\nPuede realizar su pago mediante transferencias electrónicas con los siguientes datos:\n\n*Nombre:* Jesus Manuel Geronimo Mayge\n*Banco:* BBVA Bancomer\n*Numero de cuenta:* 2661614746\n*Numero de tarjeta:* 4152 3141 8291 0698\n*Concepto:* CLFR000022\n\n*ES MUY IMPORTANTE ENVIAR EL COMPROBANTE* \n\nTambién puede realizar sus pagos en efectivo en nuestras instalaciones ubicadas en:\n\n1.- Av. Lazaro Cardenas s/n entre Jasinto López y Ernesto Aguirre Colorado, frente a bodega aurrera local N 1, Cárdenas Tabasco.\n\n2.- Poblado Mecatepec Huimanguillo, frente a la cancha de basquetbol local N 2.\n\n*Gracias por ser parte de nosotros*',NULL,'2026-03-13 02:48:20'),(7,'ISISMACCA37','reminder','5219962001854','Estimado Maricruz   Chavarría Narváez  \n\nSu fecha de facturación esta cerca.\n\nPuede realizar su pago mediante transferencias electrónicas con los siguientes datos:\n\n*Nombre:* Jesus Manuel Geronimo Mayge\n*Banco:* BBVA Bancomer\n*Numero de cuenta:* 2661614746\n*Numero de tarjeta:* 4152 3141 8291 0698\n*Concepto:* CLFR000028\n\n*ES MUY IMPORTANTE ENVIAR EL COMPROBANTE* \n\nTambién puede realizar sus pagos en efectivo en nuestras instalaciones ubicadas en:\n\n1.- Av. Lazaro Cardenas s/n entre Jasinto López y Ernesto Aguirre Colorado, frente a bodega aurrera local N 1, Cárdenas Tabasco.\n\n2.- Poblado Mecatepec Huimanguillo, frente a la cancha de basquetbol local N 2.\n\n*Gracias por ser parte de nosotros*',NULL,'2026-03-13 02:48:20'),(8,'ISISMAHUKA0','reminder','5219961088570','Estimado MARIANA ISABEL HUCHIN COUOH \n\nSu fecha de facturación esta cerca.\n\nPuede realizar su pago mediante transferencias electrónicas con los siguientes datos:\n\n*Nombre:* Jesus Manuel Geronimo Mayge\n*Banco:* BBVA Bancomer\n*Numero de cuenta:* 2661614746\n*Numero de tarjeta:* 4152 3141 8291 0698\n*Concepto:* CLFR000030\n\n*ES MUY IMPORTANTE ENVIAR EL COMPROBANTE* \n\nTambién puede realizar sus pagos en efectivo en nuestras instalaciones ubicadas en:\n\n1.- Av. Lazaro Cardenas s/n entre Jasinto López y Ernesto Aguirre Colorado, frente a bodega aurrera local N 1, Cárdenas Tabasco.\n\n2.- Poblado Mecatepec Huimanguillo, frente a la cancha de basquetbol local N 2.\n\n*Gracias por ser parte de nosotros*',NULL,'2026-03-13 02:48:20'),(9,'ISISREELCA5','billing','5211234567890','\nEstimad@ Refaccionaria El gran poder le recordamos que hoy es el día en que debe pagar la mensualidad de su servicio, si el pago no es reportado el servicio será suspendido en los proximos días.\n\nRecuerde que su pago nos ayuda a brindarle un mejor servicio.\n\n*Gracias por su comprensión*',NULL,'2026-03-13 02:48:20'),(10,'ISISEDCACA28','billing','5219967306553','\nEstimad@ Edwin  Canul le recordamos que hoy es el día en que debe pagar la mensualidad de su servicio, si el pago no es reportado el servicio será suspendido en los proximos días.\n\nRecuerde que su pago nos ayuda a brindarle un mejor servicio.\n\n*Gracias por su comprensión*',NULL,'2026-03-14 12:26:22'),(11,'ISISANCHCA29','reminder','5219961075215','Estimado Angel Chin \n\nSu fecha de facturación esta cerca.\n\nPuede realizar su pago mediante transferencias electrónicas con los siguientes datos:\n\n*Nombre:* Jesus Manuel Geronimo Mayge\n*Banco:* BBVA Bancomer\n*Numero de cuenta:* 2661614746\n*Numero de tarjeta:* 4152 3141 8291 0698\n*Concepto:* CLFR000003\n\n*ES MUY IMPORTANTE ENVIAR EL COMPROBANTE* \n\nTambién puede realizar sus pagos en efectivo en nuestras instalaciones ubicadas en:\n\n1.- Av. Lazaro Cardenas s/n entre Jasinto López y Ernesto Aguirre Colorado, frente a bodega aurrera local N 1, Cárdenas Tabasco.\n\n2.- Poblado Mecatepec Huimanguillo, frente a la cancha de basquetbol local N 2.\n\n*Gracias por ser parte de nosotros*',NULL,'2026-03-15 00:04:15'),(12,'ISISMACHCA30','reminder','5219812097780','Estimado Maria del Carmen Chable Martinez \n\nSu fecha de facturación esta cerca.\n\nPuede realizar su pago mediante transferencias electrónicas con los siguientes datos:\n\n*Nombre:* Jesus Manuel Geronimo Mayge\n*Banco:* BBVA Bancomer\n*Numero de cuenta:* 2661614746\n*Numero de tarjeta:* 4152 3141 8291 0698\n*Concepto:* CLFR000029\n\n*ES MUY IMPORTANTE ENVIAR EL COMPROBANTE* \n\nTambién puede realizar sus pagos en efectivo en nuestras instalaciones ubicadas en:\n\n1.- Av. Lazaro Cardenas s/n entre Jasinto López y Ernesto Aguirre Colorado, frente a bodega aurrera local N 1, Cárdenas Tabasco.\n\n2.- Poblado Mecatepec Huimanguillo, frente a la cancha de basquetbol local N 2.\n\n*Gracias por ser parte de nosotros*',NULL,'2026-03-15 00:04:15'),(13,'ISISMIHUCA12','reminder','5219811852707','Estimado Miguel Huchin Tun \n\nSu fecha de facturación esta cerca.\n\nPuede realizar su pago mediante transferencias electrónicas con los siguientes datos:\n\n*Nombre:* Jesus Manuel Geronimo Mayge\n*Banco:* BBVA Bancomer\n*Numero de cuenta:* 2661614746\n*Numero de tarjeta:* 4152 3141 8291 0698\n*Concepto:* CLFR000033\n\n*ES MUY IMPORTANTE ENVIAR EL COMPROBANTE* \n\nTambién puede realizar sus pagos en efectivo en nuestras instalaciones ubicadas en:\n\n1.- Av. Lazaro Cardenas s/n entre Jasinto López y Ernesto Aguirre Colorado, frente a bodega aurrera local N 1, Cárdenas Tabasco.\n\n2.- Poblado Mecatepec Huimanguillo, frente a la cancha de basquetbol local N 2.\n\n*Gracias por ser parte de nosotros*',NULL,'2026-03-15 00:04:15'),(14,'ISISJOCACA11','billing','5219811099176','\nEstimad@ José Luis Canul Fuentes le recordamos que hoy es el día en que debe pagar la mensualidad de su servicio, si el pago no es reportado el servicio será suspendido en los proximos días.\n\nRecuerde que su pago nos ayuda a brindarle un mejor servicio.\n\n*Gracias por su comprensión*',NULL,'2026-03-15 00:04:15'),(15,'ISISJORACA16','billing','5219961046262','\nEstimad@ Josué Ezequiel Turriza Euan le recordamos que hoy es el día en que debe pagar la mensualidad de su servicio, si el pago no es reportado el servicio será suspendido en los proximos días.\n\nRecuerde que su pago nos ayuda a brindarle un mejor servicio.\n\n*Gracias por su comprensión*',NULL,'2026-03-15 00:04:15'),(16,'ISISMACCA37','billing','5219962001854','\nEstimad@ Maricruz   Chavarría Narváez  le recordamos que hoy es el día en que debe pagar la mensualidad de su servicio, si el pago no es reportado el servicio será suspendido en los proximos días.\n\nRecuerde que su pago nos ayuda a brindarle un mejor servicio.\n\n*Gracias por su comprensión*',NULL,'2026-03-15 00:04:15'),(17,'ISISMAHUKA0','billing','5219961088570','\nEstimad@ MARIANA ISABEL HUCHIN COUOH le recordamos que hoy es el día en que debe pagar la mensualidad de su servicio, si el pago no es reportado el servicio será suspendido en los proximos días.\n\nRecuerde que su pago nos ayuda a brindarle un mejor servicio.\n\n*Gracias por su comprensión*',NULL,'2026-03-15 00:04:15'),(18,'FIBEALVACA44','suspension','5219931090893','Estimado Alberto Vazquez\n\nLe informamos que su servicio ha sido suspendido por que no se reporto pago para el periodo actual el cual debió pagarse el día 11. \n\nPuede solicitar una negociación llamando al telefono: +52 1 937 228 6860 y su servicio será conectado mientras, realiza el pago correspondiente\n\n!Gracias por su comprensión!\n',NULL,'2026-03-15 00:04:16'),(19,'ISIS0704081','reminder','5219961040222','Estimado Karla Guadalupe Euan Naal \n\nSu fecha de facturación esta cerca.\n\nPuede realizar su pago mediante transferencias electrónicas con los siguientes datos:\n\n*Nombre:* Jesus Manuel Geronimo Mayge\n*Banco:* BBVA Bancomer\n*Numero de cuenta:* 2661614746\n*Numero de tarjeta:* 4152 3141 8291 0698\n*Concepto:* CLFR000001\n\n*ES MUY IMPORTANTE ENVIAR EL COMPROBANTE* \n\nTambién puede realizar sus pagos en efectivo en nuestras instalaciones ubicadas en:\n\n1.- Av. Lazaro Cardenas s/n entre Jasinto López y Ernesto Aguirre Colorado, frente a bodega aurrera local N 1, Cárdenas Tabasco.\n\n2.- Poblado Mecatepec Huimanguillo, frente a la cancha de basquetbol local N 2.\n\n*Gracias por ser parte de nosotros*',NULL,'2026-03-16 01:19:12'),(20,'ISISFRTUCA38','reminder','5219876543210','Estimado Francisco  Tun Perez \n\nSu fecha de facturación esta cerca.\n\nPuede realizar su pago mediante transferencias electrónicas con los siguientes datos:\n\n*Nombre:* Jesus Manuel Geronimo Mayge\n*Banco:* BBVA Bancomer\n*Numero de cuenta:* 2661614746\n*Numero de tarjeta:* 4152 3141 8291 0698\n*Concepto:* CLFR000013\n\n*ES MUY IMPORTANTE ENVIAR EL COMPROBANTE* \n\nTambién puede realizar sus pagos en efectivo en nuestras instalaciones ubicadas en:\n\n1.- Av. Lazaro Cardenas s/n entre Jasinto López y Ernesto Aguirre Colorado, frente a bodega aurrera local N 1, Cárdenas Tabasco.\n\n2.- Poblado Mecatepec Huimanguillo, frente a la cancha de basquetbol local N 2.\n\n*Gracias por ser parte de nosotros*',NULL,'2026-03-16 01:19:12'),(21,'ISISSISICA2','reminder','5219331545485','Estimado SITE SITE \n\nSu fecha de facturación esta cerca.\n\nPuede realizar su pago mediante transferencias electrónicas con los siguientes datos:\n\n*Nombre:* Jesus Manuel Geronimo Mayge\n*Banco:* BBVA Bancomer\n*Numero de cuenta:* 2661614746\n*Numero de tarjeta:* 4152 3141 8291 0698\n*Concepto:* CLFR000040\n\n*ES MUY IMPORTANTE ENVIAR EL COMPROBANTE* \n\nTambién puede realizar sus pagos en efectivo en nuestras instalaciones ubicadas en:\n\n1.- Av. Lazaro Cardenas s/n entre Jasinto López y Ernesto Aguirre Colorado, frente a bodega aurrera local N 1, Cárdenas Tabasco.\n\n2.- Poblado Mecatepec Huimanguillo, frente a la cancha de basquetbol local N 2.\n\n*Gracias por ser parte de nosotros*',NULL,'2026-03-17 03:51:43'),(22,'ISISTIMACA13','reminder','5219996457828','Estimado Tia Magaly \n\nSu fecha de facturación esta cerca.\n\nPuede realizar su pago mediante transferencias electrónicas con los siguientes datos:\n\n*Nombre:* Jesus Manuel Geronimo Mayge\n*Banco:* BBVA Bancomer\n*Numero de cuenta:* 2661614746\n*Numero de tarjeta:* 4152 3141 8291 0698\n*Concepto:* CLFR000041\n\n*ES MUY IMPORTANTE ENVIAR EL COMPROBANTE* \n\nTambién puede realizar sus pagos en efectivo en nuestras instalaciones ubicadas en:\n\n1.- Av. Lazaro Cardenas s/n entre Jasinto López y Ernesto Aguirre Colorado, frente a bodega aurrera local N 1, Cárdenas Tabasco.\n\n2.- Poblado Mecatepec Huimanguillo, frente a la cancha de basquetbol local N 2.\n\n*Gracias por ser parte de nosotros*',NULL,'2026-03-17 03:51:43'),(23,'ISISANCHCA29','billing','5219961075215','\nEstimad@ Angel Chin le recordamos que hoy es el día en que debe pagar la mensualidad de su servicio, si el pago no es reportado el servicio será suspendido en los proximos días.\n\nRecuerde que su pago nos ayuda a brindarle un mejor servicio.\n\n*Gracias por su comprensión*',NULL,'2026-03-17 03:51:44'),(24,'ISISBRYACA6','billing','5219961022790','\nEstimad@ Brenda Marigel Yam Uc le recordamos que hoy es el día en que debe pagar la mensualidad de su servicio, si el pago no es reportado el servicio será suspendido en los proximos días.\n\nRecuerde que su pago nos ayuda a brindarle un mejor servicio.\n\n*Gracias por su comprensión*',NULL,'2026-03-17 03:51:44'),(25,'ISISMACHCA30','billing','5219812097780','\nEstimad@ Maria del Carmen Chable Martinez le recordamos que hoy es el día en que debe pagar la mensualidad de su servicio, si el pago no es reportado el servicio será suspendido en los proximos días.\n\nRecuerde que su pago nos ayuda a brindarle un mejor servicio.\n\n*Gracias por su comprensión*',NULL,'2026-03-17 03:51:44'),(26,'ISISMIHUCA12','billing','5219811852707','\nEstimad@ Miguel Huchin Tun le recordamos que hoy es el día en que debe pagar la mensualidad de su servicio, si el pago no es reportado el servicio será suspendido en los proximos días.\n\nRecuerde que su pago nos ayuda a brindarle un mejor servicio.\n\n*Gracias por su comprensión*',NULL,'2026-03-17 03:51:44'),(27,'ISISREELCA5','suspension','5211234567890','Estimado Refaccionaria El gran poder\n\nLe informamos que su servicio ha sido suspendido por que no se reporto pago para el periodo actual el cual debió pagarse el día 13. \n\nPuede solicitar una negociación llamando al telefono: +52 1 937 228 6860 y su servicio será conectado mientras, realiza el pago correspondiente\n\n!Gracias por su comprensión!\n',NULL,'2026-03-17 03:51:44'),(28,'ISISMAROCA10','reminder','5219961131807','Estimado Mayra Patricia Tuz Camara \n\nSu fecha de facturación esta cerca.\n\nPuede realizar su pago mediante transferencias electrónicas con los siguientes datos:\n\n*Nombre:* Jesus Manuel Geronimo Mayge\n*Banco:* BBVA Bancomer\n*Numero de cuenta:* 2661614746\n*Numero de tarjeta:* 4152 3141 8291 0698\n*Concepto:* CLFR000031\n\n*ES MUY IMPORTANTE ENVIAR EL COMPROBANTE* \n\nTambién puede realizar sus pagos en efectivo en nuestras instalaciones ubicadas en:\n\n1.- Av. Lazaro Cardenas s/n entre Jasinto López y Ernesto Aguirre Colorado, frente a bodega aurrera local N 1, Cárdenas Tabasco.\n\n2.- Poblado Mecatepec Huimanguillo, frente a la cancha de basquetbol local N 2.\n\n*Gracias por ser parte de nosotros*',NULL,'2026-03-18 02:15:26'),(29,'ISIS0704081','billing','5219961040222','\nEstimad@ Karla Guadalupe Euan Naal le recordamos que hoy es el día en que debe pagar la mensualidad de su servicio, si el pago no es reportado el servicio será suspendido en los proximos días.\n\nRecuerde que su pago nos ayuda a brindarle un mejor servicio.\n\n*Gracias por su comprensión*',NULL,'2026-03-18 02:15:26'),(30,'ISISFRTUCA38','billing','5219876543210','\nEstimad@ Francisco  Tun Perez le recordamos que hoy es el día en que debe pagar la mensualidad de su servicio, si el pago no es reportado el servicio será suspendido en los proximos días.\n\nRecuerde que su pago nos ayuda a brindarle un mejor servicio.\n\n*Gracias por su comprensión*',NULL,'2026-03-18 02:15:26'),(31,'ISISSISICA2','billing','5219331545485','\nEstimad@ SITE SITE le recordamos que hoy es el día en que debe pagar la mensualidad de su servicio, si el pago no es reportado el servicio será suspendido en los proximos días.\n\nRecuerde que su pago nos ayuda a brindarle un mejor servicio.\n\n*Gracias por su comprensión*',NULL,'2026-03-19 00:16:20'),(32,'ISISTIMACA13','billing','5219996457828','\nEstimad@ Tia Magaly le recordamos que hoy es el día en que debe pagar la mensualidad de su servicio, si el pago no es reportado el servicio será suspendido en los proximos días.\n\nRecuerde que su pago nos ayuda a brindarle un mejor servicio.\n\n*Gracias por su comprensión*',NULL,'2026-03-19 00:16:20'),(33,'ISISJOCACA11','suspension','5219811099176','Estimado José Luis Canul Fuentes\n\nLe informamos que su servicio ha sido suspendido por que no se reporto pago para el periodo actual el cual debió pagarse el día 15. \n\nPuede solicitar una negociación llamando al telefono: +52 1 937 228 6860 y su servicio será conectado mientras, realiza el pago correspondiente\n\n!Gracias por su comprensión!\n',NULL,'2026-03-19 00:16:21'),(34,'ISISMACCA37','suspension','5219962001854','Estimado Maricruz   Chavarría Narváez \n\nLe informamos que su servicio ha sido suspendido por que no se reporto pago para el periodo actual el cual debió pagarse el día 15. \n\nPuede solicitar una negociación llamando al telefono: +52 1 937 228 6860 y su servicio será conectado mientras, realiza el pago correspondiente\n\n!Gracias por su comprensión!\n',NULL,'2026-03-19 00:16:21'),(35,'ISISJOCACA11','suspension','5219811099176','Estimado José Luis Canul Fuentes\n\nLe informamos que su servicio ha sido suspendido por que no se reporto pago para el periodo actual el cual debió pagarse el día 15. \n\nPuede solicitar una negociación llamando al telefono: +52 1 937 228 6860 y su servicio será conectado mientras, realiza el pago correspondiente\n\n!Gracias por su comprensión!\n',NULL,'2026-03-19 02:20:00'),(36,'ISISMACCA37','suspension','5219962001854','Estimado Maricruz   Chavarría Narváez \n\nLe informamos que su servicio ha sido suspendido por que no se reporto pago para el periodo actual el cual debió pagarse el día 15. \n\nPuede solicitar una negociación llamando al telefono: +52 1 937 228 6860 y su servicio será conectado mientras, realiza el pago correspondiente\n\n!Gracias por su comprensión!\n',NULL,'2026-03-19 02:20:00'),(37,'ISISMAROCA10','billing','5219961131807','\nEstimad@ Mayra Patricia Tuz Camara le recordamos que hoy es el día en que debe pagar la mensualidad de su servicio, si el pago no es reportado el servicio será suspendido en los proximos días.\n\nRecuerde que su pago nos ayuda a brindarle un mejor servicio.\n\n*Gracias por su comprensión*',NULL,NULL),(38,'ISISARTUCA19','reminder','5219961809655','Estimado Indira  Iteran \n\nSu fecha de facturación esta cerca.\n\nPuede realizar su pago mediante transferencias electrónicas con los siguientes datos:\n\n*Nombre:* Jesus Manuel Geronimo Mayge\n*Banco:* BBVA Bancomer\n*Numero de cuenta:* 2661614746\n*Numero de tarjeta:* 4152 3141 8291 0698\n*Concepto:* CLFR000005\n\n*ES MUY IMPORTANTE ENVIAR EL COMPROBANTE* \n\nTambién puede realizar sus pagos en efectivo en nuestras instalaciones ubicadas en:\n\n1.- Av. Lazaro Cardenas s/n entre Jasinto López y Ernesto Aguirre Colorado, frente a bodega aurrera local N 1, Cárdenas Tabasco.\n\n2.- Poblado Mecatepec Huimanguillo, frente a la cancha de basquetbol local N 2.\n\n*Gracias por ser parte de nosotros*',NULL,NULL),(39,'ISISHADZCA41','reminder','5215661745549','Estimado Harim  Dzul Cohuo \n\nSu fecha de facturación esta cerca.\n\nPuede realizar su pago mediante transferencias electrónicas con los siguientes datos:\n\n*Nombre:* Jesus Manuel Geronimo Mayge\n*Banco:* BBVA Bancomer\n*Numero de cuenta:* 2661614746\n*Numero de tarjeta:* 4152 3141 8291 0698\n*Concepto:* CLFR000015\n\n*ES MUY IMPORTANTE ENVIAR EL COMPROBANTE* \n\nTambién puede realizar sus pagos en efectivo en nuestras instalaciones ubicadas en:\n\n1.- Av. Lazaro Cardenas s/n entre Jasinto López y Ernesto Aguirre Colorado, frente a bodega aurrera local N 1, Cárdenas Tabasco.\n\n2.- Poblado Mecatepec Huimanguillo, frente a la cancha de basquetbol local N 2.\n\n*Gracias por ser parte de nosotros*',NULL,NULL),(40,'ISISSIARCA40','reminder','5219962002379','Estimado Sixto Argaes \n\nSu fecha de facturación esta cerca.\n\nPuede realizar su pago mediante transferencias electrónicas con los siguientes datos:\n\n*Nombre:* Jesus Manuel Geronimo Mayge\n*Banco:* BBVA Bancomer\n*Numero de cuenta:* 2661614746\n*Numero de tarjeta:* 4152 3141 8291 0698\n*Concepto:* CLFR000039\n\n*ES MUY IMPORTANTE ENVIAR EL COMPROBANTE* \n\nTambién puede realizar sus pagos en efectivo en nuestras instalaciones ubicadas en:\n\n1.- Av. Lazaro Cardenas s/n entre Jasinto López y Ernesto Aguirre Colorado, frente a bodega aurrera local N 1, Cárdenas Tabasco.\n\n2.- Poblado Mecatepec Huimanguillo, frente a la cancha de basquetbol local N 2.\n\n*Gracias por ser parte de nosotros*',NULL,NULL),(41,'ISIS0704081','suspension','5219961040222','Estimado Karla Guadalupe Euan Naal\n\nLe informamos que su servicio ha sido suspendido por que no se reporto pago para el periodo actual el cual debió pagarse el día 18. \n\nPuede solicitar una negociación llamando al telefono: +52 1 937 228 6860 y su servicio será conectado mientras, realiza el pago correspondiente\n\n!Gracias por su comprensión!\n',NULL,NULL),(42,'ISISFRTUCA38','suspension','5219876543210','Estimado Francisco  Tun Perez\n\nLe informamos que su servicio ha sido suspendido por que no se reporto pago para el periodo actual el cual debió pagarse el día 18. \n\nPuede solicitar una negociación llamando al telefono: +52 1 937 228 6860 y su servicio será conectado mientras, realiza el pago correspondiente\n\n!Gracias por su comprensión!\n',NULL,NULL),(43,'ISISARTUCA19','billing','5219961809655','\nEstimad@ Indira  Iteran le recordamos que hoy es el día en que debe pagar la mensualidad de su servicio, si el pago no es reportado el servicio será suspendido en los proximos días.\n\nRecuerde que su pago nos ayuda a brindarle un mejor servicio.\n\n*Gracias por su comprensión*',NULL,NULL),(44,'ISISSISICA2','suspension','5219331545485','Estimado SITE SITE\n\nLe informamos que su servicio ha sido suspendido por que no se reporto pago para el periodo actual el cual debió pagarse el día 19. \n\nPuede solicitar una negociación llamando al telefono: +52 1 937 228 6860 y su servicio será conectado mientras, realiza el pago correspondiente\n\n!Gracias por su comprensión!\n',NULL,NULL),(45,'ISISTIMACA13','suspension','5219996457828','Estimado Tia Magaly\n\nLe informamos que su servicio ha sido suspendido por que no se reporto pago para el periodo actual el cual debió pagarse el día 19. \n\nPuede solicitar una negociación llamando al telefono: +52 1 937 228 6860 y su servicio será conectado mientras, realiza el pago correspondiente\n\n!Gracias por su comprensión!\n',NULL,NULL),(46,'ISISHADZCA41','billing','5215661745549','\nEstimad@ Harim  Dzul Cohuo le recordamos que hoy es el día en que debe pagar la mensualidad de su servicio, si el pago no es reportado el servicio será suspendido en los proximos días.\n\nRecuerde que su pago nos ayuda a brindarle un mejor servicio.\n\n*Gracias por su comprensión*',NULL,NULL),(47,'ISISSIARCA40','billing','5219962002379','\nEstimad@ Sixto Argaes le recordamos que hoy es el día en que debe pagar la mensualidad de su servicio, si el pago no es reportado el servicio será suspendido en los proximos días.\n\nRecuerde que su pago nos ayuda a brindarle un mejor servicio.\n\n*Gracias por su comprensión*',NULL,NULL),(48,'ISISANHECA14','reminder','5219967302137','Estimado Andrés Hernández Prieto \n\nSu fecha de facturación esta cerca.\n\nPuede realizar su pago mediante transferencias electrónicas con los siguientes datos:\n\n*Nombre:* Jesus Manuel Geronimo Mayge\n*Banco:* BBVA Bancomer\n*Numero de cuenta:* 2661614746\n*Numero de tarjeta:* 4152 3141 8291 0698\n*Concepto:* CLFR000004\n\n*ES MUY IMPORTANTE ENVIAR EL COMPROBANTE* \n\nTambién puede realizar sus pagos en efectivo en nuestras instalaciones ubicadas en:\n\n1.- Av. Lazaro Cardenas s/n entre Jasinto López y Ernesto Aguirre Colorado, frente a bodega aurrera local N 1, Cárdenas Tabasco.\n\n2.- Poblado Mecatepec Huimanguillo, frente a la cancha de basquetbol local N 2.\n\n*Gracias por ser parte de nosotros*',NULL,NULL),(49,'ISISJOPOCA31','reminder','5219171135950','Estimado Jose  Pool Pool \n\nSu fecha de facturación esta cerca.\n\nPuede realizar su pago mediante transferencias electrónicas con los siguientes datos:\n\n*Nombre:* Jesus Manuel Geronimo Mayge\n*Banco:* BBVA Bancomer\n*Numero de cuenta:* 2661614746\n*Numero de tarjeta:* 4152 3141 8291 0698\n*Concepto:* CLFR000021\n\n*ES MUY IMPORTANTE ENVIAR EL COMPROBANTE* \n\nTambién puede realizar sus pagos en efectivo en nuestras instalaciones ubicadas en:\n\n1.- Av. Lazaro Cardenas s/n entre Jasinto López y Ernesto Aguirre Colorado, frente a bodega aurrera local N 1, Cárdenas Tabasco.\n\n2.- Poblado Mecatepec Huimanguillo, frente a la cancha de basquetbol local N 2.\n\n*Gracias por ser parte de nosotros*',NULL,NULL),(50,'ISISEMGOCA8','billing','5219961053051','\nEstimad@ Emmanuel Gonzalez Puc le recordamos que hoy es el día en que debe pagar la mensualidad de su servicio, si el pago no es reportado el servicio será suspendido en los proximos días.\n\nRecuerde que su pago nos ayuda a brindarle un mejor servicio.\n\n*Gracias por su comprensión*',NULL,NULL),(51,'ISISHECOCA42','reminder','5219984853331','Estimado Hector  Corona \n\nSu fecha de facturación esta cerca.\n\nPuede realizar su pago mediante transferencias electrónicas con los siguientes datos:\n\n*Nombre:* Jesus Manuel Geronimo Mayge\n*Banco:* BBVA Bancomer\n*Numero de cuenta:* 2661614746\n*Numero de tarjeta:* 4152 3141 8291 0698\n*Concepto:* CLFR000016\n\n*ES MUY IMPORTANTE ENVIAR EL COMPROBANTE* \n\nTambién puede realizar sus pagos en efectivo en nuestras instalaciones ubicadas en:\n\n1.- Av. Lazaro Cardenas s/n entre Jasinto López y Ernesto Aguirre Colorado, frente a bodega aurrera local N 1, Cárdenas Tabasco.\n\n2.- Poblado Mecatepec Huimanguillo, frente a la cancha de basquetbol local N 2.\n\n*Gracias por ser parte de nosotros*',NULL,NULL),(52,'ISISANHECA14','billing','5219967302137','\nEstimad@ Andrés Hernández Prieto le recordamos que hoy es el día en que debe pagar la mensualidad de su servicio, si el pago no es reportado el servicio será suspendido en los proximos días.\n\nRecuerde que su pago nos ayuda a brindarle un mejor servicio.\n\n*Gracias por su comprensión*',NULL,NULL),(53,'ISISJOPOCA31','billing','5219171135950','\nEstimad@ Jose  Pool Pool le recordamos que hoy es el día en que debe pagar la mensualidad de su servicio, si el pago no es reportado el servicio será suspendido en los proximos días.\n\nRecuerde que su pago nos ayuda a brindarle un mejor servicio.\n\n*Gracias por su comprensión*',NULL,NULL),(54,'ISISCHMOCA18','reminder','5219961046854','Estimado Christopher Alexander Morales Rodríguez \n\nSu fecha de facturación esta cerca.\n\nPuede realizar su pago mediante transferencias electrónicas con los siguientes datos:\n\n*Nombre:* Jesus Manuel Geronimo Mayge\n*Banco:* BBVA Bancomer\n*Numero de cuenta:* 2661614746\n*Numero de tarjeta:* 4152 3141 8291 0698\n*Concepto:* CLFR000007\n\n*ES MUY IMPORTANTE ENVIAR EL COMPROBANTE* \n\nTambién puede realizar sus pagos en efectivo en nuestras instalaciones ubicadas en:\n\n1.- Av. Lazaro Cardenas s/n entre Jasinto López y Ernesto Aguirre Colorado, frente a bodega aurrera local N 1, Cárdenas Tabasco.\n\n2.- Poblado Mecatepec Huimanguillo, frente a la cancha de basquetbol local N 2.\n\n*Gracias por ser parte de nosotros*',NULL,NULL),(55,'ISISGATUCA34','reminder','5216462468427','Estimado Gabriel  Tun Balan \n\nSu fecha de facturación esta cerca.\n\nPuede realizar su pago mediante transferencias electrónicas con los siguientes datos:\n\n*Nombre:* Jesus Manuel Geronimo Mayge\n*Banco:* BBVA Bancomer\n*Numero de cuenta:* 2661614746\n*Numero de tarjeta:* 4152 3141 8291 0698\n*Concepto:* CLFR000014\n\n*ES MUY IMPORTANTE ENVIAR EL COMPROBANTE* \n\nTambién puede realizar sus pagos en efectivo en nuestras instalaciones ubicadas en:\n\n1.- Av. Lazaro Cardenas s/n entre Jasinto López y Ernesto Aguirre Colorado, frente a bodega aurrera local N 1, Cárdenas Tabasco.\n\n2.- Poblado Mecatepec Huimanguillo, frente a la cancha de basquetbol local N 2.\n\n*Gracias por ser parte de nosotros*',NULL,NULL),(56,'ISISYATUCA33','reminder','5219961095033','Estimado Yanet Carolina  Tun Ku \n\nSu fecha de facturación esta cerca.\n\nPuede realizar su pago mediante transferencias electrónicas con los siguientes datos:\n\n*Nombre:* Jesus Manuel Geronimo Mayge\n*Banco:* BBVA Bancomer\n*Numero de cuenta:* 2661614746\n*Numero de tarjeta:* 4152 3141 8291 0698\n*Concepto:* CLFR000044\n\n*ES MUY IMPORTANTE ENVIAR EL COMPROBANTE* \n\nTambién puede realizar sus pagos en efectivo en nuestras instalaciones ubicadas en:\n\n1.- Av. Lazaro Cardenas s/n entre Jasinto López y Ernesto Aguirre Colorado, frente a bodega aurrera local N 1, Cárdenas Tabasco.\n\n2.- Poblado Mecatepec Huimanguillo, frente a la cancha de basquetbol local N 2.\n\n*Gracias por ser parte de nosotros*',NULL,NULL),(57,'ISISHECOCA42','billing','5219984853331','\nEstimad@ Hector  Corona le recordamos que hoy es el día en que debe pagar la mensualidad de su servicio, si el pago no es reportado el servicio será suspendido en los proximos días.\n\nRecuerde que su pago nos ayuda a brindarle un mejor servicio.\n\n*Gracias por su comprensión*',NULL,NULL),(58,'ISISHADZCA41','suspension','5215661745549','Estimado Harim  Dzul Cohuo\n\nLe informamos que su servicio ha sido suspendido por que no se reporto pago para el periodo actual el cual debió pagarse el día 24. \n\nPuede solicitar una negociación llamando al telefono: +52 1 937 228 6860 y su servicio será conectado mientras, realiza el pago correspondiente\n\n!Gracias por su comprensión!\n',NULL,NULL),(59,'ISISSIARCA40','suspension','5219962002379','Estimado Sixto Argaes\n\nLe informamos que su servicio ha sido suspendido por que no se reporto pago para el periodo actual el cual debió pagarse el día 24. \n\nPuede solicitar una negociación llamando al telefono: +52 1 937 228 6860 y su servicio será conectado mientras, realiza el pago correspondiente\n\n!Gracias por su comprensión!\n',NULL,NULL),(60,'ISISLUCOCA21','reminder','5219961111874','Estimado Luis Alberto Cocom Noh \n\nSu fecha de facturación esta cerca.\n\nPuede realizar su pago mediante transferencias electrónicas con los siguientes datos:\n\n*Nombre:* Jesus Manuel Geronimo Mayge\n*Banco:* BBVA Bancomer\n*Numero de cuenta:* 2661614746\n*Numero de tarjeta:* 4152 3141 8291 0698\n*Concepto:* CLFR000027\n\n*ES MUY IMPORTANTE ENVIAR EL COMPROBANTE* \n\nTambién puede realizar sus pagos en efectivo en nuestras instalaciones ubicadas en:\n\n1.- Av. Lazaro Cardenas s/n entre Jasinto López y Ernesto Aguirre Colorado, frente a bodega aurrera local N 1, Cárdenas Tabasco.\n\n2.- Poblado Mecatepec Huimanguillo, frente a la cancha de basquetbol local N 2.\n\n*Gracias por ser parte de nosotros*',NULL,NULL),(61,'ISISCHMOCA18','billing','5219961046854','\nEstimad@ Christopher Alexander Morales Rodríguez le recordamos que hoy es el día en que debe pagar la mensualidad de su servicio, si el pago no es reportado el servicio será suspendido en los proximos días.\n\nRecuerde que su pago nos ayuda a brindarle un mejor servicio.\n\n*Gracias por su comprensión*',NULL,NULL),(62,'ISISGATUCA34','billing','5216462468427','\nEstimad@ Gabriel  Tun Balan le recordamos que hoy es el día en que debe pagar la mensualidad de su servicio, si el pago no es reportado el servicio será suspendido en los proximos días.\n\nRecuerde que su pago nos ayuda a brindarle un mejor servicio.\n\n*Gracias por su comprensión*',NULL,NULL),(63,'ISISYATUCA33','billing','5219961095033','\nEstimad@ Yanet Carolina  Tun Ku le recordamos que hoy es el día en que debe pagar la mensualidad de su servicio, si el pago no es reportado el servicio será suspendido en los proximos días.\n\nRecuerde que su pago nos ayuda a brindarle un mejor servicio.\n\n*Gracias por su comprensión*',NULL,NULL),(64,'ISISJECOCA22','reminder','5219961070948','Estimado Jesus Valentin (casa) Cocom Noh \n\nSu fecha de facturación esta cerca.\n\nPuede realizar su pago mediante transferencias electrónicas con los siguientes datos:\n\n*Nombre:* Jesus Manuel Geronimo Mayge\n*Banco:* BBVA Bancomer\n*Numero de cuenta:* 2661614746\n*Numero de tarjeta:* 4152 3141 8291 0698\n*Concepto:* CLFR000018\n\n*ES MUY IMPORTANTE ENVIAR EL COMPROBANTE* \n\nTambién puede realizar sus pagos en efectivo en nuestras instalaciones ubicadas en:\n\n1.- Av. Lazaro Cardenas s/n entre Jasinto López y Ernesto Aguirre Colorado, frente a bodega aurrera local N 1, Cárdenas Tabasco.\n\n2.- Poblado Mecatepec Huimanguillo, frente a la cancha de basquetbol local N 2.\n\n*Gracias por ser parte de nosotros*',NULL,NULL),(65,'ISISLICHCA17','reminder','5219812079071','Estimado Liseth de jesus Che san Miguel \n\nSu fecha de facturación esta cerca.\n\nPuede realizar su pago mediante transferencias electrónicas con los siguientes datos:\n\n*Nombre:* Jesus Manuel Geronimo Mayge\n*Banco:* BBVA Bancomer\n*Numero de cuenta:* 2661614746\n*Numero de tarjeta:* 4152 3141 8291 0698\n*Concepto:* CLFR000026\n\n*ES MUY IMPORTANTE ENVIAR EL COMPROBANTE* \n\nTambién puede realizar sus pagos en efectivo en nuestras instalaciones ubicadas en:\n\n1.- Av. Lazaro Cardenas s/n entre Jasinto López y Ernesto Aguirre Colorado, frente a bodega aurrera local N 1, Cárdenas Tabasco.\n\n2.- Poblado Mecatepec Huimanguillo, frente a la cancha de basquetbol local N 2.\n\n*Gracias por ser parte de nosotros*',NULL,NULL),(66,'ISISKEAKCA43','reminder','5210000000000','Estimado Kevin  Ake \n\nSu fecha de facturación esta cerca.\n\nPuede realizar su pago mediante transferencias electrónicas con los siguientes datos:\n\n*Nombre:* Jesus Manuel Geronimo Mayge\n*Banco:* BBVA Bancomer\n*Numero de cuenta:* 2661614746\n*Numero de tarjeta:* 4152 3141 8291 0698\n*Concepto:* CLFR000025\n\n*ES MUY IMPORTANTE ENVIAR EL COMPROBANTE* \n\nTambién puede realizar sus pagos en efectivo en nuestras instalaciones ubicadas en:\n\n1.- Av. Lazaro Cardenas s/n entre Jasinto López y Ernesto Aguirre Colorado, frente a bodega aurrera local N 1, Cárdenas Tabasco.\n\n2.- Poblado Mecatepec Huimanguillo, frente a la cancha de basquetbol local N 2.\n\n*Gracias por ser parte de nosotros*',NULL,NULL),(67,'ISISLUCOCA21','billing','5219961111874','\nEstimad@ Luis Alberto Cocom Noh le recordamos que hoy es el día en que debe pagar la mensualidad de su servicio, si el pago no es reportado el servicio será suspendido en los proximos días.\n\nRecuerde que su pago nos ayuda a brindarle un mejor servicio.\n\n*Gracias por su comprensión*',NULL,NULL),(68,'ISISHECOCA42','suspension','5219984853331','Estimado Hector  Corona\n\nLe informamos que su servicio ha sido suspendido por que no se reporto pago para el periodo actual el cual debió pagarse el día 28. \n\nPuede solicitar una negociación llamando al telefono: +52 1 937 228 6860 y su servicio será conectado mientras, realiza el pago correspondiente\n\n!Gracias por su comprensión!\n',NULL,NULL),(69,'ISISADJICA7','reminder','5219813836422','Estimado Josué Román Feliciano perez \n\nSu fecha de facturación esta cerca.\n\nPuede realizar su pago mediante transferencias electrónicas con los siguientes datos:\n\n*Nombre:* Jesus Manuel Geronimo Mayge\n*Banco:* BBVA Bancomer\n*Numero de cuenta:* 2661614746\n*Numero de tarjeta:* 4152 3141 8291 0698\n*Concepto:* CLFR000002\n\n*ES MUY IMPORTANTE ENVIAR EL COMPROBANTE* \n\nTambién puede realizar sus pagos en efectivo en nuestras instalaciones ubicadas en:\n\n1.- Av. Lazaro Cardenas s/n entre Jasinto López y Ernesto Aguirre Colorado, frente a bodega aurrera local N 1, Cárdenas Tabasco.\n\n2.- Poblado Mecatepec Huimanguillo, frente a la cancha de basquetbol local N 2.\n\n*Gracias por ser parte de nosotros*',NULL,NULL),(70,'ISISMATUCA32','reminder','5219961095048','Estimado Maria Estela Tun \n\nSu fecha de facturación esta cerca.\n\nPuede realizar su pago mediante transferencias electrónicas con los siguientes datos:\n\n*Nombre:* Jesus Manuel Geronimo Mayge\n*Banco:* BBVA Bancomer\n*Numero de cuenta:* 2661614746\n*Numero de tarjeta:* 4152 3141 8291 0698\n*Concepto:* CLFR000032\n\n*ES MUY IMPORTANTE ENVIAR EL COMPROBANTE* \n\nTambién puede realizar sus pagos en efectivo en nuestras instalaciones ubicadas en:\n\n1.- Av. Lazaro Cardenas s/n entre Jasinto López y Ernesto Aguirre Colorado, frente a bodega aurrera local N 1, Cárdenas Tabasco.\n\n2.- Poblado Mecatepec Huimanguillo, frente a la cancha de basquetbol local N 2.\n\n*Gracias por ser parte de nosotros*',NULL,NULL),(71,'ISISMIROCA44','reminder','5219999507106','Estimado Misael Alejandro  Rodríguez Barbosa \n\nSu fecha de facturación esta cerca.\n\nPuede realizar su pago mediante transferencias electrónicas con los siguientes datos:\n\n*Nombre:* Jesus Manuel Geronimo Mayge\n*Banco:* BBVA Bancomer\n*Numero de cuenta:* 2661614746\n*Numero de tarjeta:* 4152 3141 8291 0698\n*Concepto:* CLFR000034\n\n*ES MUY IMPORTANTE ENVIAR EL COMPROBANTE* \n\nTambién puede realizar sus pagos en efectivo en nuestras instalaciones ubicadas en:\n\n1.- Av. Lazaro Cardenas s/n entre Jasinto López y Ernesto Aguirre Colorado, frente a bodega aurrera local N 1, Cárdenas Tabasco.\n\n2.- Poblado Mecatepec Huimanguillo, frente a la cancha de basquetbol local N 2.\n\n*Gracias por ser parte de nosotros*',NULL,NULL),(72,'ISISJECOCA22','billing','5219961070948','\nEstimad@ Jesus Valentin (casa) Cocom Noh le recordamos que hoy es el día en que debe pagar la mensualidad de su servicio, si el pago no es reportado el servicio será suspendido en los proximos días.\n\nRecuerde que su pago nos ayuda a brindarle un mejor servicio.\n\n*Gracias por su comprensión*',NULL,NULL),(73,'ISISLICHCA17','billing','5219812079071','\nEstimad@ Liseth de jesus Che san Miguel le recordamos que hoy es el día en que debe pagar la mensualidad de su servicio, si el pago no es reportado el servicio será suspendido en los proximos días.\n\nRecuerde que su pago nos ayuda a brindarle un mejor servicio.\n\n*Gracias por su comprensión*',NULL,NULL),(74,'ISISKEAKCA43','billing','5210000000000','\nEstimad@ Kevin  Ake le recordamos que hoy es el día en que debe pagar la mensualidad de su servicio, si el pago no es reportado el servicio será suspendido en los proximos días.\n\nRecuerde que su pago nos ayuda a brindarle un mejor servicio.\n\n*Gracias por su comprensión*',NULL,NULL),(75,'ISISWIKUCA9','reminder','5219961054756','Estimado Wilbert Ku Kantun \n\nSu fecha de facturación esta cerca.\n\nPuede realizar su pago mediante transferencias electrónicas con los siguientes datos:\n\n*Nombre:* Jesus Manuel Geronimo Mayge\n*Banco:* BBVA Bancomer\n*Numero de cuenta:* 2661614746\n*Numero de tarjeta:* 4152 3141 8291 0698\n*Concepto:* CLFR000043\n\n*ES MUY IMPORTANTE ENVIAR EL COMPROBANTE* \n\nTambién puede realizar sus pagos en efectivo en nuestras instalaciones ubicadas en:\n\n1.- Av. Lazaro Cardenas s/n entre Jasinto López y Ernesto Aguirre Colorado, frente a bodega aurrera local N 1, Cárdenas Tabasco.\n\n2.- Poblado Mecatepec Huimanguillo, frente a la cancha de basquetbol local N 2.\n\n*Gracias por ser parte de nosotros*',NULL,NULL),(76,'ISISADJICA7','billing','5219813836422','\nEstimad@ Josué Román Feliciano perez le recordamos que hoy es el día en que debe pagar la mensualidad de su servicio, si el pago no es reportado el servicio será suspendido en los proximos días.\n\nRecuerde que su pago nos ayuda a brindarle un mejor servicio.\n\n*Gracias por su comprensión*',NULL,NULL),(77,'ISISMATUCA32','billing','5219961095048','\nEstimad@ Maria Estela Tun le recordamos que hoy es el día en que debe pagar la mensualidad de su servicio, si el pago no es reportado el servicio será suspendido en los proximos días.\n\nRecuerde que su pago nos ayuda a brindarle un mejor servicio.\n\n*Gracias por su comprensión*',NULL,NULL),(78,'ISISMIROCA44','billing','5219999507106','\nEstimad@ Misael Alejandro  Rodríguez Barbosa le recordamos que hoy es el día en que debe pagar la mensualidad de su servicio, si el pago no es reportado el servicio será suspendido en los proximos días.\n\nRecuerde que su pago nos ayuda a brindarle un mejor servicio.\n\n*Gracias por su comprensión*',NULL,NULL),(79,'ISISJUMICA24','reminder','5219961004170','Estimado Juan Gabriel Millan Atoche \n\nSu fecha de facturación esta cerca.\n\nPuede realizar su pago mediante transferencias electrónicas con los siguientes datos:\n\n*Nombre:* Jesus Manuel Geronimo Mayge\n*Banco:* BBVA Bancomer\n*Numero de cuenta:* 2661614746\n*Numero de tarjeta:* 4152 3141 8291 0698\n*Concepto:* CLFR000024\n\n*ES MUY IMPORTANTE ENVIAR EL COMPROBANTE* \n\nTambién puede realizar sus pagos en efectivo en nuestras instalaciones ubicadas en:\n\n1.- Av. Lazaro Cardenas s/n entre Jasinto López y Ernesto Aguirre Colorado, frente a bodega aurrera local N 1, Cárdenas Tabasco.\n\n2.- Poblado Mecatepec Huimanguillo, frente a la cancha de basquetbol local N 2.\n\n*Gracias por ser parte de nosotros*',NULL,NULL),(80,'ISISRIFECA26','reminder','5219814180320','Estimado Ricardo  Ferrera \n\nSu fecha de facturación esta cerca.\n\nPuede realizar su pago mediante transferencias electrónicas con los siguientes datos:\n\n*Nombre:* Jesus Manuel Geronimo Mayge\n*Banco:* BBVA Bancomer\n*Numero de cuenta:* 2661614746\n*Numero de tarjeta:* 4152 3141 8291 0698\n*Concepto:* CLFR000036\n\n*ES MUY IMPORTANTE ENVIAR EL COMPROBANTE* \n\nTambién puede realizar sus pagos en efectivo en nuestras instalaciones ubicadas en:\n\n1.- Av. Lazaro Cardenas s/n entre Jasinto López y Ernesto Aguirre Colorado, frente a bodega aurrera local N 1, Cárdenas Tabasco.\n\n2.- Poblado Mecatepec Huimanguillo, frente a la cancha de basquetbol local N 2.\n\n*Gracias por ser parte de nosotros*',NULL,NULL),(81,'ISISRODCA35','reminder','5219961053909','Estimado Roberto   Dzib \n\nSu fecha de facturación esta cerca.\n\nPuede realizar su pago mediante transferencias electrónicas con los siguientes datos:\n\n*Nombre:* Jesus Manuel Geronimo Mayge\n*Banco:* BBVA Bancomer\n*Numero de cuenta:* 2661614746\n*Numero de tarjeta:* 4152 3141 8291 0698\n*Concepto:* CLFR000038\n\n*ES MUY IMPORTANTE ENVIAR EL COMPROBANTE* \n\nTambién puede realizar sus pagos en efectivo en nuestras instalaciones ubicadas en:\n\n1.- Av. Lazaro Cardenas s/n entre Jasinto López y Ernesto Aguirre Colorado, frente a bodega aurrera local N 1, Cárdenas Tabasco.\n\n2.- Poblado Mecatepec Huimanguillo, frente a la cancha de basquetbol local N 2.\n\n*Gracias por ser parte de nosotros*',NULL,NULL),(82,'ISISVECRCA4','reminder','5219967304867','Estimado Carlos Enrrique  Chi Canul \n\nSu fecha de facturación esta cerca.\n\nPuede realizar su pago mediante transferencias electrónicas con los siguientes datos:\n\n*Nombre:* Jesus Manuel Geronimo Mayge\n*Banco:* BBVA Bancomer\n*Numero de cuenta:* 2661614746\n*Numero de tarjeta:* 4152 3141 8291 0698\n*Concepto:* CLFR000042\n\n*ES MUY IMPORTANTE ENVIAR EL COMPROBANTE* \n\nTambién puede realizar sus pagos en efectivo en nuestras instalaciones ubicadas en:\n\n1.- Av. Lazaro Cardenas s/n entre Jasinto López y Ernesto Aguirre Colorado, frente a bodega aurrera local N 1, Cárdenas Tabasco.\n\n2.- Poblado Mecatepec Huimanguillo, frente a la cancha de basquetbol local N 2.\n\n*Gracias por ser parte de nosotros*',NULL,NULL),(83,'ISISWIKUCA9','billing','5219961054756','\nEstimad@ Wilbert Ku Kantun le recordamos que hoy es el día en que debe pagar la mensualidad de su servicio, si el pago no es reportado el servicio será suspendido en los proximos días.\n\nRecuerde que su pago nos ayuda a brindarle un mejor servicio.\n\n*Gracias por su comprensión*',NULL,NULL),(84,'ISISLICHCA17','suspension','5219812079071','Estimado Liseth de jesus Che san Miguel\n\nLe informamos que su servicio ha sido suspendido por que no se reporto pago para el periodo actual el cual debió pagarse el día 3. \n\nPuede solicitar una negociación llamando al telefono: +52 1 937 228 6860 y su servicio será conectado mientras, realiza el pago correspondiente\n\n!Gracias por su comprensión!\n',NULL,NULL),(85,'ISISRIFECA26','billing','5219814180320','\nEstimad@ Ricardo  Ferrera le recordamos que hoy es el día en que debe pagar la mensualidad de su servicio, si el pago no es reportado el servicio será suspendido en los proximos días.\n\nRecuerde que su pago nos ayuda a brindarle un mejor servicio.\n\n*Gracias por su comprensión*',NULL,NULL),(86,'ISISRODCA35','billing','5219961053909','\nEstimad@ Roberto   Dzib le recordamos que hoy es el día en que debe pagar la mensualidad de su servicio, si el pago no es reportado el servicio será suspendido en los proximos días.\n\nRecuerde que su pago nos ayuda a brindarle un mejor servicio.\n\n*Gracias por su comprensión*',NULL,NULL),(87,'ISISVECRCA4','billing','5219967304867','\nEstimad@ Carlos Enrrique  Chi Canul le recordamos que hoy es el día en que debe pagar la mensualidad de su servicio, si el pago no es reportado el servicio será suspendido en los proximos días.\n\nRecuerde que su pago nos ayuda a brindarle un mejor servicio.\n\n*Gracias por su comprensión*',NULL,NULL),(88,'ISISKEAKCA43','suspension','5210000000000','Estimado Kevin  Ake\n\nLe informamos que su servicio ha sido suspendido por que no se reporto pago para el periodo actual el cual debió pagarse el día 4. \n\nPuede solicitar una negociación llamando al telefono: +52 1 937 228 6860 y su servicio será conectado mientras, realiza el pago correspondiente\n\n!Gracias por su comprensión!\n',NULL,NULL),(89,'FIBEALVACA44','reminder','5219931090893','Estimado Alberto Vazquez \n\nSu fecha de facturación esta cerca.\n\nPuede realizar su pago mediante transferencias electrónicas con los siguientes datos:\n\n*Nombre:* Jesus Manuel Geronimo Mayge\n*Banco:* BBVA Bancomer\n*Numero de cuenta:* 2661614746\n*Numero de tarjeta:* 4152 3141 8291 0698\n*Concepto:* AAVV44\n\n*ES MUY IMPORTANTE ENVIAR EL COMPROBANTE* \n\nTambién puede realizar sus pagos en efectivo en nuestras instalaciones ubicadas en:\n\n1.- Av. Lazaro Cardenas s/n entre Jasinto López y Ernesto Aguirre Colorado, frente a bodega aurrera local N 1, Cárdenas Tabasco.\n\n2.- Poblado Mecatepec Huimanguillo, frente a la cancha de basquetbol local N 2.\n\n*Gracias por ser parte de nosotros*',NULL,NULL),(90,'ISISDAMACA27','reminder','5219961054258','Estimado Rosamino  Pool \n\nSu fecha de facturación esta cerca.\n\nPuede realizar su pago mediante transferencias electrónicas con los siguientes datos:\n\n*Nombre:* Jesus Manuel Geronimo Mayge\n*Banco:* BBVA Bancomer\n*Numero de cuenta:* 2661614746\n*Numero de tarjeta:* 4152 3141 8291 0698\n*Concepto:* CLFR000008\n\n*ES MUY IMPORTANTE ENVIAR EL COMPROBANTE* \n\nTambién puede realizar sus pagos en efectivo en nuestras instalaciones ubicadas en:\n\n1.- Av. Lazaro Cardenas s/n entre Jasinto López y Ernesto Aguirre Colorado, frente a bodega aurrera local N 1, Cárdenas Tabasco.\n\n2.- Poblado Mecatepec Huimanguillo, frente a la cancha de basquetbol local N 2.\n\n*Gracias por ser parte de nosotros*',NULL,NULL),(91,'ISISJOTUCA3','reminder','5219961130485','Estimado David  Mass \n\nSu fecha de facturación esta cerca.\n\nPuede realizar su pago mediante transferencias electrónicas con los siguientes datos:\n\n*Nombre:* Jesus Manuel Geronimo Mayge\n*Banco:* BBVA Bancomer\n*Numero de cuenta:* 2661614746\n*Numero de tarjeta:* 4152 3141 8291 0698\n*Concepto:* CLFR000023\n\n*ES MUY IMPORTANTE ENVIAR EL COMPROBANTE* \n\nTambién puede realizar sus pagos en efectivo en nuestras instalaciones ubicadas en:\n\n1.- Av. Lazaro Cardenas s/n entre Jasinto López y Ernesto Aguirre Colorado, frente a bodega aurrera local N 1, Cárdenas Tabasco.\n\n2.- Poblado Mecatepec Huimanguillo, frente a la cancha de basquetbol local N 2.\n\n*Gracias por ser parte de nosotros*',NULL,NULL),(92,'ISISREELCA5','reminder','5211234567890','Estimado Refaccionaria El gran poder \n\nSu fecha de facturación esta cerca.\n\nPuede realizar su pago mediante transferencias electrónicas con los siguientes datos:\n\n*Nombre:* Jesus Manuel Geronimo Mayge\n*Banco:* BBVA Bancomer\n*Numero de cuenta:* 2661614746\n*Numero de tarjeta:* 4152 3141 8291 0698\n*Concepto:* CLFR000035\n\n*ES MUY IMPORTANTE ENVIAR EL COMPROBANTE* \n\nTambién puede realizar sus pagos en efectivo en nuestras instalaciones ubicadas en:\n\n1.- Av. Lazaro Cardenas s/n entre Jasinto López y Ernesto Aguirre Colorado, frente a bodega aurrera local N 1, Cárdenas Tabasco.\n\n2.- Poblado Mecatepec Huimanguillo, frente a la cancha de basquetbol local N 2.\n\n*Gracias por ser parte de nosotros*',NULL,NULL),(93,'FIBEALVACA44','billing','5219931090893','\nEstimad@ Alberto Vazquez le recordamos que hoy es el día en que debe pagar la mensualidad de su servicio, si el pago no es reportado el servicio será suspendido en los proximos días.\n\nRecuerde que su pago nos ayuda a brindarle un mejor servicio.\n\n*Gracias por su comprensión*',NULL,NULL),(94,'ISISDAMACA27','billing','5219961054258','\nEstimad@ Rosamino  Pool le recordamos que hoy es el día en que debe pagar la mensualidad de su servicio, si el pago no es reportado el servicio será suspendido en los proximos días.\n\nRecuerde que su pago nos ayuda a brindarle un mejor servicio.\n\n*Gracias por su comprensión*',NULL,NULL),(95,'ISISJOTUCA3','billing','5219961130485','\nEstimad@ David  Mass le recordamos que hoy es el día en que debe pagar la mensualidad de su servicio, si el pago no es reportado el servicio será suspendido en los proximos días.\n\nRecuerde que su pago nos ayuda a brindarle un mejor servicio.\n\n*Gracias por su comprensión*',NULL,NULL),(96,'ISISEDCACA28','reminder','5219967306553','Estimado Edwin  Canul \n\nSu fecha de facturación esta cerca.\n\nPuede realizar su pago mediante transferencias electrónicas con los siguientes datos:\n\n*Nombre:* Jesus Manuel Geronimo Mayge\n*Banco:* BBVA Bancomer\n*Numero de cuenta:* 2661614746\n*Numero de tarjeta:* 4152 3141 8291 0698\n*Concepto:* CLFR000009\n\n*ES MUY IMPORTANTE ENVIAR EL COMPROBANTE* \n\nTambién puede realizar sus pagos en efectivo en nuestras instalaciones ubicadas en:\n\n1.- Av. Lazaro Cardenas s/n entre Jasinto López y Ernesto Aguirre Colorado, frente a bodega aurrera local N 1, Cárdenas Tabasco.\n\n2.- Poblado Mecatepec Huimanguillo, frente a la cancha de basquetbol local N 2.\n\n*Gracias por ser parte de nosotros*',NULL,NULL),(97,'ISISVECRCA4','suspension','5219967304867','Estimado Carlos Enrrique  Chi Canul\n\nLe informamos que su servicio ha sido suspendido por que no se reporto pago para el periodo actual el cual debió pagarse el día 23. \n\nPuede solicitar una negociación llamando al telefono: +52 1 937 228 6860 y su servicio será conectado mientras, realiza el pago correspondiente\n\n!Gracias por su comprensión!\n',NULL,NULL),(98,'ISISMAHUKA0','reminder','5219961088570','Estimado MARIANA ISABEL HUCHIN COUOH \n\nSu fecha de facturación esta cerca.\n\nPuede realizar su pago mediante transferencias electrónicas con los siguientes datos:\n\n*Nombre:* Jesus Manuel Geronimo Mayge\n*Banco:* BBVA Bancomer\n*Numero de cuenta:* 2661614746\n*Numero de tarjeta:* 4152 3141 8291 0698\n*Concepto:* CLFR000030\n\n*ES MUY IMPORTANTE ENVIAR EL COMPROBANTE* \n\nTambién puede realizar sus pagos en efectivo en nuestras instalaciones ubicadas en:\n\n1.- Av. Lazaro Cardenas s/n entre Jasinto López y Ernesto Aguirre Colorado, frente a bodega aurrera local N 1, Cárdenas Tabasco.\n\n2.- Poblado Mecatepec Huimanguillo, frente a la cancha de basquetbol local N 2.\n\n*Gracias por ser parte de nosotros*',NULL,NULL),(99,'ISISREELCA5','billing','5211234567890','\nEstimad@ Refaccionaria El gran poder le recordamos que hoy es el día en que debe pagar la mensualidad de su servicio, si el pago no es reportado el servicio será suspendido en los proximos días.\n\nRecuerde que su pago nos ayuda a brindarle un mejor servicio.\n\n*Gracias por su comprensión*',NULL,NULL),(100,'ISISEDCACA28','billing','5219967306553','\nEstimad@ Edwin  Canul le recordamos que hoy es el día en que debe pagar la mensualidad de su servicio, si el pago no es reportado el servicio será suspendido en los proximos días.\n\nRecuerde que su pago nos ayuda a brindarle un mejor servicio.\n\n*Gracias por su comprensión*',NULL,NULL),(101,'ISISANCHCA29','reminder','5219961075215','Estimado Angel Chin \n\nSu fecha de facturación esta cerca.\n\nPuede realizar su pago mediante transferencias electrónicas con los siguientes datos:\n\n*Nombre:* Jesus Manuel Geronimo Mayge\n*Banco:* BBVA Bancomer\n*Numero de cuenta:* 2661614746\n*Numero de tarjeta:* 4152 3141 8291 0698\n*Concepto:* CLFR000003\n\n*ES MUY IMPORTANTE ENVIAR EL COMPROBANTE* \n\nTambién puede realizar sus pagos en efectivo en nuestras instalaciones ubicadas en:\n\n1.- Av. Lazaro Cardenas s/n entre Jasinto López y Ernesto Aguirre Colorado, frente a bodega aurrera local N 1, Cárdenas Tabasco.\n\n2.- Poblado Mecatepec Huimanguillo, frente a la cancha de basquetbol local N 2.\n\n*Gracias por ser parte de nosotros*',NULL,NULL),(102,'ISISMACHCA30','reminder','5219812097780','Estimado Maria del Carmen Chable Martinez \n\nSu fecha de facturación esta cerca.\n\nPuede realizar su pago mediante transferencias electrónicas con los siguientes datos:\n\n*Nombre:* Jesus Manuel Geronimo Mayge\n*Banco:* BBVA Bancomer\n*Numero de cuenta:* 2661614746\n*Numero de tarjeta:* 4152 3141 8291 0698\n*Concepto:* CLFR000029\n\n*ES MUY IMPORTANTE ENVIAR EL COMPROBANTE* \n\nTambién puede realizar sus pagos en efectivo en nuestras instalaciones ubicadas en:\n\n1.- Av. Lazaro Cardenas s/n entre Jasinto López y Ernesto Aguirre Colorado, frente a bodega aurrera local N 1, Cárdenas Tabasco.\n\n2.- Poblado Mecatepec Huimanguillo, frente a la cancha de basquetbol local N 2.\n\n*Gracias por ser parte de nosotros*',NULL,NULL),(103,'ISISMIHUCA12','reminder','5219811852707','Estimado Miguel Huchin Tun \n\nSu fecha de facturación esta cerca.\n\nPuede realizar su pago mediante transferencias electrónicas con los siguientes datos:\n\n*Nombre:* Jesus Manuel Geronimo Mayge\n*Banco:* BBVA Bancomer\n*Numero de cuenta:* 2661614746\n*Numero de tarjeta:* 4152 3141 8291 0698\n*Concepto:* CLFR000033\n\n*ES MUY IMPORTANTE ENVIAR EL COMPROBANTE* \n\nTambién puede realizar sus pagos en efectivo en nuestras instalaciones ubicadas en:\n\n1.- Av. Lazaro Cardenas s/n entre Jasinto López y Ernesto Aguirre Colorado, frente a bodega aurrera local N 1, Cárdenas Tabasco.\n\n2.- Poblado Mecatepec Huimanguillo, frente a la cancha de basquetbol local N 2.\n\n*Gracias por ser parte de nosotros*',NULL,NULL),(104,'ISISJORACA16','billing','5219961046262','\nEstimad@ Josué Ezequiel Turriza Euan le recordamos que hoy es el día en que debe pagar la mensualidad de su servicio, si el pago no es reportado el servicio será suspendido en los proximos días.\n\nRecuerde que su pago nos ayuda a brindarle un mejor servicio.\n\n*Gracias por su comprensión*',NULL,NULL),(105,'ISISMAHUKA0','billing','5219961088570','\nEstimad@ MARIANA ISABEL HUCHIN COUOH le recordamos que hoy es el día en que debe pagar la mensualidad de su servicio, si el pago no es reportado el servicio será suspendido en los proximos días.\n\nRecuerde que su pago nos ayuda a brindarle un mejor servicio.\n\n*Gracias por su comprensión*',NULL,NULL),(106,'ISISDAMACA27','suspension','5219961054258','Estimado Rosamino  Pool\n\nLe informamos que su servicio ha sido suspendido por que no se reporto pago para el periodo actual el cual debió pagarse el día 11. \n\nPuede solicitar una negociación llamando al telefono: +52 1 937 228 6860 y su servicio será conectado mientras, realiza el pago correspondiente\n\n!Gracias por su comprensión!\n',NULL,NULL),(107,'ISISJOTUCA3','suspension','5219961130485','Estimado David  Mass\n\nLe informamos que su servicio ha sido suspendido por que no se reporto pago para el periodo actual el cual debió pagarse el día 11. \n\nPuede solicitar una negociación llamando al telefono: +52 1 937 228 6860 y su servicio será conectado mientras, realiza el pago correspondiente\n\n!Gracias por su comprensión!\n',NULL,NULL),(108,'ISISFRTUCA38','reminder','5219876543210','Estimado Francisco  Tun Perez \n\nSu fecha de facturación esta cerca.\n\nPuede realizar su pago mediante transferencias electrónicas con los siguientes datos:\n\n*Nombre:* Jesus Manuel Geronimo Mayge\n*Banco:* BBVA Bancomer\n*Numero de cuenta:* 2661614746\n*Numero de tarjeta:* 4152 3141 8291 0698\n*Concepto:* CLFR000013\n\n*ES MUY IMPORTANTE ENVIAR EL COMPROBANTE* \n\nTambién puede realizar sus pagos en efectivo en nuestras instalaciones ubicadas en:\n\n1.- Av. Lazaro Cardenas s/n entre Jasinto López y Ernesto Aguirre Colorado, frente a bodega aurrera local N 1, Cárdenas Tabasco.\n\n2.- Poblado Mecatepec Huimanguillo, frente a la cancha de basquetbol local N 2.\n\n*Gracias por ser parte de nosotros*',NULL,NULL),(109,'ISISSISICA2','reminder','5219331545485','Estimado SITE SITE \n\nSu fecha de facturación esta cerca.\n\nPuede realizar su pago mediante transferencias electrónicas con los siguientes datos:\n\n*Nombre:* Jesus Manuel Geronimo Mayge\n*Banco:* BBVA Bancomer\n*Numero de cuenta:* 2661614746\n*Numero de tarjeta:* 4152 3141 8291 0698\n*Concepto:* CLFR000040\n\n*ES MUY IMPORTANTE ENVIAR EL COMPROBANTE* \n\nTambién puede realizar sus pagos en efectivo en nuestras instalaciones ubicadas en:\n\n1.- Av. Lazaro Cardenas s/n entre Jasinto López y Ernesto Aguirre Colorado, frente a bodega aurrera local N 1, Cárdenas Tabasco.\n\n2.- Poblado Mecatepec Huimanguillo, frente a la cancha de basquetbol local N 2.\n\n*Gracias por ser parte de nosotros*',NULL,NULL),(110,'ISISTIMACA13','reminder','5219996457828','Estimado Tia Magaly \n\nSu fecha de facturación esta cerca.\n\nPuede realizar su pago mediante transferencias electrónicas con los siguientes datos:\n\n*Nombre:* Jesus Manuel Geronimo Mayge\n*Banco:* BBVA Bancomer\n*Numero de cuenta:* 2661614746\n*Numero de tarjeta:* 4152 3141 8291 0698\n*Concepto:* CLFR000041\n\n*ES MUY IMPORTANTE ENVIAR EL COMPROBANTE* \n\nTambién puede realizar sus pagos en efectivo en nuestras instalaciones ubicadas en:\n\n1.- Av. Lazaro Cardenas s/n entre Jasinto López y Ernesto Aguirre Colorado, frente a bodega aurrera local N 1, Cárdenas Tabasco.\n\n2.- Poblado Mecatepec Huimanguillo, frente a la cancha de basquetbol local N 2.\n\n*Gracias por ser parte de nosotros*',NULL,NULL),(111,'ISISANCHCA29','billing','5219961075215','\nEstimad@ Angel Chin le recordamos que hoy es el día en que debe pagar la mensualidad de su servicio, si el pago no es reportado el servicio será suspendido en los proximos días.\n\nRecuerde que su pago nos ayuda a brindarle un mejor servicio.\n\n*Gracias por su comprensión*',NULL,NULL),(112,'ISISBRYACA6','billing','5219961022790','\nEstimad@ Brenda Marigel Yam Uc le recordamos que hoy es el día en que debe pagar la mensualidad de su servicio, si el pago no es reportado el servicio será suspendido en los proximos días.\n\nRecuerde que su pago nos ayuda a brindarle un mejor servicio.\n\n*Gracias por su comprensión*',NULL,NULL),(113,'ISISMIHUCA12','billing','5219811852707','\nEstimad@ Miguel Huchin Tun le recordamos que hoy es el día en que debe pagar la mensualidad de su servicio, si el pago no es reportado el servicio será suspendido en los proximos días.\n\nRecuerde que su pago nos ayuda a brindarle un mejor servicio.\n\n*Gracias por su comprensión*',NULL,NULL),(114,'ISISREELCA5','suspension','5211234567890','Estimado Refaccionaria El gran poder\n\nLe informamos que su servicio ha sido suspendido por que no se reporto pago para el periodo actual el cual debió pagarse el día 13. \n\nPuede solicitar una negociación llamando al telefono: +52 1 937 228 6860 y su servicio será conectado mientras, realiza el pago correspondiente\n\n!Gracias por su comprensión!\n',NULL,NULL),(115,'ISISMAROCA10','reminder','5219961131807','Estimado Mayra Patricia Tuz Camara \n\nSu fecha de facturación esta cerca.\n\nPuede realizar su pago mediante transferencias electrónicas con los siguientes datos:\n\n*Nombre:* Jesus Manuel Geronimo Mayge\n*Banco:* BBVA Bancomer\n*Numero de cuenta:* 2661614746\n*Numero de tarjeta:* 4152 3141 8291 0698\n*Concepto:* CLFR000031\n\n*ES MUY IMPORTANTE ENVIAR EL COMPROBANTE* \n\nTambién puede realizar sus pagos en efectivo en nuestras instalaciones ubicadas en:\n\n1.- Av. Lazaro Cardenas s/n entre Jasinto López y Ernesto Aguirre Colorado, frente a bodega aurrera local N 1, Cárdenas Tabasco.\n\n2.- Poblado Mecatepec Huimanguillo, frente a la cancha de basquetbol local N 2.\n\n*Gracias por ser parte de nosotros*',NULL,NULL),(116,'ISISFRTUCA38','billing','5219876543210','\nEstimad@ Francisco  Tun Perez le recordamos que hoy es el día en que debe pagar la mensualidad de su servicio, si el pago no es reportado el servicio será suspendido en los proximos días.\n\nRecuerde que su pago nos ayuda a brindarle un mejor servicio.\n\n*Gracias por su comprensión*',NULL,NULL),(117,'ISISEDCACA28','suspension','5219967306553','Estimado Edwin  Canul\n\nLe informamos que su servicio ha sido suspendido por que no se reporto pago para el periodo actual el cual debió pagarse el día 14. \n\nPuede solicitar una negociación llamando al telefono: +52 1 937 228 6860 y su servicio será conectado mientras, realiza el pago correspondiente\n\n!Gracias por su comprensión!\n',NULL,NULL),(118,'ISISSISICA2','billing','5219331545485','\nEstimad@ SITE SITE le recordamos que hoy es el día en que debe pagar la mensualidad de su servicio, si el pago no es reportado el servicio será suspendido en los proximos días.\n\nRecuerde que su pago nos ayuda a brindarle un mejor servicio.\n\n*Gracias por su comprensión*',NULL,NULL),(119,'ISISTIMACA13','billing','5219996457828','\nEstimad@ Tia Magaly le recordamos que hoy es el día en que debe pagar la mensualidad de su servicio, si el pago no es reportado el servicio será suspendido en los proximos días.\n\nRecuerde que su pago nos ayuda a brindarle un mejor servicio.\n\n*Gracias por su comprensión*',NULL,NULL),(120,'ISISMAROCA10','billing','5219961131807','\nEstimad@ Mayra Patricia Tuz Camara le recordamos que hoy es el día en que debe pagar la mensualidad de su servicio, si el pago no es reportado el servicio será suspendido en los proximos días.\n\nRecuerde que su pago nos ayuda a brindarle un mejor servicio.\n\n*Gracias por su comprensión*',NULL,NULL),(121,'ISISARTUCA19','reminder','5219961809655','Estimado Indira  Iteran \n\nSu fecha de facturación esta cerca.\n\nPuede realizar su pago mediante transferencias electrónicas con los siguientes datos:\n\n*Nombre:* Jesus Manuel Geronimo Mayge\n*Banco:* BBVA Bancomer\n*Numero de cuenta:* 2661614746\n*Numero de tarjeta:* 4152 3141 8291 0698\n*Concepto:* CLFR000005\n\n*ES MUY IMPORTANTE ENVIAR EL COMPROBANTE* \n\nTambién puede realizar sus pagos en efectivo en nuestras instalaciones ubicadas en:\n\n1.- Av. Lazaro Cardenas s/n entre Jasinto López y Ernesto Aguirre Colorado, frente a bodega aurrera local N 1, Cárdenas Tabasco.\n\n2.- Poblado Mecatepec Huimanguillo, frente a la cancha de basquetbol local N 2.\n\n*Gracias por ser parte de nosotros*',NULL,NULL),(122,'ISISANCHCA29','suspension','5219961075215','Estimado Angel Chin\n\nLe informamos que su servicio ha sido suspendido por que no se reporto pago para el periodo actual el cual debió pagarse el día 17. \n\nPuede solicitar una negociación llamando al telefono: +52 1 937 228 6860 y su servicio será conectado mientras, realiza el pago correspondiente\n\n!Gracias por su comprensión!\n',NULL,NULL),(123,'ISISFRTUCA38','suspension','5219876543210','Estimado Francisco  Tun Perez\n\nLe informamos que su servicio ha sido suspendido por que no se reporto pago para el periodo actual el cual debió pagarse el día 18. \n\nPuede solicitar una negociación llamando al telefono: +52 1 937 228 6860 y su servicio será conectado mientras, realiza el pago correspondiente\n\n!Gracias por su comprensión!\n',NULL,NULL),(124,'ISISJECOCA20','reminder','5219981556022','Estimado Luis estaniz  Noh naal \n\nSu fecha de facturación esta cerca.\n\nPuede realizar su pago mediante transferencias electrónicas con los siguientes datos:\n\n*Nombre:* Jesus Manuel Geronimo Mayge\n*Banco:* BBVA Bancomer\n*Numero de cuenta:* 2661614746\n*Numero de tarjeta:* 4152 3141 8291 0698\n*Concepto:* CLFR000017\n\n*ES MUY IMPORTANTE ENVIAR EL COMPROBANTE* \n\nTambién puede realizar sus pagos en efectivo en nuestras instalaciones ubicadas en:\n\n1.- Av. Lazaro Cardenas s/n entre Jasinto López y Ernesto Aguirre Colorado, frente a bodega aurrera local N 1, Cárdenas Tabasco.\n\n2.- Poblado Mecatepec Huimanguillo, frente a la cancha de basquetbol local N 2.\n\n*Gracias por ser parte de nosotros*',NULL,NULL),(125,'ISISARTUCA19','billing','5219961809655','\nEstimad@ Indira  Iteran le recordamos que hoy es el día en que debe pagar la mensualidad de su servicio, si el pago no es reportado el servicio será suspendido en los proximos días.\n\nRecuerde que su pago nos ayuda a brindarle un mejor servicio.\n\n*Gracias por su comprensión*',NULL,NULL),(126,'ISISSISICA2','suspension','5219331545485','Estimado SITE SITE\n\nLe informamos que su servicio ha sido suspendido por que no se reporto pago para el periodo actual el cual debió pagarse el día 19. \n\nPuede solicitar una negociación llamando al telefono: +52 1 937 228 6860 y su servicio será conectado mientras, realiza el pago correspondiente\n\n!Gracias por su comprensión!\n',NULL,NULL),(127,'ISISTIMACA13','suspension','5219996457828','Estimado Tia Magaly\n\nLe informamos que su servicio ha sido suspendido por que no se reporto pago para el periodo actual el cual debió pagarse el día 19. \n\nPuede solicitar una negociación llamando al telefono: +52 1 937 228 6860 y su servicio será conectado mientras, realiza el pago correspondiente\n\n!Gracias por su comprensión!\n',NULL,NULL),(128,'ISISANHECA14','reminder','5219967302137','Estimado Andrés Hernández Prieto \n\nSu fecha de facturación esta cerca.\n\nPuede realizar su pago mediante transferencias electrónicas con los siguientes datos:\n\n*Nombre:* Jesus Manuel Geronimo Mayge\n*Banco:* BBVA Bancomer\n*Numero de cuenta:* 2661614746\n*Numero de tarjeta:* 4152 3141 8291 0698\n*Concepto:* CLFR000004\n\n*ES MUY IMPORTANTE ENVIAR EL COMPROBANTE* \n\nTambién puede realizar sus pagos en efectivo en nuestras instalaciones ubicadas en:\n\n1.- Av. Lazaro Cardenas s/n entre Jasinto López y Ernesto Aguirre Colorado, frente a bodega aurrera local N 1, Cárdenas Tabasco.\n\n2.- Poblado Mecatepec Huimanguillo, frente a la cancha de basquetbol local N 2.\n\n*Gracias por ser parte de nosotros*',NULL,NULL),(129,'ISISEMGOCA8','billing','5219961053051','\nEstimad@ Emmanuel Gonzalez Puc le recordamos que hoy es el día en que debe pagar la mensualidad de su servicio, si el pago no es reportado el servicio será suspendido en los proximos días.\n\nRecuerde que su pago nos ayuda a brindarle un mejor servicio.\n\n*Gracias por su comprensión*',NULL,NULL),(130,'ISISJECOCA20','billing','5219981556022','\nEstimad@ Luis estaniz  Noh naal le recordamos que hoy es el día en que debe pagar la mensualidad de su servicio, si el pago no es reportado el servicio será suspendido en los proximos días.\n\nRecuerde que su pago nos ayuda a brindarle un mejor servicio.\n\n*Gracias por su comprensión*',NULL,NULL),(131,'ISISHECOCA42','reminder','5219984853331','Estimado Hector  Corona \n\nSu fecha de facturación esta cerca.\n\nPuede realizar su pago mediante transferencias electrónicas con los siguientes datos:\n\n*Nombre:* Jesus Manuel Geronimo Mayge\n*Banco:* BBVA Bancomer\n*Numero de cuenta:* 2661614746\n*Numero de tarjeta:* 4152 3141 8291 0698\n*Concepto:* CLFR000016\n\n*ES MUY IMPORTANTE ENVIAR EL COMPROBANTE* \n\nTambién puede realizar sus pagos en efectivo en nuestras instalaciones ubicadas en:\n\n1.- Av. Lazaro Cardenas s/n entre Jasinto López y Ernesto Aguirre Colorado, frente a bodega aurrera local N 1, Cárdenas Tabasco.\n\n2.- Poblado Mecatepec Huimanguillo, frente a la cancha de basquetbol local N 2.\n\n*Gracias por ser parte de nosotros*',NULL,NULL),(132,'ISISEDTUCA23','reminder','5219967304868','Estimado Carlos  Chi casa \n\nSu fecha de facturación esta cerca.\n\nPuede realizar su pago mediante transferencias electrónicas con los siguientes datos:\n\n*Nombre:* Jesus Manuel Geronimo Mayge\n*Banco:* BBVA Bancomer\n*Numero de cuenta:* 2661614746\n*Numero de tarjeta:* 4152 3141 8291 0698\n*Concepto:* CLFR000010\n\n*ES MUY IMPORTANTE ENVIAR EL COMPROBANTE* \n\nTambién puede realizar sus pagos en efectivo en nuestras instalaciones ubicadas en:\n\n1.- Av. Lazaro Cardenas s/n entre Jasinto López y Ernesto Aguirre Colorado, frente a bodega aurrera local N 1, Cárdenas Tabasco.\n\n2.- Poblado Mecatepec Huimanguillo, frente a la cancha de basquetbol local N 2.\n\n*Gracias por ser parte de nosotros*',NULL,NULL),(133,'ISISANHECA14','billing','5219967302137','\nEstimad@ Andrés Hernández Prieto le recordamos que hoy es el día en que debe pagar la mensualidad de su servicio, si el pago no es reportado el servicio será suspendido en los proximos días.\n\nRecuerde que su pago nos ayuda a brindarle un mejor servicio.\n\n*Gracias por su comprensión*',NULL,NULL),(134,'ISISCHMOCA18','reminder','5219961046854','Estimado Christopher Alexander Morales Rodríguez \n\nSu fecha de facturación esta cerca.\n\nPuede realizar su pago mediante transferencias electrónicas con los siguientes datos:\n\n*Nombre:* Jesus Manuel Geronimo Mayge\n*Banco:* BBVA Bancomer\n*Numero de cuenta:* 2661614746\n*Numero de tarjeta:* 4152 3141 8291 0698\n*Concepto:* CLFR000007\n\n*ES MUY IMPORTANTE ENVIAR EL COMPROBANTE* \n\nTambién puede realizar sus pagos en efectivo en nuestras instalaciones ubicadas en:\n\n1.- Av. Lazaro Cardenas s/n entre Jasinto López y Ernesto Aguirre Colorado, frente a bodega aurrera local N 1, Cárdenas Tabasco.\n\n2.- Poblado Mecatepec Huimanguillo, frente a la cancha de basquetbol local N 2.\n\n*Gracias por ser parte de nosotros*',NULL,NULL),(135,'ISISGATUCA34','reminder','5216462468427','Estimado Gabriel  Tun Balan \n\nSu fecha de facturación esta cerca.\n\nPuede realizar su pago mediante transferencias electrónicas con los siguientes datos:\n\n*Nombre:* Jesus Manuel Geronimo Mayge\n*Banco:* BBVA Bancomer\n*Numero de cuenta:* 2661614746\n*Numero de tarjeta:* 4152 3141 8291 0698\n*Concepto:* CLFR000014\n\n*ES MUY IMPORTANTE ENVIAR EL COMPROBANTE* \n\nTambién puede realizar sus pagos en efectivo en nuestras instalaciones ubicadas en:\n\n1.- Av. Lazaro Cardenas s/n entre Jasinto López y Ernesto Aguirre Colorado, frente a bodega aurrera local N 1, Cárdenas Tabasco.\n\n2.- Poblado Mecatepec Huimanguillo, frente a la cancha de basquetbol local N 2.\n\n*Gracias por ser parte de nosotros*',NULL,NULL),(136,'ISISYATUCA33','reminder','5219961095033','Estimado Yanet Carolina  Tun Ku \n\nSu fecha de facturación esta cerca.\n\nPuede realizar su pago mediante transferencias electrónicas con los siguientes datos:\n\n*Nombre:* Jesus Manuel Geronimo Mayge\n*Banco:* BBVA Bancomer\n*Numero de cuenta:* 2661614746\n*Numero de tarjeta:* 4152 3141 8291 0698\n*Concepto:* CLFR000044\n\n*ES MUY IMPORTANTE ENVIAR EL COMPROBANTE* \n\nTambién puede realizar sus pagos en efectivo en nuestras instalaciones ubicadas en:\n\n1.- Av. Lazaro Cardenas s/n entre Jasinto López y Ernesto Aguirre Colorado, frente a bodega aurrera local N 1, Cárdenas Tabasco.\n\n2.- Poblado Mecatepec Huimanguillo, frente a la cancha de basquetbol local N 2.\n\n*Gracias por ser parte de nosotros*',NULL,NULL),(137,'ISISHECOCA42','billing','5219984853331','\nEstimad@ Hector  Corona le recordamos que hoy es el día en que debe pagar la mensualidad de su servicio, si el pago no es reportado el servicio será suspendido en los proximos días.\n\nRecuerde que su pago nos ayuda a brindarle un mejor servicio.\n\n*Gracias por su comprensión*',NULL,NULL),(138,'ISISEDTUCA23','billing','5219967304868','\nEstimad@ Carlos  Chi casa le recordamos que hoy es el día en que debe pagar la mensualidad de su servicio, si el pago no es reportado el servicio será suspendido en los proximos días.\n\nRecuerde que su pago nos ayuda a brindarle un mejor servicio.\n\n*Gracias por su comprensión*',NULL,NULL),(139,'ISISELCOCA36','reminder','5219962000259','Estimado Viney Jesús Moo Matos \n\nSu fecha de facturación esta cerca.\n\nPuede realizar su pago mediante transferencias electrónicas con los siguientes datos:\n\n*Nombre:* Jesus Manuel Geronimo Mayge\n*Banco:* BBVA Bancomer\n*Numero de cuenta:* 2661614746\n*Numero de tarjeta:* 4152 3141 8291 0698\n*Concepto:* CLFR000011\n\n*ES MUY IMPORTANTE ENVIAR EL COMPROBANTE* \n\nTambién puede realizar sus pagos en efectivo en nuestras instalaciones ubicadas en:\n\n1.- Av. Lazaro Cardenas s/n entre Jasinto López y Ernesto Aguirre Colorado, frente a bodega aurrera local N 1, Cárdenas Tabasco.\n\n2.- Poblado Mecatepec Huimanguillo, frente a la cancha de basquetbol local N 2.\n\n*Gracias por ser parte de nosotros*',NULL,NULL),(140,'ISISLUCOCA21','reminder','5219961111874','Estimado Luis Alberto Cocom Noh \n\nSu fecha de facturación esta cerca.\n\nPuede realizar su pago mediante transferencias electrónicas con los siguientes datos:\n\n*Nombre:* Jesus Manuel Geronimo Mayge\n*Banco:* BBVA Bancomer\n*Numero de cuenta:* 2661614746\n*Numero de tarjeta:* 4152 3141 8291 0698\n*Concepto:* CLFR000027\n\n*ES MUY IMPORTANTE ENVIAR EL COMPROBANTE* \n\nTambién puede realizar sus pagos en efectivo en nuestras instalaciones ubicadas en:\n\n1.- Av. Lazaro Cardenas s/n entre Jasinto López y Ernesto Aguirre Colorado, frente a bodega aurrera local N 1, Cárdenas Tabasco.\n\n2.- Poblado Mecatepec Huimanguillo, frente a la cancha de basquetbol local N 2.\n\n*Gracias por ser parte de nosotros*',NULL,NULL),(141,'ISISCHMOCA18','billing','5219961046854','\nEstimad@ Christopher Alexander Morales Rodríguez le recordamos que hoy es el día en que debe pagar la mensualidad de su servicio, si el pago no es reportado el servicio será suspendido en los proximos días.\n\nRecuerde que su pago nos ayuda a brindarle un mejor servicio.\n\n*Gracias por su comprensión*',NULL,NULL),(142,'ISISGATUCA34','billing','5216462468427','\nEstimad@ Gabriel  Tun Balan le recordamos que hoy es el día en que debe pagar la mensualidad de su servicio, si el pago no es reportado el servicio será suspendido en los proximos días.\n\nRecuerde que su pago nos ayuda a brindarle un mejor servicio.\n\n*Gracias por su comprensión*',NULL,NULL),(143,'ISISYATUCA33','billing','5219961095033','\nEstimad@ Yanet Carolina  Tun Ku le recordamos que hoy es el día en que debe pagar la mensualidad de su servicio, si el pago no es reportado el servicio será suspendido en los proximos días.\n\nRecuerde que su pago nos ayuda a brindarle un mejor servicio.\n\n*Gracias por su comprensión*',NULL,NULL),(144,'ISISJECOCA22','reminder','5219961070948','Estimado Jesus Valentin (casa) Cocom Noh \n\nSu fecha de facturación esta cerca.\n\nPuede realizar su pago mediante transferencias electrónicas con los siguientes datos:\n\n*Nombre:* Jesus Manuel Geronimo Mayge\n*Banco:* BBVA Bancomer\n*Numero de cuenta:* 2661614746\n*Numero de tarjeta:* 4152 3141 8291 0698\n*Concepto:* CLFR000018\n\n*ES MUY IMPORTANTE ENVIAR EL COMPROBANTE* \n\nTambién puede realizar sus pagos en efectivo en nuestras instalaciones ubicadas en:\n\n1.- Av. Lazaro Cardenas s/n entre Jasinto López y Ernesto Aguirre Colorado, frente a bodega aurrera local N 1, Cárdenas Tabasco.\n\n2.- Poblado Mecatepec Huimanguillo, frente a la cancha de basquetbol local N 2.\n\n*Gracias por ser parte de nosotros*',NULL,NULL),(145,'ISISLICHCA17','reminder','5219812079071','Estimado Liseth de jesus Che san Miguel \n\nSu fecha de facturación esta cerca.\n\nPuede realizar su pago mediante transferencias electrónicas con los siguientes datos:\n\n*Nombre:* Jesus Manuel Geronimo Mayge\n*Banco:* BBVA Bancomer\n*Numero de cuenta:* 2661614746\n*Numero de tarjeta:* 4152 3141 8291 0698\n*Concepto:* CLFR000026\n\n*ES MUY IMPORTANTE ENVIAR EL COMPROBANTE* \n\nTambién puede realizar sus pagos en efectivo en nuestras instalaciones ubicadas en:\n\n1.- Av. Lazaro Cardenas s/n entre Jasinto López y Ernesto Aguirre Colorado, frente a bodega aurrera local N 1, Cárdenas Tabasco.\n\n2.- Poblado Mecatepec Huimanguillo, frente a la cancha de basquetbol local N 2.\n\n*Gracias por ser parte de nosotros*',NULL,NULL);

--
-- Table structure for table `metodos_admin`
--

CREATE TABLE `metodos_admin` (
  `metodo_id` int NOT NULL AUTO_INCREMENT,
  `name_metodo` varchar(50) CHARACTER SET utf8mb3 COLLATE utf8mb3_spanish2_ci NOT NULL,
  PRIMARY KEY (`metodo_id`)
) ENGINE=InnoDB AUTO_INCREMENT=4 DEFAULT CHARSET=utf8mb3 COLLATE=utf8mb3_spanish2_ci;

--
-- Dumping data for table `metodos_admin`
--

INSERT INTO `metodos_admin` VALUES (1,'DHCP'),(2,'ARP'),(3,'PPPOE');

--
-- Table structure for table `mikrotik_retry_add`
--

CREATE TABLE `mikrotik_retry_add` (
  `cliente_id` varchar(50) CHARACTER SET utf8mb3 COLLATE utf8mb3_spanish2_ci NOT NULL,
  `mikrotik_id` int NOT NULL,
  KEY `mikrotik_id` (`mikrotik_id`),
  KEY `cliente_id` (`cliente_id`)
) ENGINE=InnoDB DEFAULT CHARSET=utf8mb3 COLLATE=utf8mb3_unicode_ci;

--
-- Dumping data for table `mikrotik_retry_add`
--


--
-- Table structure for table `mikrotik_retry_remove`
--

CREATE TABLE `mikrotik_retry_remove` (
  `cliente_id` varchar(50) CHARACTER SET utf8mb3 COLLATE utf8mb3_spanish2_ci NOT NULL,
  `mikrotik_id` int NOT NULL,
  `cliente_ip` varchar(50) CHARACTER SET utf8mb3 COLLATE utf8mb3_spanish2_ci DEFAULT NULL,
  `cliente_mac` varchar(50) CHARACTER SET utf8mb3 COLLATE utf8mb3_spanish2_ci DEFAULT NULL,
  `list` varchar(50) CHARACTER SET utf8mb3 COLLATE utf8mb3_spanish2_ci DEFAULT NULL,
  `server` varchar(50) CHARACTER SET utf8mb3 COLLATE utf8mb3_spanish2_ci NOT NULL,
  `interface_arp` varchar(50) CHARACTER SET utf8mb3 COLLATE utf8mb3_spanish2_ci NOT NULL,
  `profile` varchar(50) CHARACTER SET utf8mb3 COLLATE utf8mb3_spanish2_ci NOT NULL,
  `module` varchar(50) CHARACTER SET utf8mb3 COLLATE utf8mb3_spanish2_ci NOT NULL,
  `fecha` timestamp NOT NULL DEFAULT CURRENT_TIMESTAMP,
  KEY `cliente_id` (`cliente_id`),
  KEY `mikrotik_id` (`mikrotik_id`)
) ENGINE=InnoDB DEFAULT CHARSET=utf8mb3 COLLATE=utf8mb3_unicode_ci;

--
-- Dumping data for table `mikrotik_retry_remove`
--


--
-- Table structure for table `mikrotik_retry_set`
--

CREATE TABLE `mikrotik_retry_set` (
  `cliente_id` varchar(50) CHARACTER SET utf8mb3 COLLATE utf8mb3_spanish2_ci NOT NULL,
  `prev_ip` varchar(50) CHARACTER SET utf8mb3 COLLATE utf8mb3_spanish2_ci DEFAULT NULL,
  `prev_mac` varchar(50) CHARACTER SET utf8mb3 COLLATE utf8mb3_spanish2_ci DEFAULT NULL,
  `prev_paquete` int NOT NULL,
  `prev_mikrotik` int NOT NULL,
  `prev_metodo` varchar(50) CHARACTER SET utf8mb3 COLLATE utf8mb3_spanish2_ci NOT NULL,
  `prev_server` varchar(50) CHARACTER SET utf8mb3 COLLATE utf8mb3_spanish2_ci DEFAULT NULL,
  `prev_interface_arp` varchar(50) CHARACTER SET utf8mb3 COLLATE utf8mb3_spanish2_ci DEFAULT NULL,
  `prev_profile` varchar(50) CHARACTER SET utf8mb3 COLLATE utf8mb3_spanish2_ci DEFAULT NULL,
  `module` varchar(50) CHARACTER SET utf8mb3 COLLATE utf8mb3_spanish2_ci NOT NULL,
  `fecha` timestamp NOT NULL DEFAULT CURRENT_TIMESTAMP,
  KEY `cliente_id` (`cliente_id`),
  KEY `prev_mikrotik` (`prev_mikrotik`),
  KEY `prev_paquete` (`prev_paquete`)
) ENGINE=InnoDB DEFAULT CHARSET=utf8mb3 COLLATE=utf8mb3_unicode_ci;

--
-- Dumping data for table `mikrotik_retry_set`
--


--
-- Table structure for table `modems`
--

CREATE TABLE `modems` (
  `idmodem` int NOT NULL AUTO_INCREMENT,
  `marca` varchar(50) CHARACTER SET utf8mb3 COLLATE utf8mb3_spanish2_ci NOT NULL DEFAULT 'N/A',
  `modelo` varchar(50) CHARACTER SET utf8mb3 COLLATE utf8mb3_spanish2_ci NOT NULL DEFAULT 'N/A',
  `fotomodem` varchar(200) CHARACTER SET utf8mb3 COLLATE utf8mb3_spanish2_ci NOT NULL DEFAULT 'N/A',
  PRIMARY KEY (`idmodem`)
) ENGINE=InnoDB AUTO_INCREMENT=6 DEFAULT CHARSET=utf8mb3 COLLATE=utf8mb3_spanish2_ci;

--
-- Dumping data for table `modems`
--

INSERT INTO `modems` VALUES (2,'ZTE','ZTE',''),(3,'SERCOM','FG6123BTM',''),(4,'Huawei ','HG8145V5V3',''),(5,'NOKIA','G-1425G-B','');

--
-- Table structure for table `movimientos_cajas`
--

CREATE TABLE `movimientos_cajas` (
  `movimiento_id` int NOT NULL AUTO_INCREMENT,
  `caja` int NOT NULL,
  `pago_id` int DEFAULT NULL,
  `tipo_movimiento` int NOT NULL,
  `razon_concepto` varchar(50) CHARACTER SET utf8mb3 COLLATE utf8mb3_spanish2_ci NOT NULL,
  `fecha_movimiento` timestamp NULL DEFAULT CURRENT_TIMESTAMP ON UPDATE CURRENT_TIMESTAMP,
  `usuario_autorizacion` varchar(18) CHARACTER SET utf8mb3 COLLATE utf8mb3_spanish2_ci NOT NULL,
  `monto_movimiento` decimal(20,2) NOT NULL,
  `credito_id` int DEFAULT NULL,
  `comprobante` varchar(100) CHARACTER SET utf8mb3 COLLATE utf8mb3_spanish2_ci DEFAULT NULL,
  `folio_movimiento` varchar(50) CHARACTER SET utf8mb3 COLLATE utf8mb3_spanish2_ci DEFAULT NULL,
  `comentario` varchar(100) CHARACTER SET utf8mb3 COLLATE utf8mb3_spanish2_ci DEFAULT NULL,
  `status_movimiento` int NOT NULL,
  PRIMARY KEY (`movimiento_id`),
  KEY `pago_id` (`pago_id`),
  KEY `tipos_de_movimientos` (`tipo_movimiento`),
  KEY `caja` (`caja`)
) ENGINE=InnoDB AUTO_INCREMENT=85 DEFAULT CHARSET=utf8mb3 COLLATE=utf8mb3_spanish2_ci;

--
-- Dumping data for table `movimientos_cajas`
--

INSERT INTO `movimientos_cajas` VALUES (1,1,306,1,'Servicios de internet','2026-03-10 17:16:29','US2025041744',300.00,NULL,NULL,'','',1),(2,1,307,1,'Servicios de internet','2026-03-10 22:46:44','US2025041744',300.00,NULL,NULL,'','',1),(3,1,309,1,'Servicios de internet','2026-03-11 22:14:43','US2025041744',99.00,NULL,NULL,'','',1),(4,1,310,1,'Servicios de internet','2026-03-11 22:16:06','US2025041744',99.00,NULL,NULL,'','',1),(5,1,311,1,'Servicios de internet','2026-03-12 20:50:09','US2025041744',200.00,NULL,NULL,'','',1),(6,1,312,1,'Servicios de internet','2026-03-12 20:51:10','US2025041744',130.00,NULL,NULL,'','',1),(7,1,313,1,'Servicios de internet','2026-03-14 19:22:37','US2025041744',200.00,NULL,NULL,'','',1),(8,1,314,1,'Servicios de internet','2026-03-15 10:27:11','US2025041744',200.00,NULL,NULL,'','',1),(9,1,315,1,'Servicios de internet','2026-03-15 10:28:04','US2025041744',200.00,NULL,NULL,'','',1),(10,1,316,1,'Servicios de internet','2026-03-15 16:47:44','US2025041744',300.00,NULL,NULL,'','',1),(11,1,317,1,'Servicios de internet','2026-03-17 00:07:47','US2025041744',99.00,NULL,NULL,'','',1),(12,1,318,1,'Servicios de internet','2026-03-17 09:30:13','US2025041744',200.00,NULL,NULL,'','',1),(13,1,319,1,'Servicios de internet','2026-03-17 09:31:49','US2025041744',99.00,NULL,NULL,'','',1),(14,1,320,1,'Servicios de internet','2026-03-17 11:22:22','US2025041744',300.00,NULL,NULL,'','',1),(15,1,321,1,'Servicios de internet','2026-03-17 11:48:13','US2025041744',300.00,NULL,NULL,'','',1),(16,1,322,1,'Servicios de internet','2026-03-18 07:11:41','US2025041744',300.00,NULL,NULL,'','',1),(17,1,323,1,'Servicios de internet','2026-03-18 20:19:44','US2025041744',200.00,NULL,NULL,'','',1),(18,1,324,1,'Servicios de internet','2026-03-18 20:21:11','US2025041744',200.00,NULL,NULL,'','',1),(19,1,325,1,'Servicios de internet','2026-03-18 20:21:38','US2025041744',300.00,NULL,NULL,'','',1),(20,1,326,1,'Servicios de internet','2026-03-20 15:37:07','US2025041744',400.00,NULL,NULL,'','',1),(21,1,327,1,'Servicios de internet','2026-03-20 23:09:29','US2025041744',400.00,NULL,NULL,'','',1),(22,1,328,1,'Servicios de internet','2026-03-22 19:09:45','US2025041744',400.00,NULL,NULL,'','',1),(23,1,329,1,'Servicios de internet','2026-03-22 19:10:10','US2025041744',99.00,NULL,NULL,'','',1),(24,1,330,1,'Servicios de internet','2026-03-22 19:10:47','US2025041744',300.00,NULL,NULL,'','',1),(25,1,331,1,'Servicios de internet','2026-03-23 15:35:09','US2025041744',1.00,NULL,NULL,'','',1),(26,1,332,1,'Servicios de internet','2026-03-23 15:35:34','US2025041744',2.00,NULL,NULL,'','',1),(27,1,333,1,'Servicios de internet','2026-03-23 18:45:22','US2025041744',200.00,NULL,NULL,'','',1),(28,1,334,1,'Servicios de internet','2026-03-24 21:43:12','US2025041744',99.00,NULL,NULL,'','',1),(29,1,335,1,'Servicios de internet','2026-03-26 04:30:30','US2025041744',130.00,NULL,NULL,'','',1),(30,1,336,1,'Servicios de internet','2026-03-27 17:52:21','US2025041744',200.00,NULL,NULL,'','',1),(31,1,337,1,'Servicios de internet','2026-03-28 01:00:47','US2025041744',200.00,NULL,NULL,'','',1),(32,1,338,1,'Servicios de internet','2026-03-28 18:21:56','US2025041744',200.00,NULL,NULL,'','',1),(33,1,339,1,'Servicios de internet','2026-03-28 18:24:19','US2025041744',130.00,NULL,NULL,'','',1),(34,1,340,1,'Servicios de internet','2026-03-28 18:24:50','US2025041744',99.00,NULL,NULL,'','',1),(35,1,341,1,'Servicios de internet','2026-03-28 22:29:34','US2025041744',300.00,NULL,NULL,'','',1),(36,1,342,1,'Servicios de internet','2026-03-29 16:54:44','US2025041744',130.00,NULL,NULL,'','',1),(37,1,343,1,'Servicios de internet','2026-03-29 16:55:08','US2025041744',99.00,NULL,NULL,'','',1),(38,1,344,1,'Servicios de internet','2026-03-30 18:39:58','US2025041744',300.00,NULL,NULL,'','',1),(39,1,345,1,'Servicios de internet','2026-03-31 03:19:41','US2025041744',300.00,NULL,NULL,'','',1),(40,1,346,1,'Servicios de internet','2026-03-31 15:02:30','US2025041744',200.00,NULL,NULL,'','',1),(41,1,347,1,'Servicios de internet','2026-04-02 20:10:45','US2025041744',130.00,NULL,NULL,'','',1),(42,1,348,1,'Servicios de internet','2026-04-02 20:21:52','US2025041744',250.00,NULL,NULL,'','',1),(43,1,349,1,'Servicios de internet','2026-04-03 14:11:06','US2025041744',300.00,NULL,NULL,'','',1),(44,1,350,1,'Servicios de internet','2026-04-05 18:29:33','US2025041744',250.00,NULL,NULL,'','',1),(45,1,351,1,'Servicios de internet','2026-04-05 18:36:13','US2025041744',200.00,NULL,NULL,'','',1),(46,1,352,1,'Servicios de internet','2026-04-05 18:54:44','US2025041744',200.00,NULL,NULL,'','',1),(47,1,353,1,'Servicios de internet','2026-04-05 20:48:51','US2025041744',700.00,NULL,NULL,'','',1),(48,1,354,1,'Servicios de internet','2026-04-06 03:17:47','US2025041744',300.00,NULL,NULL,'','',1),(49,1,356,1,'Servicios de internet','2026-04-07 23:25:16','US2025041744',300.00,NULL,NULL,'','',1),(50,1,357,1,'Servicios de internet','2026-04-08 22:50:54','US2025041744',500.00,NULL,NULL,'','',1),(51,1,358,1,'Servicios de internet','2026-04-09 15:36:06','US2025041744',130.00,NULL,NULL,'','',1),(52,1,359,1,'Servicios de internet','2026-04-11 20:09:44','US2025041744',200.00,NULL,NULL,'','',1),(53,1,360,1,'Servicios de internet','2026-04-11 20:48:50','US2025041744',200.00,NULL,NULL,'','',1),(54,1,361,1,'Servicios de internet','2026-04-12 18:10:16','US2025041744',200.00,NULL,NULL,'','',1),(55,1,362,1,'Servicios de internet','2026-04-13 15:33:02','US2025041744',200.00,NULL,NULL,'','',1),(56,1,363,1,'Servicios de internet','2026-04-13 16:33:39','US2025041744',200.00,NULL,NULL,'','',1),(57,1,364,1,'Servicios de internet','2026-04-15 22:36:50','US2025041744',99.00,NULL,NULL,'','',1),(58,1,365,1,'Servicios de internet','2026-04-15 22:37:15','US2025041744',99.00,NULL,NULL,'','',1),(59,1,366,1,'Servicios de internet','2026-04-15 22:46:13','US2025041744',300.00,NULL,NULL,'','',1),(60,1,367,1,'Servicios de internet','2026-04-17 04:18:55','US2025041744',200.00,NULL,NULL,'','',1),(61,1,368,1,'Servicios de internet','2026-04-17 14:17:14','US2025041744',200.00,NULL,NULL,'','',1),(62,1,369,1,'Servicios de internet','2026-04-17 17:20:12','US2025041744',99.00,NULL,NULL,'','',1),(63,1,370,1,'Servicios de internet','2026-04-18 04:14:17','US2025041744',300.00,NULL,NULL,'','',1),(64,1,371,1,'Servicios de internet','2026-04-18 23:35:08','US2025041744',200.00,NULL,NULL,'','',1),(65,1,373,1,'Servicios de internet','2026-04-20 22:28:51','US2025041744',400.00,NULL,NULL,'','',1),(66,1,374,1,'Servicios de internet','2026-04-21 03:38:02','US2025041744',300.00,NULL,NULL,'','',1),(67,1,375,1,'Servicios de internet','2026-04-21 20:34:19','US2025041744',99.00,NULL,NULL,'','',1),(68,1,377,1,'Servicios de internet','2026-04-23 13:23:16','US2025041744',1.00,NULL,NULL,'','',1),(69,1,378,1,'Servicios de internet','2026-04-23 13:23:49','US2025041744',2.00,NULL,NULL,'','',1),(70,1,381,1,'Servicios de internet','2026-04-25 02:44:40','US2025041744',200.00,NULL,NULL,'','',1),(71,1,382,1,'Servicios de internet','2026-04-25 02:45:46','US2025041744',200.00,NULL,NULL,'','',1),(72,1,383,1,'Servicios de internet','2026-04-25 19:49:46','US2025041744',99.00,NULL,NULL,'','',1),(73,1,384,1,'Servicios de internet','2026-04-26 13:58:28','US2025041744',99.00,NULL,NULL,'','',1),(74,1,385,1,'Servicios de internet','2026-04-26 18:41:14','US2025041744',200.00,NULL,NULL,'','',1),(75,1,386,1,'Servicios de internet','2026-04-26 19:12:20','US2025041744',200.00,NULL,NULL,'','',1),(76,1,387,1,'Servicios de internet','2026-04-27 15:01:21','US2025041744',200.00,NULL,NULL,'','',1),(77,1,388,1,'Servicios de internet','2026-04-27 15:02:13','US2025041744',200.00,NULL,NULL,'','',1),(78,1,389,1,'Servicios de internet','2026-04-27 15:03:02','US2025041744',99.00,NULL,NULL,'','',1),(79,1,390,1,'Servicios de internet','2026-04-28 23:40:03','US2025041744',300.00,NULL,NULL,'','',1),(80,1,391,1,'Servicios de internet','2026-04-30 13:12:27','US2025041744',130.00,NULL,NULL,'','',1),(81,1,392,1,'Servicios de internet','2026-04-30 17:42:52','US2025041744',300.00,NULL,NULL,'','',1),(82,1,394,1,'Servicios de internet','2026-05-01 00:04:58','US2025041744',99.00,NULL,NULL,'','',1),(83,1,395,1,'Servicios de internet','2026-05-01 00:05:41','US2025041744',130.00,NULL,NULL,'','',1),(84,1,396,1,'Servicios de internet','2026-05-01 04:08:11','US2025041744',300.00,NULL,NULL,'','',1);

--
-- Table structure for table `negociaciones`
--

CREATE TABLE `negociaciones` (
  `negociacion_id` int NOT NULL AUTO_INCREMENT,
  `cliente_id` varchar(50) CHARACTER SET utf8mb3 COLLATE utf8mb3_spanish2_ci NOT NULL,
  `periodo_id` varchar(10) CHARACTER SET utf8mb3 COLLATE utf8mb3_spanish2_ci DEFAULT NULL,
  `fecha_inicio` date NOT NULL,
  `fecha_fin` date NOT NULL,
  `fecha_captura` timestamp NOT NULL DEFAULT CURRENT_TIMESTAMP,
  `numero_negociacion` int NOT NULL DEFAULT '1',
  `comentarios` varchar(150) CHARACTER SET utf8mb3 COLLATE utf8mb3_spanish2_ci DEFAULT NULL,
  `status_negociacion` int NOT NULL,
  `usuario_negociacion` varchar(50) CHARACTER SET utf8mb3 COLLATE utf8mb3_spanish2_ci NOT NULL,
  PRIMARY KEY (`negociacion_id`),
  KEY `cliente_id` (`cliente_id`),
  KEY `usuario_negociacion` (`usuario_negociacion`),
  KEY `status_negociacion` (`status_negociacion`)
) ENGINE=InnoDB AUTO_INCREMENT=15 DEFAULT CHARSET=utf8mb3 COLLATE=utf8mb3_spanish2_ci;

--
-- Dumping data for table `negociaciones`
--

INSERT INTO `negociaciones` VALUES (1,'ISISJORACA16','082025','2025-08-15','2025-09-15','2026-02-06 04:57:56',1,'',3,'US2025041744'),(2,'ISISJOCACA11','022026','2026-02-15','2026-03-18','2026-02-16 07:53:21',1,'Pagará el sábado 21 de febrero ',3,'US2025041744'),(3,'ISISEDCACA28','022026','2026-02-14','2026-03-17','2026-02-17 21:29:55',1,'',3,'US2025041744'),(4,'ISISYATUCA33','022026','2026-03-02','2026-04-02','2026-03-03 21:13:00',1,'',3,'US2025041744'),(9,'ISISMAROCA10','032026','2026-03-20','2026-04-20','2026-03-23 02:14:58',1,'Negociación por periodos',3,'US2025041744'),(10,'ISISARTUCA19','032026','2026-03-23','2026-04-23','2026-03-24 12:41:20',1,'Negociación por periodos',3,'US2025041744'),(13,'FIBEALVACA44','042026','2026-04-11','2026-05-12','2026-04-11 20:11:59',1,'Negociación por periodos',3,'US2025041744'),(14,'ISISSIARCA40','052026','2026-05-24','2026-06-24','2026-04-24 17:42:49',1,'Negociación por periodos',3,'US2025041744');

--
-- Table structure for table `olts`
--

CREATE TABLE `olts` (
  `id` int NOT NULL AUTO_INCREMENT,
  `nombre` varchar(50) CHARACTER SET utf8mb3 COLLATE utf8mb3_spanish2_ci NOT NULL,
  `modelo` varchar(100) CHARACTER SET utf8mb3 COLLATE utf8mb3_spanish2_ci DEFAULT NULL,
  `serie` varchar(100) CHARACTER SET utf8mb3 COLLATE utf8mb3_spanish2_ci DEFAULT NULL,
  `address` varchar(50) CHARACTER SET utf8mb3 COLLATE utf8mb3_spanish2_ci NOT NULL,
  `mikrotik` int DEFAULT NULL,
  PRIMARY KEY (`id`)
) ENGINE=InnoDB AUTO_INCREMENT=2 DEFAULT CHARSET=utf8mb3 COLLATE=utf8mb3_spanish2_ci;

--
-- Dumping data for table `olts`
--

INSERT INTO `olts` VALUES (1,'OLT CALKINI','8 PUERTOS VSOL','1','1',NULL);

--
-- Table structure for table `pagos`
--

CREATE TABLE `pagos` (
  `pago_id` int NOT NULL AUTO_INCREMENT,
  `cliente_id` varchar(50) CHARACTER SET utf8mb3 COLLATE utf8mb3_spanish2_ci DEFAULT NULL,
  `pago_monto` decimal(20,2) NOT NULL DEFAULT '300.00',
  `pago_descuento` decimal(20,2) NOT NULL DEFAULT '0.00',
  `periodo_id` varchar(255) CHARACTER SET utf8mb3 COLLATE utf8mb3_spanish2_ci DEFAULT NULL,
  `pago_concepto` varchar(50) CHARACTER SET utf8mb3 COLLATE utf8mb3_spanish_ci DEFAULT 'Servicio de internet',
  `usuario_captura` varchar(50) CHARACTER SET utf8mb3 COLLATE utf8mb3_spanish2_ci DEFAULT NULL,
  `pago_observacion` varchar(500) CHARACTER SET utf8mb3 COLLATE utf8mb3_spanish2_ci DEFAULT NULL,
  `pago_fecha_captura` timestamp NULL DEFAULT CURRENT_TIMESTAMP,
  `pago_fecha_recepcion` timestamp NULL DEFAULT CURRENT_TIMESTAMP,
  `pago_fecha_validacion` timestamp NULL DEFAULT CURRENT_TIMESTAMP,
  `pago_comprobante` varchar(250) CHARACTER SET utf8mb3 COLLATE utf8mb3_spanish2_ci DEFAULT NULL,
  `pago_folio` varchar(50) CHARACTER SET utf8mb3 COLLATE utf8mb3_spanish2_ci DEFAULT NULL,
  `pago_status` int DEFAULT '2',
  `pago_tipo` int NOT NULL DEFAULT '1',
  PRIMARY KEY (`pago_id`),
  KEY `tipo_pago` (`pago_tipo`),
  KEY `status_pago` (`pago_status`),
  KEY `usuario_captura` (`usuario_captura`),
  KEY `cliente_id` (`cliente_id`)
) ENGINE=InnoDB AUTO_INCREMENT=397 DEFAULT CHARSET=utf8mb3 COLLATE=utf8mb3_spanish_ci;

--
-- Dumping data for table `pagos`
--

INSERT INTO `pagos` VALUES (1,'ISISMAHUKA0',300.00,0.00,'042025','Servicio de Internet','US2025041744','','2025-04-18 00:41:17','2025-04-16 12:00:00','2025-04-16 12:00:00','no-image.png','',1,1),(5,'ISIS0704081',0.00,0.00,'012025','CLIENTE NUEVO','US2025041744','Pagos no recuperables para clientes nuevos','2025-04-18 01:40:09','2025-04-18 01:40:09','2025-04-18 01:40:09',NULL,NULL,1,1),(6,'ISIS0704081',0.00,0.00,'022025','CLIENTE NUEVO','US2025041744','Pagos no recuperables para clientes nuevos','2025-04-18 01:40:09','2025-04-18 01:40:09','2025-04-18 01:40:09',NULL,NULL,1,1),(7,'ISIS0704081',0.00,0.00,'032025','CLIENTE NUEVO','US2025041744','Pagos no recuperables para clientes nuevos','2025-04-18 01:40:09','2025-04-18 01:40:09','2025-04-18 01:40:09',NULL,NULL,1,1),(8,'ISISJOTUCA3',0.00,0.00,'012025','CLIENTE NUEVO','US2025041744','Pagos no recuperables para clientes nuevos','2025-04-23 07:14:43','2025-04-23 07:14:43','2025-04-23 07:14:43',NULL,NULL,1,1),(9,'ISISJOTUCA3',0.00,0.00,'022025','CLIENTE NUEVO','US2025041744','Pagos no recuperables para clientes nuevos','2025-04-23 07:14:43','2025-04-23 07:14:43','2025-04-23 07:14:43',NULL,NULL,1,1),(10,'ISISJOTUCA3',0.00,0.00,'032025','CLIENTE NUEVO','US2025041744','Pagos no recuperables para clientes nuevos','2025-04-23 07:14:43','2025-04-23 07:14:43','2025-04-23 07:14:43',NULL,NULL,1,1),(11,'ISISVECRCA4',0.00,0.00,'012025','CLIENTE NUEVO','US2025041744','Pagos no recuperables para clientes nuevos','2025-05-03 11:43:31','2025-05-03 11:43:31','2025-05-03 11:43:31',NULL,NULL,1,1),(12,'ISISVECRCA4',0.00,0.00,'022025','CLIENTE NUEVO','US2025041744','Pagos no recuperables para clientes nuevos','2025-05-03 11:43:31','2025-05-03 11:43:31','2025-05-03 11:43:31',NULL,NULL,1,1),(13,'ISISVECRCA4',0.00,0.00,'032025','CLIENTE NUEVO','US2025041744','Pagos no recuperables para clientes nuevos','2025-05-03 11:43:31','2025-05-03 11:43:31','2025-05-03 11:43:31',NULL,NULL,1,1),(14,'ISISVECRCA4',0.00,0.00,'042025','CLIENTE NUEVO','US2025041744','Pagos no recuperables para clientes nuevos','2025-05-03 11:43:31','2025-05-03 11:43:31','2025-05-03 11:43:31',NULL,NULL,1,1),(15,'ISISMAHUKA0',300.00,0.00,'052025','Servicio de Internet','US2025041744','Es el mes gratis por instalación nueva ','2025-05-14 10:39:12','2025-05-14 12:00:00','2025-05-14 12:00:00','no-image.png','',1,1),(16,'ISIS0704081',400.00,0.00,'042025','Servicio de Internet','US2025041744','Mes gratis por instalación nueva','2025-05-17 18:06:26','2025-05-17 12:00:00','2025-05-17 12:00:00','no-image.png','',1,1),(17,'ISIS0704081',400.00,0.00,'052025','Servicio de Internet','US2025041744','Mes gratis por instalación nueva','2025-05-17 18:07:04','2025-05-17 12:00:00','2025-05-17 12:00:00','no-image.png','',1,1),(18,'ISISBRYACA6',0.00,0.00,'012025','CLIENTE NUEVO','US2025041744','Pagos no recuperables para clientes nuevos','2025-05-17 23:25:35','2025-05-17 23:25:35','2025-05-17 23:25:35',NULL,NULL,1,1),(19,'ISISBRYACA6',0.00,0.00,'022025','CLIENTE NUEVO','US2025041744','Pagos no recuperables para clientes nuevos','2025-05-17 23:25:35','2025-05-17 23:25:35','2025-05-17 23:25:35',NULL,NULL,1,1),(20,'ISISBRYACA6',0.00,0.00,'032025','CLIENTE NUEVO','US2025041744','Pagos no recuperables para clientes nuevos','2025-05-17 23:25:35','2025-05-17 23:25:35','2025-05-17 23:25:35',NULL,NULL,1,1),(21,'ISISBRYACA6',0.00,0.00,'042025','CLIENTE NUEVO','US2025041744','Pagos no recuperables para clientes nuevos','2025-05-17 23:25:35','2025-05-17 23:25:35','2025-05-17 23:25:35',NULL,NULL,1,1),(22,'ISISJOTUCA3',200.00,0.00,'052025','Servicio de Internet','US2025041744','se le cobrara el primer mes atrasado','2025-05-26 03:05:00','2025-05-25 12:00:00','2025-05-25 12:00:00','no-image.png','',1,1),(23,'ISISADJICA7',0.00,0.00,'012025','CLIENTE NUEVO','US2025041744','Pagos no recuperables para clientes nuevos','2025-06-01 22:55:12','2025-06-01 22:55:12','2025-06-01 22:55:12',NULL,NULL,1,1),(24,'ISISADJICA7',0.00,0.00,'022025','CLIENTE NUEVO','US2025041744','Pagos no recuperables para clientes nuevos','2025-06-01 22:55:12','2025-06-01 22:55:12','2025-06-01 22:55:12',NULL,NULL,1,1),(25,'ISISADJICA7',0.00,0.00,'032025','CLIENTE NUEVO','US2025041744','Pagos no recuperables para clientes nuevos','2025-06-01 22:55:12','2025-06-01 22:55:12','2025-06-01 22:55:12',NULL,NULL,1,1),(26,'ISISADJICA7',0.00,0.00,'042025','CLIENTE NUEVO','US2025041744','Pagos no recuperables para clientes nuevos','2025-06-01 22:55:12','2025-06-01 22:55:12','2025-06-01 22:55:12',NULL,NULL,1,1),(27,'ISISADJICA7',0.00,0.00,'052025','CLIENTE NUEVO','US2025041744','Pagos no recuperables para clientes nuevos','2025-06-01 22:55:12','2025-06-01 22:55:12','2025-06-01 22:55:12',NULL,NULL,1,1),(28,'ISISVECRCA4',300.00,0.00,'062025','Servicio de Internet','US2025041744','este cliente paga atrasado el mes ','2025-06-03 09:48:15','2025-06-03 12:00:00','2025-06-03 12:00:00','no-image.png','',1,1),(29,'ISISEMGOCA8',0.00,0.00,'012025','CLIENTE NUEVO','US2025041744','Pagos no recuperables para clientes nuevos','2025-06-03 11:08:10','2025-06-03 11:08:10','2025-06-03 11:08:10',NULL,NULL,1,1),(30,'ISISEMGOCA8',0.00,0.00,'022025','CLIENTE NUEVO','US2025041744','Pagos no recuperables para clientes nuevos','2025-06-03 11:08:10','2025-06-03 11:08:10','2025-06-03 11:08:10',NULL,NULL,1,1),(31,'ISISEMGOCA8',0.00,0.00,'032025','CLIENTE NUEVO','US2025041744','Pagos no recuperables para clientes nuevos','2025-06-03 11:08:10','2025-06-03 11:08:10','2025-06-03 11:08:10',NULL,NULL,1,1),(32,'ISISEMGOCA8',0.00,0.00,'042025','CLIENTE NUEVO','US2025041744','Pagos no recuperables para clientes nuevos','2025-06-03 11:08:10','2025-06-03 11:08:10','2025-06-03 11:08:10',NULL,NULL,1,1),(33,'ISISEMGOCA8',0.00,0.00,'052025','CLIENTE NUEVO','US2025041744','Pagos no recuperables para clientes nuevos','2025-06-03 11:08:10','2025-06-03 11:08:10','2025-06-03 11:08:10',NULL,NULL,1,1),(34,'ISISREELCA5',0.00,0.00,'052025','Servicio de Internet','US2025041744','gratis','2025-06-05 10:00:31','2025-06-05 12:00:00','2025-06-05 12:00:00','no-image.png','',1,1),(35,'ISISWIKUCA9',0.00,0.00,'012025','CLIENTE NUEVO','US2025041744','Pagos no recuperables para clientes nuevos','2025-06-06 21:54:28','2025-06-06 21:54:28','2025-06-06 21:54:28',NULL,NULL,1,1),(36,'ISISWIKUCA9',0.00,0.00,'022025','CLIENTE NUEVO','US2025041744','Pagos no recuperables para clientes nuevos','2025-06-06 21:54:28','2025-06-06 21:54:28','2025-06-06 21:54:28',NULL,NULL,1,1),(37,'ISISWIKUCA9',0.00,0.00,'032025','CLIENTE NUEVO','US2025041744','Pagos no recuperables para clientes nuevos','2025-06-06 21:54:28','2025-06-06 21:54:28','2025-06-06 21:54:28',NULL,NULL,1,1),(38,'ISISWIKUCA9',0.00,0.00,'042025','CLIENTE NUEVO','US2025041744','Pagos no recuperables para clientes nuevos','2025-06-06 21:54:28','2025-06-06 21:54:28','2025-06-06 21:54:28',NULL,NULL,1,1),(39,'ISISWIKUCA9',0.00,0.00,'052025','CLIENTE NUEVO','US2025041744','Pagos no recuperables para clientes nuevos','2025-06-06 21:54:28','2025-06-06 21:54:28','2025-06-06 21:54:28',NULL,NULL,1,1),(40,'ISISMAROCA10',0.00,0.00,'012025','CLIENTE NUEVO','US2025041744','Pagos no recuperables para clientes nuevos','2025-06-10 20:03:09','2025-06-10 20:03:09','2025-06-10 20:03:09',NULL,NULL,1,1),(41,'ISISMAROCA10',0.00,0.00,'022025','CLIENTE NUEVO','US2025041744','Pagos no recuperables para clientes nuevos','2025-06-10 20:03:09','2025-06-10 20:03:09','2025-06-10 20:03:09',NULL,NULL,1,1),(42,'ISISMAROCA10',0.00,0.00,'032025','CLIENTE NUEVO','US2025041744','Pagos no recuperables para clientes nuevos','2025-06-10 20:03:09','2025-06-10 20:03:09','2025-06-10 20:03:09',NULL,NULL,1,1),(43,'ISISMAROCA10',0.00,0.00,'042025','CLIENTE NUEVO','US2025041744','Pagos no recuperables para clientes nuevos','2025-06-10 20:03:09','2025-06-10 20:03:09','2025-06-10 20:03:09',NULL,NULL,1,1),(44,'ISISMAROCA10',0.00,0.00,'052025','CLIENTE NUEVO','US2025041744','Pagos no recuperables para clientes nuevos','2025-06-10 20:03:09','2025-06-10 20:03:09','2025-06-10 20:03:09',NULL,NULL,1,1),(45,'ISISREELCA5',0.00,0.00,'062025','Servicio de Internet','US2025041744','','2025-06-11 10:12:32','2025-06-11 12:00:00','2025-06-11 12:00:00','no-image.png','',1,1),(46,'ISISJOCACA11',0.00,0.00,'012025','CLIENTE NUEVO','US2025041744','Pagos no recuperables para clientes nuevos','2025-06-13 00:13:55','2025-06-13 00:13:55','2025-06-13 00:13:55',NULL,NULL,1,1),(47,'ISISJOCACA11',0.00,0.00,'022025','CLIENTE NUEVO','US2025041744','Pagos no recuperables para clientes nuevos','2025-06-13 00:13:55','2025-06-13 00:13:55','2025-06-13 00:13:55',NULL,NULL,1,1),(48,'ISISJOCACA11',0.00,0.00,'032025','CLIENTE NUEVO','US2025041744','Pagos no recuperables para clientes nuevos','2025-06-13 00:13:55','2025-06-13 00:13:55','2025-06-13 00:13:55',NULL,NULL,1,1),(49,'ISISJOCACA11',0.00,0.00,'042025','CLIENTE NUEVO','US2025041744','Pagos no recuperables para clientes nuevos','2025-06-13 00:13:55','2025-06-13 00:13:55','2025-06-13 00:13:55',NULL,NULL,1,1),(50,'ISISJOCACA11',0.00,0.00,'052025','CLIENTE NUEVO','US2025041744','Pagos no recuperables para clientes nuevos','2025-06-13 00:13:55','2025-06-13 00:13:55','2025-06-13 00:13:55',NULL,NULL,1,1),(51,'ISISMIHUCA12',0.00,0.00,'012025','CLIENTE NUEVO','US2025041744','Pagos no recuperables para clientes nuevos','2025-06-17 21:37:48','2025-06-17 21:37:48','2025-06-17 21:37:48',NULL,NULL,1,1),(52,'ISISMIHUCA12',0.00,0.00,'022025','CLIENTE NUEVO','US2025041744','Pagos no recuperables para clientes nuevos','2025-06-17 21:37:48','2025-06-17 21:37:48','2025-06-17 21:37:48',NULL,NULL,1,1),(53,'ISISMIHUCA12',0.00,0.00,'032025','CLIENTE NUEVO','US2025041744','Pagos no recuperables para clientes nuevos','2025-06-17 21:37:48','2025-06-17 21:37:48','2025-06-17 21:37:48',NULL,NULL,1,1),(54,'ISISMIHUCA12',0.00,0.00,'042025','CLIENTE NUEVO','US2025041744','Pagos no recuperables para clientes nuevos','2025-06-17 21:37:48','2025-06-17 21:37:48','2025-06-17 21:37:48',NULL,NULL,1,1),(55,'ISISMIHUCA12',0.00,0.00,'052025','CLIENTE NUEVO','US2025041744','Pagos no recuperables para clientes nuevos','2025-06-17 21:37:48','2025-06-17 21:37:48','2025-06-17 21:37:48',NULL,NULL,1,1),(56,'ISISMAHUKA0',300.00,0.00,'062025','Servicio de Internet','US2025041744','','2025-06-18 09:54:04','2025-06-18 12:00:00','2025-06-18 12:00:00','no-image.png','2',1,1),(57,'ISIS0704081',400.00,0.00,'062025','Servicio de Internet','US2025041744','','2025-06-18 09:54:43','2025-06-18 12:00:00','2025-06-18 12:00:00','no-image.png','',1,1),(58,'ISISBRYACA6',300.00,0.00,'062025','Servicio de Internet','US2025041744','','2025-06-20 23:38:24','2025-06-20 12:00:00','2025-06-20 12:00:00','no-image.png','',1,1),(59,'ISISJOTUCA3',200.00,0.00,'062025','Servicio de Internet','US2025041744','','2025-06-25 10:14:29','2025-06-25 12:00:00','2025-06-25 12:00:00','no-image.png','',1,1),(60,'ISISANHECA14',0.00,0.00,'012025','CLIENTE NUEVO','US2025041744','Pagos no recuperables para clientes nuevos','2025-06-27 21:04:47','2025-06-27 21:04:47','2025-06-27 21:04:47',NULL,NULL,1,1),(61,'ISISANHECA14',0.00,0.00,'022025','CLIENTE NUEVO','US2025041744','Pagos no recuperables para clientes nuevos','2025-06-27 21:04:47','2025-06-27 21:04:47','2025-06-27 21:04:47',NULL,NULL,1,1),(62,'ISISANHECA14',0.00,0.00,'032025','CLIENTE NUEVO','US2025041744','Pagos no recuperables para clientes nuevos','2025-06-27 21:04:47','2025-06-27 21:04:47','2025-06-27 21:04:47',NULL,NULL,1,1),(63,'ISISANHECA14',0.00,0.00,'042025','CLIENTE NUEVO','US2025041744','Pagos no recuperables para clientes nuevos','2025-06-27 21:04:47','2025-06-27 21:04:47','2025-06-27 21:04:47',NULL,NULL,1,1),(64,'ISISANHECA14',0.00,0.00,'052025','CLIENTE NUEVO','US2025041744','Pagos no recuperables para clientes nuevos','2025-06-27 21:04:47','2025-06-27 21:04:47','2025-06-27 21:04:47',NULL,NULL,1,1),(65,'ISISRIHECA15',0.00,0.00,'012025','CLIENTE NUEVO','US2025041744','Pagos no recuperables para clientes nuevos','2025-07-02 09:19:29','2025-07-02 09:19:29','2025-07-02 09:19:29',NULL,NULL,1,1),(66,'ISISRIHECA15',0.00,0.00,'022025','CLIENTE NUEVO','US2025041744','Pagos no recuperables para clientes nuevos','2025-07-02 09:19:29','2025-07-02 09:19:29','2025-07-02 09:19:29',NULL,NULL,1,1),(67,'ISISRIHECA15',0.00,0.00,'032025','CLIENTE NUEVO','US2025041744','Pagos no recuperables para clientes nuevos','2025-07-02 09:19:29','2025-07-02 09:19:29','2025-07-02 09:19:29',NULL,NULL,1,1),(68,'ISISRIHECA15',0.00,0.00,'042025','CLIENTE NUEVO','US2025041744','Pagos no recuperables para clientes nuevos','2025-07-02 09:19:29','2025-07-02 09:19:29','2025-07-02 09:19:29',NULL,NULL,1,1),(69,'ISISRIHECA15',0.00,0.00,'052025','CLIENTE NUEVO','US2025041744','Pagos no recuperables para clientes nuevos','2025-07-02 09:19:29','2025-07-02 09:19:29','2025-07-02 09:19:29',NULL,NULL,1,1),(70,'ISISRIHECA15',0.00,0.00,'062025','CLIENTE NUEVO','US2025041744','Pagos no recuperables para clientes nuevos','2025-07-02 09:19:29','2025-07-02 09:19:29','2025-07-02 09:19:29',NULL,NULL,1,1),(71,'ISISVECRCA4',300.00,0.00,'072025','Servicio de Internet','US2025041744','','2025-07-07 08:12:01','2025-07-07 12:00:00','2025-07-07 12:00:00','no-image.png','',1,1),(72,'ISISWIKUCA9',300.00,0.00,'072025','Servicio de Internet','US2025041744','','2025-07-11 00:42:53','2025-07-10 12:00:00','2025-07-10 12:00:00','no-image.png','',1,1),(73,'ISISEMGOCA8',301.00,0.00,'072025','Servicio de Internet','US2025041744','','2025-07-11 07:52:17','2025-07-11 12:00:00','2025-07-11 12:00:00','no-image.png','',1,1),(74,'ISISMAHUKA0',300.00,0.00,'072025','Servicio de Internet','US2025041744','','2025-07-16 07:24:12','2025-07-16 12:00:00','2025-07-16 12:00:00','no-image.png','',1,1),(75,'ISISJOCACA11',300.00,0.00,'072025','Servicio de Internet','US2025041744','','2025-07-17 10:30:26','2025-07-06 12:00:00','2025-07-06 12:00:00','no-image.png','',1,1),(76,'ISIS0704081',400.00,0.00,'072025','Servicio de Internet','US2025041744','','2025-07-18 00:49:53','2025-07-17 12:00:00','2025-07-17 12:00:00','no-image.png','',1,1),(77,'ISISMIHUCA12',300.00,0.00,'072025','Servicio de Internet','US2025041744','','2025-07-18 10:25:38','2025-07-18 12:00:00','2025-07-18 12:00:00','no-image.png','',1,1),(78,'ISISJOTUCA3',200.00,0.00,'072025','Servicio de Internet','US2025041744','','2025-07-25 09:25:24','2025-07-25 12:00:00','2025-07-25 12:00:00','no-image.png','',1,1),(79,'ISISANHECA14',200.00,0.00,'072025','Servicio de Internet','US2025041744','','2025-07-28 05:55:47','2025-07-27 12:00:00','2025-07-27 12:00:00','no-image.png','',1,1),(80,'ISISADJICA7',500.00,0.00,'082025','Servicio de Internet','US2025041744','','2025-08-07 11:13:15','2025-08-07 12:00:00','2025-08-07 12:00:00','no-image.png','',1,1),(81,'ISISVECRCA4',400.00,0.00,'082025','Servicio de Internet','US2025041744','','2025-08-09 22:22:55','2025-08-09 12:00:00','2025-08-09 12:00:00','no-image.png','',1,1),(82,'ISISMAROCA10',300.00,0.00,'082025','Servicio de Internet','US2025041744','','2025-08-10 22:40:32','2025-08-10 12:00:00','2025-08-10 12:00:00','no-image.png','',1,1),(83,'ISISJORACA16',0.00,0.00,'012025','CLIENTE NUEVO','US2025041744','Pagos no recuperables para clientes nuevos','2025-08-11 05:57:18','2025-08-11 05:57:18','2025-08-11 05:57:18',NULL,NULL,1,1),(84,'ISISJORACA16',0.00,0.00,'022025','CLIENTE NUEVO','US2025041744','Pagos no recuperables para clientes nuevos','2025-08-11 05:57:18','2025-08-11 05:57:18','2025-08-11 05:57:18',NULL,NULL,1,1),(85,'ISISJORACA16',0.00,0.00,'032025','CLIENTE NUEVO','US2025041744','Pagos no recuperables para clientes nuevos','2025-08-11 05:57:18','2025-08-11 05:57:18','2025-08-11 05:57:18',NULL,NULL,1,1),(86,'ISISJORACA16',0.00,0.00,'042025','CLIENTE NUEVO','US2025041744','Pagos no recuperables para clientes nuevos','2025-08-11 05:57:18','2025-08-11 05:57:18','2025-08-11 05:57:18',NULL,NULL,1,1),(87,'ISISJORACA16',0.00,0.00,'052025','CLIENTE NUEVO','US2025041744','Pagos no recuperables para clientes nuevos','2025-08-11 05:57:18','2025-08-11 05:57:18','2025-08-11 05:57:18',NULL,NULL,1,1),(88,'ISISJORACA16',0.00,0.00,'062025','CLIENTE NUEVO','US2025041744','Pagos no recuperables para clientes nuevos','2025-08-11 05:57:18','2025-08-11 05:57:18','2025-08-11 05:57:18',NULL,NULL,1,1),(89,'ISISJORACA16',0.00,0.00,'072025','CLIENTE NUEVO','US2025041744','Pagos no recuperables para clientes nuevos','2025-08-11 05:57:18','2025-08-11 05:57:18','2025-08-11 05:57:18',NULL,NULL,1,1),(90,'ISISWIKUCA9',300.00,0.00,'082025','Servicio de Internet','US2025041744','','2025-08-11 07:48:38','2025-08-10 12:00:00','2025-08-10 12:00:00','no-image.png','',1,1),(91,'ISISLICHCA17',0.00,0.00,'012025','CLIENTE NUEVO','US2025041744','Pagos no recuperables para clientes nuevos','2025-08-12 23:29:14','2025-08-12 23:29:14','2025-08-12 23:29:14',NULL,NULL,1,1),(92,'ISISLICHCA17',0.00,0.00,'022025','CLIENTE NUEVO','US2025041744','Pagos no recuperables para clientes nuevos','2025-08-12 23:29:14','2025-08-12 23:29:14','2025-08-12 23:29:14',NULL,NULL,1,1),(93,'ISISLICHCA17',0.00,0.00,'032025','CLIENTE NUEVO','US2025041744','Pagos no recuperables para clientes nuevos','2025-08-12 23:29:14','2025-08-12 23:29:14','2025-08-12 23:29:14',NULL,NULL,1,1),(94,'ISISLICHCA17',0.00,0.00,'042025','CLIENTE NUEVO','US2025041744','Pagos no recuperables para clientes nuevos','2025-08-12 23:29:14','2025-08-12 23:29:14','2025-08-12 23:29:14',NULL,NULL,1,1),(95,'ISISLICHCA17',0.00,0.00,'052025','CLIENTE NUEVO','US2025041744','Pagos no recuperables para clientes nuevos','2025-08-12 23:29:14','2025-08-12 23:29:14','2025-08-12 23:29:14',NULL,NULL,1,1),(96,'ISISLICHCA17',0.00,0.00,'062025','CLIENTE NUEVO','US2025041744','Pagos no recuperables para clientes nuevos','2025-08-12 23:29:14','2025-08-12 23:29:14','2025-08-12 23:29:14',NULL,NULL,1,1),(97,'ISISLICHCA17',0.00,0.00,'072025','CLIENTE NUEVO','US2025041744','Pagos no recuperables para clientes nuevos','2025-08-12 23:29:14','2025-08-12 23:29:14','2025-08-12 23:29:14',NULL,NULL,1,1),(98,'ISISMAHUKA0',300.00,0.00,'082025','Servicio de Internet','US2025041744','','2025-08-17 23:17:38','2025-08-17 12:00:00','2025-08-17 12:00:00','no-image.png','',1,1),(100,'ISISMIHUCA12',300.00,0.00,'082025','Servicio de Internet','US2025041744','','2025-08-18 04:56:04','2025-08-17 12:00:00','2025-08-17 12:00:00','no-image.png','',1,1),(101,'ISIS0704081',400.00,0.00,'082025','Servicio de Internet','US2025041744','','2025-08-19 08:57:21','2025-08-19 12:00:00','2025-08-19 12:00:00','no-image.png','',1,1),(102,'ISISJOTUCA3',200.00,0.00,'082025','Servicio de Internet','US2025041744','','2025-08-25 19:43:30','2025-08-25 12:00:00','2025-08-25 12:00:00','no-image.png','',1,1),(103,'ISISANHECA14',200.00,0.00,'082025','Servicio de Internet','US2025041744','','2025-08-28 06:13:19','2025-08-27 12:00:00','2025-08-27 12:00:00','no-image.png','',1,1),(104,'ISISEMGOCA8',302.00,0.00,'082025','Servicio de Internet','US2025041744','','2025-08-30 08:04:12','2025-08-30 12:00:00','2025-08-30 12:00:00','no-image.png','',1,1),(106,'ISISJOCACA11',300.00,0.00,'082025','Servicio de Internet','US2025041744','','2025-09-03 06:11:58','2025-09-03 12:00:00','2025-09-03 12:00:00','no-image.png','',1,1),(107,'ISISADJICA7',500.00,0.00,'092025','Servicio de Internet','US2025041744','','2025-09-08 08:12:03','2025-09-08 12:00:00','2025-09-08 12:00:00','no-image.png','',1,1),(108,'ISISWIKUCA9',300.00,0.00,'092025','Servicio de Internet','US2025041744','','2025-09-09 00:16:08','2025-09-08 12:00:00','2025-09-08 12:00:00','no-image.png','',1,1),(109,'ISISVECRCA4',400.00,0.00,'092025','Servicio de Internet','US2025041744','','2025-09-15 00:41:33','2025-09-14 12:00:00','2025-09-14 12:00:00','no-image.png','',1,1),(110,'ISISMAHUKA0',300.00,0.00,'092025','Servicio de Internet','US2025041744','','2025-09-15 05:17:20','2025-09-14 12:00:00','2025-09-14 12:00:00','no-image.png','',1,1),(111,'ISISJORACA16',300.00,0.00,'092025','Servicio de Internet','US2025041744','','2025-09-18 19:06:10','2025-09-18 12:00:00','2025-09-18 12:00:00','no-image.png','',1,1),(112,'ISISMIHUCA12',300.00,0.00,'092025','Servicio de Internet','US2025041744','','2025-09-18 19:08:44','2025-09-18 12:00:00','2025-09-18 12:00:00','no-image.png','',1,1),(113,'ISIS0704081',400.00,0.00,'092025','Servicio de Internet','US2025041744','','2025-09-18 21:01:52','2025-09-18 12:00:00','2025-09-18 12:00:00','no-image.png','',1,1),(114,'ISISJOCACA11',300.00,0.00,'092025','Servicio de Internet','US2025041744','','2025-09-19 00:06:40','2025-09-18 12:00:00','2025-09-18 12:00:00','no-image.png','',1,1),(115,'ISISMAROCA10',300.00,0.00,'092025','Servicio de Internet','US2025041744','','2025-09-22 03:52:50','2025-09-21 12:00:00','2025-09-21 12:00:00','no-image.png','',1,1),(116,'ISISJOTUCA3',200.00,0.00,'092025','Servicio de Internet','US2025041744','','2025-09-26 03:55:37','2025-09-25 12:00:00','2025-09-25 12:00:00','no-image.png','',1,1),(117,'ISISANHECA14',200.00,0.00,'092025','Servicio de Internet','US2025041744','','2025-09-27 21:08:08','2025-09-27 12:00:00','2025-09-27 12:00:00','no-image.png','',1,1),(118,'ISISEMGOCA8',302.00,0.00,'092025','Servicio de Internet','US2025041744','','2025-10-01 01:49:25','2025-09-30 12:00:00','2025-09-30 12:00:00','no-image.png','',1,1),(119,'ISISLICHCA17',300.00,0.00,'092025','Servicio de Internet','US2025041744','','2025-10-01 01:50:02','2025-09-30 12:00:00','2025-09-30 12:00:00','no-image.png','',1,1),(120,'ISISCHMOCA18',0.00,0.00,'012025','CLIENTE NUEVO','US2025041744','Pagos no recuperables para clientes nuevos','2025-10-01 02:46:04','2025-10-01 02:46:04','2025-10-01 02:46:04',NULL,NULL,1,1),(121,'ISISCHMOCA18',0.00,0.00,'022025','CLIENTE NUEVO','US2025041744','Pagos no recuperables para clientes nuevos','2025-10-01 02:46:04','2025-10-01 02:46:04','2025-10-01 02:46:04',NULL,NULL,1,1),(122,'ISISCHMOCA18',0.00,0.00,'032025','CLIENTE NUEVO','US2025041744','Pagos no recuperables para clientes nuevos','2025-10-01 02:46:04','2025-10-01 02:46:04','2025-10-01 02:46:04',NULL,NULL,1,1),(123,'ISISCHMOCA18',0.00,0.00,'042025','CLIENTE NUEVO','US2025041744','Pagos no recuperables para clientes nuevos','2025-10-01 02:46:04','2025-10-01 02:46:04','2025-10-01 02:46:04',NULL,NULL,1,1),(124,'ISISCHMOCA18',0.00,0.00,'052025','CLIENTE NUEVO','US2025041744','Pagos no recuperables para clientes nuevos','2025-10-01 02:46:04','2025-10-01 02:46:04','2025-10-01 02:46:04',NULL,NULL,1,1),(125,'ISISCHMOCA18',0.00,0.00,'062025','CLIENTE NUEVO','US2025041744','Pagos no recuperables para clientes nuevos','2025-10-01 02:46:04','2025-10-01 02:46:04','2025-10-01 02:46:04',NULL,NULL,1,1),(126,'ISISCHMOCA18',0.00,0.00,'072025','CLIENTE NUEVO','US2025041744','Pagos no recuperables para clientes nuevos','2025-10-01 02:46:04','2025-10-01 02:46:04','2025-10-01 02:46:04',NULL,NULL,1,1),(127,'ISISCHMOCA18',0.00,0.00,'082025','CLIENTE NUEVO','US2025041744','Pagos no recuperables para clientes nuevos','2025-10-01 02:46:04','2025-10-01 02:46:04','2025-10-01 02:46:04',NULL,NULL,1,1),(128,'ISISARTUCA19',0.00,0.00,'012025','CLIENTE NUEVO','US2025041744','Pagos no recuperables para clientes nuevos','2025-10-02 09:50:32','2025-10-02 09:50:32','2025-10-02 09:50:32',NULL,NULL,1,1),(129,'ISISARTUCA19',0.00,0.00,'022025','CLIENTE NUEVO','US2025041744','Pagos no recuperables para clientes nuevos','2025-10-02 09:50:32','2025-10-02 09:50:32','2025-10-02 09:50:32',NULL,NULL,1,1),(130,'ISISARTUCA19',0.00,0.00,'032025','CLIENTE NUEVO','US2025041744','Pagos no recuperables para clientes nuevos','2025-10-02 09:50:32','2025-10-02 09:50:32','2025-10-02 09:50:32',NULL,NULL,1,1),(131,'ISISARTUCA19',0.00,0.00,'042025','CLIENTE NUEVO','US2025041744','Pagos no recuperables para clientes nuevos','2025-10-02 09:50:32','2025-10-02 09:50:32','2025-10-02 09:50:32',NULL,NULL,1,1),(132,'ISISARTUCA19',0.00,0.00,'052025','CLIENTE NUEVO','US2025041744','Pagos no recuperables para clientes nuevos','2025-10-02 09:50:32','2025-10-02 09:50:32','2025-10-02 09:50:32',NULL,NULL,1,1),(133,'ISISARTUCA19',0.00,0.00,'062025','CLIENTE NUEVO','US2025041744','Pagos no recuperables para clientes nuevos','2025-10-02 09:50:32','2025-10-02 09:50:32','2025-10-02 09:50:32',NULL,NULL,1,1),(134,'ISISARTUCA19',0.00,0.00,'072025','CLIENTE NUEVO','US2025041744','Pagos no recuperables para clientes nuevos','2025-10-02 09:50:32','2025-10-02 09:50:32','2025-10-02 09:50:32',NULL,NULL,1,1),(135,'ISISARTUCA19',0.00,0.00,'082025','CLIENTE NUEVO','US2025041744','Pagos no recuperables para clientes nuevos','2025-10-02 09:50:32','2025-10-02 09:50:32','2025-10-02 09:50:32',NULL,NULL,1,1),(136,'ISISARTUCA19',0.00,0.00,'092025','CLIENTE NUEVO','US2025041744','Pagos no recuperables para clientes nuevos','2025-10-02 09:50:32','2025-10-02 09:50:32','2025-10-02 09:50:32',NULL,NULL,1,1),(137,'ISISJECOCA20',0.00,0.00,'012025','CLIENTE NUEVO','US2025041744','Pagos no recuperables para clientes nuevos','2025-10-02 10:20:48','2025-10-02 10:20:48','2025-10-02 10:20:48',NULL,NULL,1,1),(138,'ISISJECOCA20',0.00,0.00,'022025','CLIENTE NUEVO','US2025041744','Pagos no recuperables para clientes nuevos','2025-10-02 10:20:48','2025-10-02 10:20:48','2025-10-02 10:20:48',NULL,NULL,1,1),(139,'ISISJECOCA20',0.00,0.00,'032025','CLIENTE NUEVO','US2025041744','Pagos no recuperables para clientes nuevos','2025-10-02 10:20:48','2025-10-02 10:20:48','2025-10-02 10:20:48',NULL,NULL,1,1),(140,'ISISJECOCA20',0.00,0.00,'042025','CLIENTE NUEVO','US2025041744','Pagos no recuperables para clientes nuevos','2025-10-02 10:20:48','2025-10-02 10:20:48','2025-10-02 10:20:48',NULL,NULL,1,1),(141,'ISISJECOCA20',0.00,0.00,'052025','CLIENTE NUEVO','US2025041744','Pagos no recuperables para clientes nuevos','2025-10-02 10:20:48','2025-10-02 10:20:48','2025-10-02 10:20:48',NULL,NULL,1,1),(142,'ISISJECOCA20',0.00,0.00,'062025','CLIENTE NUEVO','US2025041744','Pagos no recuperables para clientes nuevos','2025-10-02 10:20:48','2025-10-02 10:20:48','2025-10-02 10:20:48',NULL,NULL,1,1),(143,'ISISJECOCA20',0.00,0.00,'072025','CLIENTE NUEVO','US2025041744','Pagos no recuperables para clientes nuevos','2025-10-02 10:20:48','2025-10-02 10:20:48','2025-10-02 10:20:48',NULL,NULL,1,1),(144,'ISISJECOCA20',0.00,0.00,'082025','CLIENTE NUEVO','US2025041744','Pagos no recuperables para clientes nuevos','2025-10-02 10:20:48','2025-10-02 10:20:48','2025-10-02 10:20:48',NULL,NULL,1,1),(145,'ISISJECOCA20',0.00,0.00,'092025','CLIENTE NUEVO','US2025041744','Pagos no recuperables para clientes nuevos','2025-10-02 10:20:48','2025-10-02 10:20:48','2025-10-02 10:20:48',NULL,NULL,1,1),(146,'ISISLUCOCA21',0.00,0.00,'012025','CLIENTE NUEVO','US2025041744','Pagos no recuperables para clientes nuevos','2025-10-02 10:25:59','2025-10-02 10:25:59','2025-10-02 10:25:59',NULL,NULL,1,1),(147,'ISISLUCOCA21',0.00,0.00,'022025','CLIENTE NUEVO','US2025041744','Pagos no recuperables para clientes nuevos','2025-10-02 10:25:59','2025-10-02 10:25:59','2025-10-02 10:25:59',NULL,NULL,1,1),(148,'ISISLUCOCA21',0.00,0.00,'032025','CLIENTE NUEVO','US2025041744','Pagos no recuperables para clientes nuevos','2025-10-02 10:25:59','2025-10-02 10:25:59','2025-10-02 10:25:59',NULL,NULL,1,1),(149,'ISISLUCOCA21',0.00,0.00,'042025','CLIENTE NUEVO','US2025041744','Pagos no recuperables para clientes nuevos','2025-10-02 10:25:59','2025-10-02 10:25:59','2025-10-02 10:25:59',NULL,NULL,1,1),(150,'ISISLUCOCA21',0.00,0.00,'052025','CLIENTE NUEVO','US2025041744','Pagos no recuperables para clientes nuevos','2025-10-02 10:25:59','2025-10-02 10:25:59','2025-10-02 10:25:59',NULL,NULL,1,1),(151,'ISISLUCOCA21',0.00,0.00,'062025','CLIENTE NUEVO','US2025041744','Pagos no recuperables para clientes nuevos','2025-10-02 10:25:59','2025-10-02 10:25:59','2025-10-02 10:25:59',NULL,NULL,1,1),(152,'ISISLUCOCA21',0.00,0.00,'072025','CLIENTE NUEVO','US2025041744','Pagos no recuperables para clientes nuevos','2025-10-02 10:25:59','2025-10-02 10:25:59','2025-10-02 10:25:59',NULL,NULL,1,1),(153,'ISISLUCOCA21',0.00,0.00,'082025','CLIENTE NUEVO','US2025041744','Pagos no recuperables para clientes nuevos','2025-10-02 10:25:59','2025-10-02 10:25:59','2025-10-02 10:25:59',NULL,NULL,1,1),(154,'ISISLUCOCA21',0.00,0.00,'092025','CLIENTE NUEVO','US2025041744','Pagos no recuperables para clientes nuevos','2025-10-02 10:25:59','2025-10-02 10:25:59','2025-10-02 10:25:59',NULL,NULL,1,1),(155,'ISISJECOCA22',0.00,0.00,'012025','CLIENTE NUEVO','US2025041744','Pagos no recuperables para clientes nuevos','2025-10-04 05:15:48','2025-10-04 05:15:48','2025-10-04 05:15:48',NULL,NULL,1,1),(156,'ISISJECOCA22',0.00,0.00,'022025','CLIENTE NUEVO','US2025041744','Pagos no recuperables para clientes nuevos','2025-10-04 05:15:48','2025-10-04 05:15:48','2025-10-04 05:15:48',NULL,NULL,1,1),(157,'ISISJECOCA22',0.00,0.00,'032025','CLIENTE NUEVO','US2025041744','Pagos no recuperables para clientes nuevos','2025-10-04 05:15:48','2025-10-04 05:15:48','2025-10-04 05:15:48',NULL,NULL,1,1),(158,'ISISJECOCA22',0.00,0.00,'042025','CLIENTE NUEVO','US2025041744','Pagos no recuperables para clientes nuevos','2025-10-04 05:15:48','2025-10-04 05:15:48','2025-10-04 05:15:48',NULL,NULL,1,1),(159,'ISISJECOCA22',0.00,0.00,'052025','CLIENTE NUEVO','US2025041744','Pagos no recuperables para clientes nuevos','2025-10-04 05:15:48','2025-10-04 05:15:48','2025-10-04 05:15:48',NULL,NULL,1,1),(160,'ISISJECOCA22',0.00,0.00,'062025','CLIENTE NUEVO','US2025041744','Pagos no recuperables para clientes nuevos','2025-10-04 05:15:48','2025-10-04 05:15:48','2025-10-04 05:15:48',NULL,NULL,1,1),(161,'ISISJECOCA22',0.00,0.00,'072025','CLIENTE NUEVO','US2025041744','Pagos no recuperables para clientes nuevos','2025-10-04 05:15:48','2025-10-04 05:15:48','2025-10-04 05:15:48',NULL,NULL,1,1),(162,'ISISJECOCA22',0.00,0.00,'082025','CLIENTE NUEVO','US2025041744','Pagos no recuperables para clientes nuevos','2025-10-04 05:15:48','2025-10-04 05:15:48','2025-10-04 05:15:48',NULL,NULL,1,1),(163,'ISISJECOCA22',0.00,0.00,'092025','CLIENTE NUEVO','US2025041744','Pagos no recuperables para clientes nuevos','2025-10-04 05:15:48','2025-10-04 05:15:48','2025-10-04 05:15:48',NULL,NULL,1,1),(164,'ISISADJICA7',300.00,0.00,'102025','Servicio de Internet','US2025041744','','2025-10-07 08:47:36','2025-10-07 12:00:00','2025-10-07 12:00:00','no-image.png','',1,1),(165,'ISISRIHECA15',500.00,0.00,'092025','Servicio de Internet','US2025041744','','2025-10-07 08:50:17','2025-10-07 12:00:00','2025-10-07 12:00:00','no-image.png','',1,1),(166,'ISISEDTUCA23',0.00,0.00,'012025','CLIENTE NUEVO','US2025041744','Pagos no recuperables para clientes nuevos','2025-10-08 08:49:32','2025-10-08 08:49:32','2025-10-08 08:49:32',NULL,NULL,1,1),(167,'ISISEDTUCA23',0.00,0.00,'022025','CLIENTE NUEVO','US2025041744','Pagos no recuperables para clientes nuevos','2025-10-08 08:49:32','2025-10-08 08:49:32','2025-10-08 08:49:32',NULL,NULL,1,1),(168,'ISISEDTUCA23',0.00,0.00,'032025','CLIENTE NUEVO','US2025041744','Pagos no recuperables para clientes nuevos','2025-10-08 08:49:32','2025-10-08 08:49:32','2025-10-08 08:49:32',NULL,NULL,1,1),(169,'ISISEDTUCA23',0.00,0.00,'042025','CLIENTE NUEVO','US2025041744','Pagos no recuperables para clientes nuevos','2025-10-08 08:49:32','2025-10-08 08:49:32','2025-10-08 08:49:32',NULL,NULL,1,1),(170,'ISISEDTUCA23',0.00,0.00,'052025','CLIENTE NUEVO','US2025041744','Pagos no recuperables para clientes nuevos','2025-10-08 08:49:32','2025-10-08 08:49:32','2025-10-08 08:49:32',NULL,NULL,1,1),(171,'ISISEDTUCA23',0.00,0.00,'062025','CLIENTE NUEVO','US2025041744','Pagos no recuperables para clientes nuevos','2025-10-08 08:49:32','2025-10-08 08:49:32','2025-10-08 08:49:32',NULL,NULL,1,1),(172,'ISISEDTUCA23',0.00,0.00,'072025','CLIENTE NUEVO','US2025041744','Pagos no recuperables para clientes nuevos','2025-10-08 08:49:32','2025-10-08 08:49:32','2025-10-08 08:49:32',NULL,NULL,1,1),(173,'ISISEDTUCA23',0.00,0.00,'082025','CLIENTE NUEVO','US2025041744','Pagos no recuperables para clientes nuevos','2025-10-08 08:49:32','2025-10-08 08:49:32','2025-10-08 08:49:32',NULL,NULL,1,1),(174,'ISISEDTUCA23',0.00,0.00,'092025','CLIENTE NUEVO','US2025041744','Pagos no recuperables para clientes nuevos','2025-10-08 08:49:32','2025-10-08 08:49:32','2025-10-08 08:49:32',NULL,NULL,1,1),(175,'ISISWIKUCA9',300.00,0.00,'102025','Servicio de Internet','US2025041744','','2025-10-12 07:39:02','2025-10-12 12:00:00','2025-10-12 12:00:00','no-image.png','',1,1),(176,'ISISJORACA16',300.00,0.00,'102025','Servicio de Internet','US2025041744','','2025-10-15 21:27:55','2025-10-15 12:00:00','2025-10-15 12:00:00','no-image.png','',1,1),(177,'ISISMAHUKA0',300.00,0.00,'102025','Servicio de Internet','US2025041744','','2025-10-16 11:12:01','2025-10-16 12:00:00','2025-10-16 12:00:00','no-image.png','',1,1),(178,'ISISMIHUCA12',300.00,0.00,'102025','Servicio de Internet','US2025041744','','2025-10-18 07:16:05','2025-10-18 12:00:00','2025-10-18 12:00:00','no-image.png','',1,1),(179,'ISISJOCACA11',300.00,0.00,'102025','Servicio de Internet','US2025041744','','2025-10-18 09:42:20','2025-10-18 12:00:00','2025-10-18 12:00:00','no-image.png','',1,1),(180,'ISIS0704081',400.00,0.00,'102025','Servicio de Internet','US2025041744','','2025-10-20 09:22:25','2025-10-20 12:00:00','2025-10-20 12:00:00','no-image.png','',1,1),(181,'ISISMAROCA10',300.00,0.00,'102025','Servicio de Internet','US2025041744','','2025-10-21 21:14:46','2025-10-21 12:00:00','2025-10-21 12:00:00','no-image.png','',1,1),(183,'ISISANHECA14',200.00,0.00,'102025','Servicio de Internet','US2025041744','','2025-10-27 21:37:44','2025-10-27 12:00:00','2025-10-27 12:00:00','no-image.png','',1,1),(184,'ISISCHMOCA18',300.00,0.00,'102025','Servicio de Internet','US2025041744','','2025-10-30 20:34:10','2025-10-30 12:00:00','2025-10-30 12:00:00','no-image.png','',1,1),(186,'ISISRIHECA15',500.00,0.00,'102025','Servicio de Internet','US2025041744','','2025-11-03 09:20:39','2025-11-03 12:00:00','2025-11-03 12:00:00','no-image.png','',1,1),(187,'ISISJECOCA22',400.00,0.00,'112025','Servicio de Internet','US2025041744','','2025-11-04 06:54:44','2025-11-04 12:00:00','2025-11-04 12:00:00','no-image.png','',1,1),(188,'ISISLUCOCA21',300.00,0.00,'112025','Servicio de Internet','US2025041744','','2025-11-04 21:17:07','2025-11-04 12:00:00','2025-11-04 12:00:00','no-image.png','',1,1),(189,'ISISADJICA7',300.00,0.00,'112025','Servicio de Internet','US2025041744','','2025-11-07 23:30:21','2025-11-07 12:00:00','2025-11-07 12:00:00','no-image.png','',1,1),(190,'ISISJUMICA24',0.00,0.00,'012025','CLIENTE NUEVO','US2025041744','Pagos no recuperables para clientes nuevos','2025-11-08 23:01:55','2025-11-08 23:01:55','2025-11-08 23:01:55',NULL,NULL,1,1),(191,'ISISJUMICA24',0.00,0.00,'022025','CLIENTE NUEVO','US2025041744','Pagos no recuperables para clientes nuevos','2025-11-08 23:01:55','2025-11-08 23:01:55','2025-11-08 23:01:55',NULL,NULL,1,1),(192,'ISISJUMICA24',0.00,0.00,'032025','CLIENTE NUEVO','US2025041744','Pagos no recuperables para clientes nuevos','2025-11-08 23:01:55','2025-11-08 23:01:55','2025-11-08 23:01:55',NULL,NULL,1,1),(193,'ISISJUMICA24',0.00,0.00,'042025','CLIENTE NUEVO','US2025041744','Pagos no recuperables para clientes nuevos','2025-11-08 23:01:55','2025-11-08 23:01:55','2025-11-08 23:01:55',NULL,NULL,1,1),(194,'ISISJUMICA24',0.00,0.00,'052025','CLIENTE NUEVO','US2025041744','Pagos no recuperables para clientes nuevos','2025-11-08 23:01:55','2025-11-08 23:01:55','2025-11-08 23:01:55',NULL,NULL,1,1),(195,'ISISJUMICA24',0.00,0.00,'062025','CLIENTE NUEVO','US2025041744','Pagos no recuperables para clientes nuevos','2025-11-08 23:01:55','2025-11-08 23:01:55','2025-11-08 23:01:55',NULL,NULL,1,1),(196,'ISISJUMICA24',0.00,0.00,'072025','CLIENTE NUEVO','US2025041744','Pagos no recuperables para clientes nuevos','2025-11-08 23:01:55','2025-11-08 23:01:55','2025-11-08 23:01:55',NULL,NULL,1,1),(197,'ISISJUMICA24',0.00,0.00,'082025','CLIENTE NUEVO','US2025041744','Pagos no recuperables para clientes nuevos','2025-11-08 23:01:55','2025-11-08 23:01:55','2025-11-08 23:01:55',NULL,NULL,1,1),(198,'ISISJUMICA24',0.00,0.00,'092025','CLIENTE NUEVO','US2025041744','Pagos no recuperables para clientes nuevos','2025-11-08 23:01:55','2025-11-08 23:01:55','2025-11-08 23:01:55',NULL,NULL,1,1),(199,'ISISJUMICA24',0.00,0.00,'102025','CLIENTE NUEVO','US2025041744','Pagos no recuperables para clientes nuevos','2025-11-08 23:01:55','2025-11-08 23:01:55','2025-11-08 23:01:55',NULL,NULL,1,1),(200,'ISISWIKUCA9',300.00,0.00,'112025','Servicio de Internet','US2025041744','','2025-11-09 22:28:18','2025-11-09 12:00:00','2025-11-09 12:00:00','no-image.png','',1,1),(201,'ISISRIHECA15',500.00,0.00,'112025','Servicio de Internet','US2025041744','','2025-11-11 18:52:25','2025-11-11 12:00:00','2025-11-11 12:00:00','no-image.png','',1,1),(202,'ISISJORACA16',300.00,0.00,'112025','Servicio de Internet','US2025041744','','2025-11-17 04:10:20','2025-11-16 12:00:00','2025-11-16 12:00:00','no-image.png','',1,1),(203,'ISISMAHUKA0',300.00,0.00,'112025','Servicio de Internet','US2025041744','','2025-11-17 04:10:44','2025-11-16 12:00:00','2025-11-16 12:00:00','no-image.png','',1,1),(205,'ISISMIHUCA12',300.00,0.00,'112025','Servicio de Internet','US2025041744','','2025-11-19 06:37:39','2025-11-19 12:00:00','2025-11-19 12:00:00','no-image.png','',1,1),(206,'ISIS0704081',400.00,0.00,'112025','Servicio de Internet','US2025041744','','2025-11-20 18:36:38','2025-11-20 12:00:00','2025-11-20 12:00:00','no-image.png','',1,1),(207,'ISISMAROCA10',300.00,0.00,'112025','Servicio de Internet','US2025041744','','2025-11-22 05:22:18','2025-11-21 12:00:00','2025-11-21 12:00:00','no-image.png','',1,1),(208,'ISISJOTUCA3',200.00,0.00,'112025','Servicios de internet','US20250412211','','2025-11-25 20:52:43','2025-11-25 06:00:00','2025-11-25 20:52:43','no-image.png','',1,1),(210,'ISISANHECA14',200.00,0.00,'112025','Servicios de internet','US2025041744','','2025-11-29 04:07:33','2025-11-28 06:00:00','2025-11-29 04:07:33','no-image.png','',1,1),(211,'ISISCHMOCA18',300.00,0.00,'112025','Servicios de internet','US2025041744','','2025-12-01 01:08:18','2025-11-30 06:00:00','2025-12-01 01:08:18','no-image.png','',1,1),(212,'ISISLUCOCA21',300.00,0.00,'122025','Servicios de internet','US2025041744','','2025-12-04 04:17:26','2025-12-03 06:00:00','2025-12-04 04:17:26','no-image.png','',1,1),(213,'ISISRIHECA15',300.00,0.00,'122025','Servicios de internet','US2025041744','','2025-12-04 04:19:14','2025-12-03 06:00:00','2025-12-04 04:19:14','no-image.png','',1,1),(214,'ISISJECOCA22',700.00,0.00,'122025','Servicios de internet','US2025041744','','2025-12-05 10:25:19','2025-12-05 06:00:00','2025-12-05 10:25:19','no-image.png','',1,1),(215,'ISISWIKUCA9',300.00,0.00,'122025','Servicios de internet','US2025041744','','2025-12-08 00:35:57','2025-12-07 06:00:00','2025-12-08 00:35:57','no-image.png','',1,1),(216,'ISISADJICA7',300.00,0.00,'122025','Servicios de internet','US2025041744','','2025-12-08 00:37:31','2025-12-07 06:00:00','2025-12-08 00:37:31','no-image.png','',1,1),(217,'ISISJUMICA24',500.00,0.00,'122025','Servicios de internet','US2025041744','','2025-12-08 22:03:08','2025-12-08 06:00:00','2025-12-08 22:03:08','no-image.png','',1,1),(218,'ISISMAHUKA0',300.00,0.00,'122025','Servicios de internet','US2025041744','','2025-12-16 05:54:56','2025-12-15 06:00:00','2025-12-16 05:54:56','no-image.png','',1,1),(219,'ISISJORACA16',300.00,0.00,'122025','Servicios de internet','US2025041744','','2025-12-16 22:09:13','2025-12-16 06:00:00','2025-12-16 22:09:13','no-image.png','',1,1),(220,'ISISMIHUCA12',300.00,0.00,'122025','Servicios de internet','US2025041744','','2025-12-18 21:10:57','2025-12-18 06:00:00','2025-12-18 21:10:57','no-image.png','',1,1),(222,'ISIS0704081',400.00,0.00,'122025','Servicios de internet','US2025041744','','2025-12-19 19:27:35','2025-12-19 06:00:00','2025-12-19 19:27:35','no-image.png','',1,1),(223,'ISISMAROCA10',300.00,0.00,'122025','Servicios de internet','US2025041744','','2025-12-23 19:34:02','2025-12-23 06:00:00','2025-12-23 19:34:02','no-image.png','',1,1),(224,'ISISJOCACA11',300.00,0.00,'122025','Servicios de internet','US2025041744','','2025-12-27 00:32:39','2025-12-26 06:00:00','2025-12-27 00:32:39','no-image.png','',1,1),(225,'ISISANHECA14',200.00,0.00,'122025','Servicios de internet','US2025041744','','2025-12-29 01:32:34','2025-12-28 06:00:00','2025-12-29 01:32:34','no-image.png','',1,1),(226,'ISISCHMOCA18',300.00,0.00,'122025','Servicios de internet','US2025041744','','2026-01-04 03:59:50','2026-01-03 06:00:00','2026-01-04 03:59:50','no-image.png','',1,1),(228,'ISISCHMOCA18',300.00,0.00,'122026','Servicios de internet','US2025041744','','2026-01-05 00:45:12','2026-01-04 06:00:00','2026-01-05 00:45:12','no-image.png','',1,1),(229,'ISISLUCOCA21',300.00,0.00,'012026','Servicios de internet','US2025041744','','2026-01-05 00:46:03','2026-01-04 06:00:00','2026-01-05 00:46:03','no-image.png','',1,1),(230,'ISISJECOCA22',700.00,0.00,'012026','Servicios de internet','US2025041744','','2026-01-05 01:10:35','2026-01-04 06:00:00','2026-01-05 01:10:35','no-image.png','',1,1),(231,'ISISRIHECA15',300.00,0.00,'122026','Servicios de internet','US2025041744','','2026-01-07 01:00:27','2026-01-06 06:00:00','2026-01-07 01:00:27','no-image.png','',1,1),(232,'ISISRIFECA26',0.00,0.00,'','Mensualidad inicial',NULL,NULL,'2026-01-08 16:50:51','2026-01-08 16:50:51','2026-01-08 16:50:51',NULL,NULL,1,1),(233,'ISISADJICA7',300.00,0.00,'012026','Servicios de internet','US2025041744','','2026-01-08 23:04:43','2026-01-08 06:00:00','2026-01-08 23:04:43','no-image.png','',1,1),(234,'ISISJUMICA24',500.00,0.00,'012026','Servicios de internet','US2025041744','','2026-01-09 02:19:49','2026-01-08 06:00:00','2026-01-09 02:19:49','no-image.png','',1,1),(235,'ISISVECRCA4',300.00,0.00,'122025','Servicios de internet','US2025041744','','2026-01-09 02:28:53','2026-01-08 06:00:00','2026-01-09 02:28:53','no-image.png','',1,1),(237,'ISISVECRCA4',300.00,0.00,'012026','Servicios de internet','US2025041744','','2026-01-10 02:17:59','2026-01-09 06:00:00','2026-01-10 02:17:59','no-image.png','',1,1),(238,'ISISRIHECA15',300.00,0.00,'012026','Servicios de internet','US2025041744','','2026-01-11 00:13:51','2026-01-10 06:00:00','2026-01-11 00:13:51','no-image.png','',1,1),(239,'ISISDAMACA27',0.00,0.00,'','Mensualidad inicial',NULL,NULL,'2026-01-10 21:09:12','2026-01-10 21:09:12','2026-01-10 21:09:12',NULL,NULL,1,1),(240,'ISISWIKUCA9',300.00,0.00,'012026','Servicios de internet','US2025041744','','2026-01-11 06:41:32','2026-01-11 06:00:00','2026-01-11 06:41:32','no-image.png','',1,1),(241,'ISISJOTUCA3',99.00,0.00,'012026','Servicios de internet','US2025041744','','2026-01-11 06:57:14','2026-01-11 06:00:00','2026-01-11 06:57:14','no-image.png','',1,1),(242,'ISISEDCACA28',0.00,0.00,'','Mensualidad inicial',NULL,NULL,'2026-01-14 16:57:47','2026-01-14 16:57:47','2026-01-14 16:57:47',NULL,NULL,1,1),(243,'ISISMAHUKA0',300.00,0.00,'012026','Servicios de internet','US2025041744','','2026-01-15 20:51:12','2026-01-15 06:00:00','2026-01-15 20:51:12','no-image.png','',1,1),(244,'ISISJORACA16',300.00,0.00,'012026','Servicios de internet','US2025041744','','2026-01-16 00:56:06','2026-01-15 06:00:00','2026-01-16 00:56:06','no-image.png','',1,1),(245,'ISISANCHCA29',0.00,0.00,'','Mensualidad inicial',NULL,NULL,'2026-01-16 23:59:46','2026-01-16 23:59:46','2026-01-16 23:59:46',NULL,NULL,1,1),(246,'ISISMACHCA30',0.00,0.00,'','Mensualidad inicial',NULL,NULL,'2026-01-17 03:13:48','2026-01-17 03:13:48','2026-01-17 03:13:48',NULL,NULL,1,1),(247,'ISISMIHUCA12',300.00,0.00,'012026','Servicios de internet','US2025041744','','2026-01-19 00:45:16','2026-01-18 06:00:00','2026-01-19 00:45:16','no-image.png','',1,1),(248,'ISIS0704081',400.00,0.00,'012026','Servicios de internet','US2025041744','','2026-01-19 01:27:17','2026-01-18 06:00:00','2026-01-19 01:27:17','no-image.png','',1,1),(249,'ISISJOCACA11',300.00,0.00,'012026','Servicios de internet','US2025041744','','2026-01-19 07:00:16','2026-01-19 06:00:00','2026-01-19 07:00:16','no-image.png','',1,1),(250,'ISISMAROCA10',300.00,0.00,'012026','Servicios de internet','US2025041744','','2026-01-24 22:57:28','2026-01-24 06:00:00','2026-01-24 22:57:28','no-image.png','',1,1),(251,'ISISANHECA14',200.00,0.00,'012026','Servicios de internet','US2025041744','','2026-01-27 19:24:26','2026-01-27 06:00:00','2026-01-27 19:24:26','no-image.png','',1,1),(252,'ISISJOPOCA31',0.00,0.00,'','Mensualidad inicial',NULL,NULL,'2026-01-27 17:58:53','2026-01-27 17:58:53','2026-01-27 17:58:53',NULL,NULL,1,1),(253,'ISISARTUCA19',200.00,0.00,'012026','Servicios de internet','US2025041744','','2026-01-28 11:18:36','2026-01-28 06:00:00','2026-01-28 11:18:36','no-image.png','',1,1),(254,'ISISMATUCA32',0.00,0.00,'','Mensualidad inicial',NULL,NULL,'2026-01-29 15:39:51','2026-01-29 15:39:51','2026-01-29 15:39:51',NULL,NULL,1,1),(255,'ISISYATUCA33',0.00,0.00,'','Mensualidad inicial',NULL,NULL,'2026-01-30 14:24:14','2026-01-30 14:24:14','2026-01-30 14:24:14',NULL,NULL,1,1),(256,'ISISGATUCA34',0.00,0.00,'','Mensualidad inicial',NULL,NULL,'2026-01-30 20:14:18','2026-01-30 20:14:18','2026-01-30 20:14:18',NULL,NULL,1,1),(257,'ISISRIHECA15',300.00,0.00,'072025','Servicios de internet','US2025041744','','2026-01-31 02:19:12','2026-01-30 06:00:00','2026-01-31 02:19:12','no-image.png','',1,1),(258,'ISISCHMOCA18',300.00,0.00,'012026','Servicios de internet','US2025041744','','2026-01-31 02:19:46','2026-01-30 06:00:00','2026-01-31 02:19:46','no-image.png','',1,1),(259,'ISISLICHCA17',300.00,0.00,'012026','Servicios de internet','US2025041744','','2026-02-04 02:42:07','2026-02-03 06:00:00','2026-02-04 02:42:07','no-image.png','',1,1),(260,'ISISLUCOCA21',300.00,0.00,'022026','Servicios de internet','US2025041744','','2026-02-04 06:39:23','2026-02-04 06:00:00','2026-02-04 06:39:23','no-image.png','',1,1),(261,'ISISJECOCA22',700.00,0.00,'022026','Servicios de internet','US2025041744','','2026-02-05 01:54:39','2026-02-04 06:00:00','2026-02-05 01:54:39','no-image.png','',1,1),(262,'ISISLICHCA17',300.00,0.00,'022026','Servicios de internet','US2025041744','','2026-02-08 04:52:04','2026-02-07 06:00:00','2026-02-08 04:52:04','no-image.png','',1,1),(263,'ISISADJICA7',300.00,0.00,'022026','Servicios de internet','US2025041744','','2026-02-08 07:41:01','2026-02-08 06:00:00','2026-02-08 07:41:01','no-image.png','',1,1),(264,'ISISJORACA16',300.00,0.00,'082025','Servicios de internet','US2025041744','','2026-02-08 07:41:28','2026-02-08 06:00:00','2026-02-08 07:41:28','no-image.png','',1,1),(265,'ISISANCHCA29',99.00,0.00,'012026','Servicios de internet','US2025041744','','2026-02-08 07:45:24','2026-02-08 06:00:00','2026-02-08 07:45:24','no-image.png','',1,1),(266,'ISISJUMICA24',500.00,0.00,'022026','Servicios de internet','US2025041744','','2026-02-09 00:07:21','2026-02-08 06:00:00','2026-02-09 00:07:21','no-image.png','',1,1),(267,'ISISRODCA35',0.00,0.00,'012026','Mensualidad inicial',NULL,NULL,'2026-02-08 18:30:34','2026-02-08 18:30:34','2026-02-08 18:30:34',NULL,NULL,1,1),(268,'ISISELCOCA36',0.00,0.00,'012026','Mensualidad inicial',NULL,NULL,'2026-02-09 00:52:43','2026-02-09 00:52:43','2026-02-09 00:52:43',NULL,NULL,1,1),(269,'ISISVECRCA4',300.00,0.00,'022026','Servicios de internet','US2025041744','','2026-02-10 02:02:20','2026-02-09 06:00:00','2026-02-10 02:02:20','no-image.png','',1,1),(270,'ISISRIHECA15',300.00,0.00,'022026','Servicios de internet','US2025041744','','2026-02-10 20:47:42','2026-02-10 06:00:00','2026-02-10 20:47:42','no-image.png','',1,1),(271,'ISISWIKUCA9',300.00,0.00,'022026','Servicios de internet','US2025041744','','2026-02-11 07:19:17','2026-02-11 06:00:00','2026-02-11 07:19:17','no-image.png','',1,1),(272,'ISISRIFECA26',300.00,0.00,'022026','Servicios de internet','US2025041744','','2026-02-11 21:36:47','2026-02-11 06:00:00','2026-02-11 21:36:47','no-image.png','',1,1),(273,'ISISDAMACA27',99.00,0.00,'022026','Servicios de internet','US2025041744','','2026-02-12 10:45:16','2026-02-12 06:00:00','2026-02-12 10:45:16','no-image.png','',1,1),(274,'ISISDAMACA27',99.00,0.00,'092025','Servicios de internet','US2025041744','','2026-02-12 10:45:27','2026-02-12 06:00:00','2026-02-12 10:45:27','no-image.png','',1,1),(275,'ISISJOTUCA3',99.00,0.00,'022026','Servicios de internet','US2025041744','','2026-02-15 21:23:27','2026-02-15 06:00:00','2026-02-15 21:23:27','no-image.png','',1,1),(276,'ISISMACCA37',0.00,0.00,'012026','Mensualidad inicial',NULL,NULL,'2026-02-15 16:33:04','2026-02-15 16:33:04','2026-02-15 16:33:04',NULL,NULL,1,1),(277,'ISISJORACA16',300.00,0.00,'022026','Servicios de internet','US2025041744','','2026-02-16 07:51:41','2026-02-16 06:00:00','2026-02-16 07:51:41','no-image.png','',1,1),(278,'ISISMAHUKA0',300.00,0.00,'022026','Servicios de internet','US2025041744','','2026-02-16 07:52:03','2026-02-16 06:00:00','2026-02-16 07:52:03','no-image.png','',1,1),(279,'ISISANCHCA29',99.00,0.00,'022026','Servicios de internet','US2025041744','','2026-02-17 20:44:43','2026-02-17 06:00:00','2026-02-17 20:44:43','no-image.png','',1,1),(280,'ISISMIHUCA12',300.00,0.00,'022026','Servicios de internet','US2025041744','','2026-02-17 21:29:00','2026-02-17 06:00:00','2026-02-17 21:29:00','no-image.png','',1,1),(281,'ISISMACHCA30',200.00,0.00,'022026','Servicios de internet','US2025041744','','2026-02-18 01:36:14','2026-02-17 06:00:00','2026-02-18 01:36:14','no-image.png','',1,1),(282,'ISISFRTUCA38',0.00,0.00,'012026','Mensualidad inicial',NULL,NULL,'2026-02-18 18:33:24','2026-02-18 18:33:24','2026-02-18 18:33:24',NULL,NULL,1,1),(283,'ISISJJTTCA39',0.00,0.00,'012026','Mensualidad inicial',NULL,NULL,'2026-02-18 22:12:28','2026-02-18 22:12:28','2026-02-18 22:12:28',NULL,NULL,1,1),(284,'ISISJJTTCA39',130.00,0.00,'022026','Servicios de internet','US2025041744','','2026-02-19 04:18:39','2026-02-18 06:00:00','2026-02-19 04:18:39','no-image.png','',1,1),(285,'ISISEDCACA28',200.00,0.00,'022026','Servicios de internet','US2025041744','','2026-02-19 04:38:02','2026-02-18 06:00:00','2026-02-19 04:38:02','no-image.png','',1,1),(286,'ISISMAROCA10',300.00,0.00,'022026','Servicios de internet','US2025041744','','2026-02-23 20:30:19','2026-02-23 06:00:00','2026-02-23 20:30:19','no-image.png','',1,1),(287,'ISISSIARCA40',0.00,0.00,'012026','Mensualidad inicial',NULL,NULL,'2026-02-24 14:33:31','2026-02-24 14:33:31','2026-02-24 14:33:31',NULL,NULL,1,1),(288,'ISISHADZCA41',0.00,0.00,'012026','Mensualidad inicial',NULL,NULL,'2026-02-24 22:35:50','2026-02-24 22:35:50','2026-02-24 22:35:50',NULL,NULL,1,1),(289,'ISISARTUCA19',200.00,0.00,'022026','Servicios de internet','US2025041744','','2026-02-25 10:09:17','2026-02-25 06:00:00','2026-02-25 10:09:17','no-image.png','',1,1),(290,'ISISJOCACA11',300.00,0.00,'022026','Servicios de internet','US2025041744','','2026-02-26 10:55:09','2026-02-26 06:00:00','2026-02-26 10:55:09','no-image.png','',1,1),(291,'ISISANHECA14',200.00,0.00,'022026','Servicios de internet','US2025041744','','2026-02-27 20:32:08','2026-02-27 06:00:00','2026-02-27 20:32:08','no-image.png','',1,1),(292,'ISISJOPOCA31',200.00,0.00,'022026','Servicios de internet','US2025041744','','2026-02-27 22:55:57','2026-02-27 06:00:00','2026-02-27 22:55:57','no-image.png','',1,1),(293,'ISISHECOCA42',0.00,0.00,'012026','Mensualidad inicial',NULL,NULL,'2026-02-28 17:32:55','2026-02-28 17:32:55','2026-02-28 17:32:55',NULL,NULL,1,1),(294,'ISISCHMOCA18',300.00,0.00,'022026','Servicios de internet','US2025041744','','2026-03-02 03:16:03','2026-03-01 06:00:00','2026-03-02 03:16:03','no-image.png','',1,1),(295,'ISISMATUCA32',250.00,0.00,'022026','Servicios de internet','US2025041744','','2026-03-02 23:01:28','2026-03-02 06:00:00','2026-03-02 23:01:28','no-image.png','',1,1),(296,'ISISGATUCA34',200.00,0.00,'022026','Servicios de internet','US2025041744','','2026-03-03 22:32:42','2026-03-03 06:00:00','2026-03-03 22:32:42','no-image.png','',1,1),(297,'ISISLICHCA17',300.00,0.00,'032026','Servicios de internet','US2025041744','','2026-03-04 01:49:14','2026-03-03 06:00:00','2026-03-04 01:49:14','no-image.png','',1,1),(298,'ISISJECOCA22',700.00,0.00,'032026','Servicios de internet','US2025041744','','2026-03-04 04:03:42','2026-03-03 06:00:00','2026-03-04 04:03:42','no-image.png','',1,1),(299,'ISISKEAKCA43',0.00,0.00,'012026, 022026','Mensualidad inicial',NULL,NULL,'2026-03-04 16:46:11','2026-03-04 16:46:11','2026-03-04 16:46:11',NULL,NULL,1,1),(300,'ISISMATUCA32',250.00,0.00,'032026','Servicios de internet','US2025041744','','2026-03-05 21:22:27','2026-03-05 06:00:00','2026-03-05 21:22:27','no-image.png','',1,1),(301,'ISISMIROCA44',0.00,0.00,'012026, 022026','Mensualidad inicial',NULL,NULL,'2026-03-05 19:20:16','2026-03-05 19:20:16','2026-03-05 19:20:16',NULL,NULL,1,1),(302,'ISISLUCOCA21',300.00,0.00,'032026','Servicios de internet','US2025041744','','2026-03-06 01:20:36','2026-03-05 06:00:00','2026-03-06 01:20:36','no-image.png','',1,1),(303,'ISISRIHECA15',300.00,0.00,'032026','Servicios de internet','US2025041744','','2026-03-06 05:39:59','2026-03-05 06:00:00','2026-03-06 05:39:59','no-image.png','',1,1),(304,'ISISYATUCA33',200.00,0.00,'022026','Servicios de internet','US2025041744','','2026-03-07 11:49:07','2026-03-07 06:00:00','2026-03-07 11:49:07','no-image.png','',1,1),(305,'ISISJUMICA24',500.00,0.00,'032026','Servicios de internet','US2025041744','','2026-03-08 23:36:37','2026-03-08 06:00:00','2026-03-08 23:36:37','no-image.png','',1,1),(306,'ISISRIFECA26',300.00,0.00,'032026','Servicios de internet','US2025041744','','2026-03-10 17:16:29','2026-03-10 00:00:00','2026-03-10 17:16:29',NULL,'',1,1),(307,'ISISWIKUCA9',300.00,0.00,'032026','Servicios de internet','US2025041744','','2026-03-10 22:46:44','2026-03-11 00:00:00','2026-03-10 22:46:44',NULL,'',1,1),(308,'FIBEALVACA44',0.00,0.00,'012026, 022026','Mensualidad inicial',NULL,NULL,'2026-03-11 16:41:39','2026-03-11 16:41:39','2026-03-11 16:41:39',NULL,NULL,1,1),(309,'ISISJOTUCA3',99.00,0.00,'032026','Servicios de internet','US2025041744','','2026-03-11 22:14:43','2026-03-12 00:00:00','2026-03-11 22:14:43',NULL,'',1,1),(310,'ISISDAMACA27',99.00,0.00,'032026','Servicios de internet','US2025041744','','2026-03-11 22:16:06','2026-03-12 00:00:00','2026-03-11 22:16:06',NULL,'',1,1),(311,'ISISMIROCA44',200.00,0.00,'032026','Servicios de internet','US2025041744','','2026-03-12 20:50:09','2026-03-13 00:00:00','2026-03-12 20:50:09',NULL,'',1,1),(312,'ISISKEAKCA43',130.00,0.00,'032026','Servicios de internet','US2025041744','','2026-03-12 20:51:10','2026-03-13 00:00:00','2026-03-12 20:51:10',NULL,'',1,1),(313,'FIBEALVACA44',200.00,0.00,'032026','Servicios de internet','US2025041744','','2026-03-14 19:22:37','2026-03-15 00:00:00','2026-03-14 19:22:37',NULL,'',1,1),(314,'ISISMACCA37',200.00,0.00,'032026','Servicios de internet','US2025041744','','2026-03-15 10:27:11','2026-03-15 00:00:00','2026-03-15 10:27:11',NULL,'',1,1),(315,'ISISEDCACA28',200.00,0.00,'032026','Servicios de internet','US2025041744','','2026-03-15 10:28:04','2026-03-15 00:00:00','2026-03-15 10:28:04',NULL,'',1,1),(316,'ISISJORACA16',300.00,0.00,'032026','Servicios de internet','US2025041744','','2026-03-15 16:47:44','2026-03-15 00:00:00','2026-03-15 16:47:44',NULL,'',1,1),(317,'ISISREELCA5',99.00,0.00,'032026','Servicios de internet','US2025041744','','2026-03-17 00:07:47','2026-03-17 00:00:00','2026-03-17 00:07:47',NULL,'',1,1),(318,'ISISMACHCA30',200.00,0.00,'032026','Servicios de internet','US2025041744','','2026-03-17 09:30:13','2026-03-17 00:00:00','2026-03-17 09:30:13',NULL,'',1,1),(319,'ISISANCHCA29',99.00,0.00,'032026','Servicios de internet','US2025041744','','2026-03-17 09:31:49','2026-03-17 00:00:00','2026-03-17 09:31:49',NULL,'',1,1),(320,'ISISADJICA7',300.00,0.00,'032026','Servicios de internet','US2025041744','','2026-03-17 11:22:22','2026-03-17 00:00:00','2026-03-17 11:22:22',NULL,'',1,1),(321,'ISISMAHUKA0',300.00,0.00,'032026','Servicios de internet','US2025041744','','2026-03-17 11:48:13','2026-03-17 00:00:00','2026-03-17 11:48:13',NULL,'',1,1),(322,'ISISMIHUCA12',300.00,0.00,'032026','Servicios de internet','US2025041744','','2026-03-18 07:11:41','2026-03-18 00:00:00','2026-03-18 07:11:41',NULL,'',1,1),(323,'ISISMACCA37',200.00,0.00,'022026','Servicios de internet','US2025041744','','2026-03-18 20:19:44','2026-03-19 00:00:00','2026-03-18 20:19:44',NULL,'',1,1),(324,'ISISMACCA37',200.00,0.00,'042026','Servicios de internet','US2025041744','','2026-03-18 20:21:11','2026-03-19 00:00:00','2026-03-18 20:21:11',NULL,'',1,1),(325,'ISISJOCACA11',300.00,0.00,'032026','Servicios de internet','US2025041744','','2026-03-18 20:21:38','2026-03-19 00:00:00','2026-03-18 20:21:38','null','',1,1),(326,'ISIS0704081',400.00,0.00,'032026','Servicios de internet','US2025041744','','2026-03-20 15:37:07','2026-03-20 06:00:00','2026-03-20 15:37:07',NULL,'',1,1),(327,'ISIS0704081',400.00,0.00,'022026','Servicios de internet','US2025041744','','2026-03-20 23:09:29','2026-03-20 06:00:00','2026-03-20 23:09:29',NULL,'',1,1),(328,'ISIS0704081',400.00,0.00,'042026','Servicios de internet','US2025041744','','2026-03-22 19:09:45','2026-03-22 06:00:00','2026-03-22 19:09:45',NULL,'',1,1),(329,'ISISFRTUCA38',99.00,0.00,'032026','Servicios de internet','US2025041744','','2026-03-22 19:10:10','2026-03-22 06:00:00','2026-03-22 19:10:10',NULL,'',1,1),(330,'ISISVECRCA4',300.00,0.00,'032026','Servicios de internet','US2025041744','','2026-03-22 19:10:47','2026-03-22 06:00:00','2026-03-22 19:10:47',NULL,'',1,1),(331,'ISISTIMACA13',1.00,0.00,'032026','Servicios de internet','US2025041744','','2026-03-23 15:35:09','2026-03-23 06:00:00','2026-03-23 15:35:09',NULL,'',1,1),(332,'ISISSISICA2',2.00,0.00,'032026','Servicios de internet','US2025041744','','2026-03-23 15:35:34','2026-03-23 06:00:00','2026-03-23 15:35:34',NULL,'',1,1),(333,'ISISRODCA35',200.00,0.00,'032026','Servicios de internet','US2025041744','','2026-03-23 18:45:22','2026-03-23 06:00:00','2026-03-23 18:45:22',NULL,'',1,1),(334,'ISISHADZCA41',99.00,0.00,'032026','Servicios de internet','US2025041744','','2026-03-24 21:43:12','2026-03-24 06:00:00','2026-03-24 21:43:12',NULL,'',1,1),(335,'ISISSIARCA40',130.00,0.00,'032026','Servicios de internet','US2025041744','','2026-03-26 04:30:30','2026-03-26 06:00:00','2026-03-26 04:30:30',NULL,'',1,1),(336,'ISISANHECA14',200.00,0.00,'032026','Servicios de internet','US2025041744','','2026-03-27 17:52:21','2026-03-27 06:00:00','2026-03-27 17:52:21',NULL,'',1,1),(337,'ISISJOPOCA31',200.00,0.00,'032026','Servicios de internet','US2025041744','','2026-03-28 01:00:47','2026-03-28 06:00:00','2026-03-28 01:00:47',NULL,'',1,1),(338,'ISISARTUCA19',200.00,0.00,'032026','Servicios de internet','US2025041744','','2026-03-28 18:21:56','2026-03-28 06:00:00','2026-03-28 18:21:56',NULL,'',1,1),(339,'ISISSIARCA40',130.00,0.00,'022026','Servicios de internet','US2025041744','','2026-03-28 18:24:19','2026-03-28 06:00:00','2026-03-28 18:24:19',NULL,'',1,1),(340,'ISISHADZCA41',99.00,0.00,'022026','Servicios de internet','US2025041744','','2026-03-28 18:24:50','2026-03-28 06:00:00','2026-03-28 18:24:50',NULL,'',1,1),(341,'ISISMAROCA10',300.00,0.00,'032026','Servicios de internet','US2025041744','','2026-03-28 22:29:34','2026-03-28 06:00:00','2026-03-28 22:29:34',NULL,'',1,1),(342,'ISISSIARCA40',130.00,0.00,'042026','Servicios de internet','US2025041744','','2026-03-29 16:54:44','2026-03-29 06:00:00','2026-03-29 16:54:44',NULL,'',1,1),(343,'ISISHADZCA41',99.00,0.00,'042026','Servicios de internet','US2025041744','','2026-03-29 16:55:08','2026-03-29 06:00:00','2026-03-29 16:55:08',NULL,'',1,1),(344,'ISISCHMOCA18',300.00,0.00,'032026','Servicios de internet','US2025041744','','2026-03-30 18:39:58','2026-03-30 06:00:00','2026-03-30 18:39:58',NULL,'',1,1),(346,'ISISGATUCA34',200.00,0.00,'032026','Servicios de internet','US2025041744','','2026-03-31 15:02:30','2026-03-31 06:00:00','2026-03-31 15:02:30',NULL,'',1,1),(347,'ISISHECOCA42',130.00,0.00,'032026','Servicios de internet','US2025041744','','2026-04-02 20:10:45','2026-04-02 06:00:00','2026-04-02 20:10:45',NULL,'',1,1),(348,'ISISELCOCA36',250.00,0.00,'042026','Servicios de internet','US2025041744','','2026-04-02 20:21:52','2026-04-02 06:00:00','2026-04-02 20:21:52',NULL,'',1,1),(349,'ISISLUCOCA21',300.00,0.00,'042026','Servicios de internet','US2025041744','','2026-04-03 14:11:06','2026-04-03 06:00:00','2026-04-03 14:11:06',NULL,'',1,1),(350,'ISISMATUCA32',250.00,0.00,'042026','Servicios de internet','US2025041744','','2026-04-05 18:29:33','2026-04-05 06:00:00','2026-04-05 18:29:33',NULL,'',1,1),(351,'ISISMIROCA44',200.00,0.00,'042026','Servicios de internet','US2025041744','','2026-04-05 18:36:13','2026-04-05 06:00:00','2026-04-05 18:36:13',NULL,'',1,1),(352,'ISISYATUCA33',200.00,0.00,'032026','Servicios de internet','US2025041744','','2026-04-05 18:54:44','2026-04-05 06:00:00','2026-04-05 18:54:44',NULL,'',1,1),(353,'ISISJECOCA22',700.00,0.00,'042026','Servicios de internet','US2025041744','','2026-04-05 20:48:51','2026-04-05 06:00:00','2026-04-05 20:48:51',NULL,'',1,1),(354,'ISISADJICA7',300.00,0.00,'042026','Servicios de internet','US2025041744','','2026-04-06 03:17:47','2026-04-06 06:00:00','2026-04-06 03:17:47',NULL,'',1,1),(355,'FIBESAFECA45',0.00,0.00,'012026, 022026, 032026','Mensualidad inicial',NULL,NULL,'2026-04-06 16:45:53','2026-04-06 16:45:53','2026-04-06 16:45:53',NULL,NULL,1,1),(356,'ISISLICHCA17',300.00,0.00,'042026','Servicios de internet','US2025041744','','2026-04-07 23:25:16','2026-04-07 06:00:00','2026-04-07 23:25:16',NULL,'',1,1),(357,'ISISJUMICA24',500.00,0.00,'042026','Servicios de internet','US2025041744','','2026-04-08 22:50:54','2026-04-08 06:00:00','2026-04-08 22:50:54',NULL,'',1,1),(358,'ISISKEAKCA43',130.00,0.00,'042026','Servicios de internet','US2025041744','','2026-04-09 15:36:06','2026-04-09 06:00:00','2026-04-09 15:36:06',NULL,'',1,1),(359,'ISISRODCA35',200.00,0.00,'042026','Servicios de internet','US2025041744','','2026-04-11 20:09:44','2026-04-11 06:00:00','2026-04-11 20:09:44',NULL,'',1,1),(361,'ISISJOPOCA31',200.00,0.00,'012026','Servicios de internet','US2025041744','','2026-04-12 18:10:16','2026-04-12 06:00:00','2026-04-12 18:10:16',NULL,'',1,1),(362,'ISISJOPOCA31',200.00,0.00,'042026','Servicios de internet','US2025041744','','2026-04-13 15:33:02','2026-04-13 06:00:00','2026-04-13 15:33:02',NULL,'',1,1),(363,'ISISVECRCA4',200.00,0.00,'042026','Servicios de internet','US2025041744','','2026-04-13 16:33:39','2026-04-13 06:00:00','2026-04-13 16:33:39',NULL,'',1,1),(364,'ISISJOTUCA3',99.00,0.00,'042026','Servicios de internet','US2025041744','','2026-04-15 22:36:50','2026-04-15 06:00:00','2026-04-15 22:36:50',NULL,'',1,1),(365,'ISISDAMACA27',99.00,0.00,'042026','Servicios de internet','US2025041744','','2026-04-15 22:37:15','2026-04-15 06:00:00','2026-04-15 22:37:15',NULL,'',1,1),(366,'ISISMAHUKA0',300.00,0.00,'042026','Servicios de internet','US2025041744','','2026-04-15 22:46:13','2026-04-15 06:00:00','2026-04-15 22:46:13',NULL,'',1,1),(367,'FIBEALVACA44',200.00,0.00,'042026','Servicios de internet','US2025041744','','2026-04-17 04:18:55','2026-04-17 06:00:00','2026-04-17 04:18:55',NULL,'',1,1),(368,'ISISMACHCA30',200.00,0.00,'042026','Servicios de internet','US2025041744','','2026-04-17 14:17:14','2026-04-17 06:00:00','2026-04-17 14:17:14',NULL,'',1,1),(369,'ISISREELCA5',99.00,0.00,'042026','Servicios de internet','US2025041744','','2026-04-17 17:20:12','2026-04-17 06:00:00','2026-04-17 17:20:12',NULL,'',1,1),(370,'ISISMIHUCA12',300.00,0.00,'042026','Servicios de internet','US2025041744','','2026-04-18 04:14:17','2026-04-18 06:00:00','2026-04-18 04:14:17',NULL,'',1,1),(371,'ISISEDCACA28',200.00,0.00,'042026','Servicios de internet','US2025041744','','2026-04-18 23:35:08','2026-04-18 06:00:00','2026-04-18 23:35:08',NULL,'',1,1),(372,'FIBEMEJCA46',0.00,0.00,'012026, 022026, 032026','Mensualidad inicial',NULL,NULL,'2026-04-20 15:14:29','2026-04-20 15:14:29','2026-04-20 15:14:29',NULL,NULL,1,1),(373,'ISIS0704081',400.00,0.00,'052026','Servicios de internet','US2025041744','','2026-04-20 22:28:51','2026-04-20 06:00:00','2026-04-20 22:28:51',NULL,'',1,1),(374,'ISISMAROCA10',300.00,0.00,'042026','Servicios de internet','US2025041744','','2026-04-21 03:38:02','2026-04-21 06:00:00','2026-04-21 03:38:02',NULL,'',1,1),(375,'ISISANCHCA29',99.00,0.00,'042026','Servicios de internet','US2025041744','','2026-04-21 20:34:19','2026-04-21 06:00:00','2026-04-21 20:34:19',NULL,'',1,1),(376,'FIBEFEFUCA47',0.00,0.00,'012026, 022026, 032026','Mensualidad inicial',NULL,NULL,'2026-04-21 20:44:15','2026-04-21 20:44:15','2026-04-21 20:44:15',NULL,NULL,1,1),(377,'ISISTIMACA13',1.00,0.00,'042026','Servicios de internet','US2025041744','','2026-04-23 13:23:16','2026-04-23 06:00:00','2026-04-23 13:23:16',NULL,'',1,1),(378,'ISISSISICA2',2.00,0.00,'042026','Servicios de internet','US2025041744','','2026-04-23 13:23:49','2026-04-23 06:00:00','2026-04-23 13:23:49',NULL,'',1,1),(379,'FIBEREPOCA48',0.00,0.00,'012026, 022026, 032026','Mensualidad inicial',NULL,NULL,'2026-04-23 14:55:22','2026-04-23 14:55:22','2026-04-23 14:55:22',NULL,NULL,1,1),(380,'FIBERAPECA49',0.00,0.00,'012026, 022026, 032026','Mensualidad inicial',NULL,NULL,'2026-04-24 17:05:09','2026-04-24 17:05:09','2026-04-24 17:05:09',NULL,NULL,1,1),(381,'ISISARTUCA19',200.00,0.00,'042026','Servicios de internet','US2025041744','','2026-04-25 02:44:40','2026-04-25 06:00:00','2026-04-25 02:44:40',NULL,'',1,1),(382,'ISISVECRCA4',200.00,0.00,'052026','Servicios de internet','US2025041744','','2026-04-25 02:45:46','2026-04-25 06:00:00','2026-04-25 02:45:46',NULL,'',1,1),(383,'ISISDAMACA27',99.00,0.00,'012026','Servicios de internet','US2025041744','','2026-04-25 19:49:46','2026-04-25 06:00:00','2026-04-25 19:49:46',NULL,'',1,1),(384,'ISISDAMACA27',99.00,0.00,'052026','Servicios de internet','US2025041744','','2026-04-26 13:58:28','2026-04-26 06:00:00','2026-04-26 13:58:28',NULL,'',1,1),(385,'ISISRIFECA26',200.00,0.00,'042026','Servicios de internet','US2025041744','','2026-04-26 18:41:14','2026-04-26 06:00:00','2026-04-26 18:41:14',NULL,'',1,1),(386,'ISISRIFECA26',200.00,0.00,'012026','Servicios de internet','US2025041744','','2026-04-26 19:12:20','2026-04-26 06:00:00','2026-04-26 19:12:20',NULL,'',1,1),(387,'ISISANHECA14',200.00,0.00,'042026','Servicios de internet','US2025041744','','2026-04-27 15:01:21','2026-04-27 06:00:00','2026-04-27 15:01:21',NULL,'',1,1),(388,'ISISRIFECA26',200.00,0.00,'052026','Servicios de internet','US2025041744','','2026-04-27 15:02:13','2026-04-27 06:00:00','2026-04-27 15:02:13',NULL,'',1,1),(389,'ISISHADZCA41',99.00,0.00,'052026','Servicios de internet','US2025041744','','2026-04-27 15:03:02','2026-04-27 06:00:00','2026-04-27 15:03:02',NULL,'',1,1),(390,'ISISWIKUCA9',300.00,0.00,'042026','Servicios de internet','US2025041744','','2026-04-28 23:40:03','2026-04-28 06:00:00','2026-04-28 23:40:03',NULL,'',1,1),(391,'ISISSIARCA40',130.00,0.00,'052026','Servicios de internet','US2025041744','','2026-04-30 13:12:27','2026-04-30 06:00:00','2026-04-30 13:12:27',NULL,'',1,1),(392,'ISISCHMOCA18',300.00,0.00,'042026','Servicios de internet','US2025041744','','2026-04-30 17:42:52','2026-04-30 06:00:00','2026-04-30 17:42:52',NULL,'',1,1),(393,'FIBEPAUCCA50',0.00,0.00,'012026, 022026, 032026','Mensualidad inicial',NULL,NULL,'2026-04-30 23:32:56','2026-04-30 23:32:56','2026-04-30 23:32:56',NULL,NULL,1,1),(394,'ISISDAMACA27',99.00,0.00,'062026','Servicios de internet','US2025041744','','2026-05-01 00:04:58','2026-05-01 06:00:00','2026-05-01 00:04:58',NULL,'',1,1),(395,'ISISHECOCA42',130.00,0.00,'042026','Servicios de internet','US2025041744','','2026-05-01 00:05:41','2026-05-01 06:00:00','2026-05-01 00:05:41',NULL,'',1,1),(396,'ISISJOCACA11',300.00,0.00,'042026','Servicios de internet','US2025041744','','2026-05-01 04:08:11','2026-05-01 06:00:00','2026-05-01 04:08:11',NULL,'',1,1);

--
-- Table structure for table `pagos_status`
--

CREATE TABLE `pagos_status` (
  `pago_status` int NOT NULL AUTO_INCREMENT,
  `pago_status_nombre` varchar(50) CHARACTER SET utf8mb3 COLLATE utf8mb3_spanish2_ci NOT NULL,
  `descripcion` varchar(50) CHARACTER SET utf8mb3 COLLATE utf8mb3_spanish2_ci NOT NULL,
  PRIMARY KEY (`pago_status`)
) ENGINE=InnoDB AUTO_INCREMENT=4 DEFAULT CHARSET=utf8mb3 COLLATE=utf8mb3_spanish2_ci;

--
-- Dumping data for table `pagos_status`
--

INSERT INTO `pagos_status` VALUES (1,'Autorizado','Se reviso y se acepto con exito'),(2,'Revision','No se pudo comprobar el pago'),(3,'Rechazado','Pago rechazado');

--
-- Table structure for table `pagos_tipos`
--

CREATE TABLE `pagos_tipos` (
  `pago_tipo_id` int NOT NULL AUTO_INCREMENT,
  `pago_tipo_nombre` varchar(50) CHARACTER SET utf8mb3 COLLATE utf8mb3_spanish2_ci NOT NULL,
  `descripcion` varchar(50) CHARACTER SET utf8mb3 COLLATE utf8mb3_spanish2_ci NOT NULL,
  PRIMARY KEY (`pago_tipo_id`)
) ENGINE=InnoDB AUTO_INCREMENT=3 DEFAULT CHARSET=utf8mb3 COLLATE=utf8mb3_spanish2_ci;

--
-- Dumping data for table `pagos_tipos`
--

INSERT INTO `pagos_tipos` VALUES (1,'Efectivo','Se realizo el pago en efectivo'),(2,'Virtual','Se realizo el pago por transferencia bancaria');

--
-- Table structure for table `paquetes`
--

CREATE TABLE `paquetes` (
  `idpaquete` int NOT NULL AUTO_INCREMENT,
  `nombre_paquete` varchar(50) CHARACTER SET utf8mb3 COLLATE utf8mb3_spanish_ci NOT NULL,
  `ancho_banda` varchar(50) CHARACTER SET utf8mb3 COLLATE utf8mb3_spanish_ci NOT NULL,
  `tipo_paquete` int NOT NULL DEFAULT '1',
  `precio` decimal(20,2) NOT NULL DEFAULT '0.00',
  PRIMARY KEY (`idpaquete`)
) ENGINE=InnoDB AUTO_INCREMENT=13 DEFAULT CHARSET=utf8mb3 COLLATE=utf8mb3_spanish_ci;

--
-- Dumping data for table `paquetes`
--

INSERT INTO `paquetes` VALUES (1,'Gratis','10M/10M',1,0.00),(2,'50Mbps','50M/50M',1,300.00),(3,'65Mbps','65M/65M',1,400.00),(4,'80Mbps','80M/80M',1,500.00),(5,'30Mbps','30M/30M',1,200.00),(6,'51Mbps','51M/51M',1,300.00),(7,'Paquete 100','100M/100M',1,500.00),(8,'35mbps','35M/35M',1,250.00),(10,'10Mbps','10/10',1,99.00),(11,'25mbps','25M/25M',1,200.00),(12,'15Mbps','15M/15M',1,130.00);

--
-- Table structure for table `periodos`
--

CREATE TABLE `periodos` (
  `periodo_id` varchar(8) CHARACTER SET utf8mb3 COLLATE utf8mb3_spanish2_ci NOT NULL,
  `mesinicio` varchar(50) CHARACTER SET utf8mb3 COLLATE utf8mb3_spanish2_ci NOT NULL,
  `mesfin` varchar(50) CHARACTER SET utf8mb3 COLLATE utf8mb3_spanish_ci NOT NULL,
  PRIMARY KEY (`periodo_id`)
) ENGINE=InnoDB DEFAULT CHARSET=utf8mb3 COLLATE=utf8mb3_spanish_ci;

--
-- Dumping data for table `periodos`
--

INSERT INTO `periodos` VALUES ('01','Enero','Febrero'),('02','Febrero','Marzo'),('03','Marzo','Abril'),('04','Abril','Mayo'),('05','Mayo','Junio'),('06','Junio','Julio'),('07','Julio','Agosto'),('08','Agosto','Septiembre'),('09','Septiembre','Octubre'),('10','Octubre','Noviembre'),('11','Noviembre','Diciembre'),('12','Diciembre','Enero');

--
-- Table structure for table `periodos_pagados`
--

CREATE TABLE `periodos_pagados` (
  `id` int NOT NULL AUTO_INCREMENT,
  `periodo_id` varchar(20) CHARACTER SET utf8mb3 COLLATE utf8mb3_spanish2_ci NOT NULL,
  `cliente_id` varchar(50) CHARACTER SET utf8mb3 COLLATE utf8mb3_spanish2_ci NOT NULL,
  `pago_id` int NOT NULL,
  `status` enum('definitivo','temporal') CHARACTER SET utf8mb3 COLLATE utf8mb3_unicode_ci NOT NULL DEFAULT 'definitivo',
  `caducidad` date DEFAULT NULL,
  PRIMARY KEY (`id`),
  KEY `cliente_id` (`cliente_id`),
  KEY `pago_id` (`pago_id`)
) ENGINE=InnoDB AUTO_INCREMENT=451 DEFAULT CHARSET=utf8mb3 COLLATE=utf8mb3_unicode_ci;

--
-- Dumping data for table `periodos_pagados`
--

INSERT INTO `periodos_pagados` VALUES (1,'042025','ISISMAHUKA0',1,'definitivo',NULL),(2,'012025','ISIS0704081',5,'definitivo',NULL),(3,'022025','ISIS0704081',6,'definitivo',NULL),(4,'032025','ISIS0704081',7,'definitivo',NULL),(5,'012025','ISISJOTUCA3',8,'definitivo',NULL),(6,'022025','ISISJOTUCA3',9,'definitivo',NULL),(7,'032025','ISISJOTUCA3',10,'definitivo',NULL),(8,'012025','ISISVECRCA4',11,'definitivo',NULL),(9,'022025','ISISVECRCA4',12,'definitivo',NULL),(10,'032025','ISISVECRCA4',13,'definitivo',NULL),(11,'042025','ISISVECRCA4',14,'definitivo',NULL),(12,'052025','ISISMAHUKA0',15,'definitivo',NULL),(13,'042025','ISIS0704081',16,'definitivo',NULL),(14,'052025','ISIS0704081',17,'definitivo',NULL),(15,'012025','ISISBRYACA6',18,'definitivo',NULL),(16,'022025','ISISBRYACA6',19,'definitivo',NULL),(17,'032025','ISISBRYACA6',20,'definitivo',NULL),(18,'042025','ISISBRYACA6',21,'definitivo',NULL),(19,'052025','ISISJOTUCA3',22,'definitivo',NULL),(20,'012025','ISISADJICA7',23,'definitivo',NULL),(21,'022025','ISISADJICA7',24,'definitivo',NULL),(22,'032025','ISISADJICA7',25,'definitivo',NULL),(23,'042025','ISISADJICA7',26,'definitivo',NULL),(24,'052025','ISISADJICA7',27,'definitivo',NULL),(25,'062025','ISISVECRCA4',28,'definitivo',NULL),(26,'012025','ISISEMGOCA8',29,'definitivo',NULL),(27,'022025','ISISEMGOCA8',30,'definitivo',NULL),(28,'032025','ISISEMGOCA8',31,'definitivo',NULL),(29,'042025','ISISEMGOCA8',32,'definitivo',NULL),(30,'052025','ISISEMGOCA8',33,'definitivo',NULL),(31,'052025','ISISREELCA5',34,'definitivo',NULL),(32,'012025','ISISWIKUCA9',35,'definitivo',NULL),(33,'022025','ISISWIKUCA9',36,'definitivo',NULL),(34,'032025','ISISWIKUCA9',37,'definitivo',NULL),(35,'042025','ISISWIKUCA9',38,'definitivo',NULL),(36,'052025','ISISWIKUCA9',39,'definitivo',NULL),(37,'012025','ISISMAROCA10',40,'definitivo',NULL),(38,'022025','ISISMAROCA10',41,'definitivo',NULL),(39,'032025','ISISMAROCA10',42,'definitivo',NULL),(40,'042025','ISISMAROCA10',43,'definitivo',NULL),(41,'052025','ISISMAROCA10',44,'definitivo',NULL),(42,'062025','ISISREELCA5',45,'definitivo',NULL),(43,'012025','ISISJOCACA11',46,'definitivo',NULL),(44,'022025','ISISJOCACA11',47,'definitivo',NULL),(45,'032025','ISISJOCACA11',48,'definitivo',NULL),(46,'042025','ISISJOCACA11',49,'definitivo',NULL),(47,'052025','ISISJOCACA11',50,'definitivo',NULL),(48,'012025','ISISMIHUCA12',51,'definitivo',NULL),(49,'022025','ISISMIHUCA12',52,'definitivo',NULL),(50,'032025','ISISMIHUCA12',53,'definitivo',NULL),(51,'042025','ISISMIHUCA12',54,'definitivo',NULL),(52,'052025','ISISMIHUCA12',55,'definitivo',NULL),(53,'062025','ISISMAHUKA0',56,'definitivo',NULL),(54,'062025','ISIS0704081',57,'definitivo',NULL),(55,'062025','ISISBRYACA6',58,'definitivo',NULL),(56,'062025','ISISJOTUCA3',59,'definitivo',NULL),(57,'012025','ISISANHECA14',60,'definitivo',NULL),(58,'022025','ISISANHECA14',61,'definitivo',NULL),(59,'032025','ISISANHECA14',62,'definitivo',NULL),(60,'042025','ISISANHECA14',63,'definitivo',NULL),(61,'052025','ISISANHECA14',64,'definitivo',NULL),(62,'012025','ISISRIHECA15',65,'definitivo',NULL),(63,'022025','ISISRIHECA15',66,'definitivo',NULL),(64,'032025','ISISRIHECA15',67,'definitivo',NULL),(65,'042025','ISISRIHECA15',68,'definitivo',NULL),(66,'052025','ISISRIHECA15',69,'definitivo',NULL),(67,'062025','ISISRIHECA15',70,'definitivo',NULL),(68,'072025','ISISVECRCA4',71,'definitivo',NULL),(69,'072025','ISISWIKUCA9',72,'definitivo',NULL),(70,'072025','ISISEMGOCA8',73,'definitivo',NULL),(71,'072025','ISISMAHUKA0',74,'definitivo',NULL),(72,'072025','ISISJOCACA11',75,'definitivo',NULL),(73,'072025','ISIS0704081',76,'definitivo',NULL),(74,'072025','ISISMIHUCA12',77,'definitivo',NULL),(75,'072025','ISISJOTUCA3',78,'definitivo',NULL),(76,'072025','ISISANHECA14',79,'definitivo',NULL),(77,'082025','ISISADJICA7',80,'definitivo',NULL),(78,'082025','ISISVECRCA4',81,'definitivo',NULL),(79,'082025','ISISMAROCA10',82,'definitivo',NULL),(80,'012025','ISISJORACA16',83,'definitivo',NULL),(81,'022025','ISISJORACA16',84,'definitivo',NULL),(82,'032025','ISISJORACA16',85,'definitivo',NULL),(83,'042025','ISISJORACA16',86,'definitivo',NULL),(84,'052025','ISISJORACA16',87,'definitivo',NULL),(85,'062025','ISISJORACA16',88,'definitivo',NULL),(86,'072025','ISISJORACA16',89,'definitivo',NULL),(87,'082025','ISISWIKUCA9',90,'definitivo',NULL),(88,'012025','ISISLICHCA17',91,'definitivo',NULL),(89,'022025','ISISLICHCA17',92,'definitivo',NULL),(90,'032025','ISISLICHCA17',93,'definitivo',NULL),(91,'042025','ISISLICHCA17',94,'definitivo',NULL),(92,'052025','ISISLICHCA17',95,'definitivo',NULL),(93,'062025','ISISLICHCA17',96,'definitivo',NULL),(94,'072025','ISISLICHCA17',97,'definitivo',NULL),(95,'082025','ISISMAHUKA0',98,'definitivo',NULL),(96,'082025','ISISMIHUCA12',100,'definitivo',NULL),(97,'082025','ISIS0704081',101,'definitivo',NULL),(98,'082025','ISISJOTUCA3',102,'definitivo',NULL),(99,'082025','ISISANHECA14',103,'definitivo',NULL),(100,'082025','ISISEMGOCA8',104,'definitivo',NULL),(101,'082025','ISISJOCACA11',106,'definitivo',NULL),(102,'092025','ISISADJICA7',107,'definitivo',NULL),(103,'092025','ISISWIKUCA9',108,'definitivo',NULL),(104,'092025','ISISVECRCA4',109,'definitivo',NULL),(105,'092025','ISISMAHUKA0',110,'definitivo',NULL),(106,'092025','ISISJORACA16',111,'definitivo',NULL),(107,'092025','ISISMIHUCA12',112,'definitivo',NULL),(108,'092025','ISIS0704081',113,'definitivo',NULL),(109,'092025','ISISJOCACA11',114,'definitivo',NULL),(110,'092025','ISISMAROCA10',115,'definitivo',NULL),(111,'092025','ISISJOTUCA3',116,'definitivo',NULL),(112,'092025','ISISANHECA14',117,'definitivo',NULL),(113,'092025','ISISEMGOCA8',118,'definitivo',NULL),(114,'092025','ISISLICHCA17',119,'definitivo',NULL),(115,'012025','ISISCHMOCA18',120,'definitivo',NULL),(116,'022025','ISISCHMOCA18',121,'definitivo',NULL),(117,'032025','ISISCHMOCA18',122,'definitivo',NULL),(118,'042025','ISISCHMOCA18',123,'definitivo',NULL),(119,'052025','ISISCHMOCA18',124,'definitivo',NULL),(120,'062025','ISISCHMOCA18',125,'definitivo',NULL),(121,'072025','ISISCHMOCA18',126,'definitivo',NULL),(122,'082025','ISISCHMOCA18',127,'definitivo',NULL),(123,'012025','ISISARTUCA19',128,'definitivo',NULL),(124,'022025','ISISARTUCA19',129,'definitivo',NULL),(125,'032025','ISISARTUCA19',130,'definitivo',NULL),(126,'042025','ISISARTUCA19',131,'definitivo',NULL),(127,'052025','ISISARTUCA19',132,'definitivo',NULL),(128,'062025','ISISARTUCA19',133,'definitivo',NULL),(129,'072025','ISISARTUCA19',134,'definitivo',NULL),(130,'082025','ISISARTUCA19',135,'definitivo',NULL),(131,'092025','ISISARTUCA19',136,'definitivo',NULL),(132,'012025','ISISJECOCA20',137,'definitivo',NULL),(133,'022025','ISISJECOCA20',138,'definitivo',NULL),(134,'032025','ISISJECOCA20',139,'definitivo',NULL),(135,'042025','ISISJECOCA20',140,'definitivo',NULL),(136,'052025','ISISJECOCA20',141,'definitivo',NULL),(137,'062025','ISISJECOCA20',142,'definitivo',NULL),(138,'072025','ISISJECOCA20',143,'definitivo',NULL),(139,'082025','ISISJECOCA20',144,'definitivo',NULL),(140,'092025','ISISJECOCA20',145,'definitivo',NULL),(141,'012025','ISISLUCOCA21',146,'definitivo',NULL),(142,'022025','ISISLUCOCA21',147,'definitivo',NULL),(143,'032025','ISISLUCOCA21',148,'definitivo',NULL),(144,'042025','ISISLUCOCA21',149,'definitivo',NULL),(145,'052025','ISISLUCOCA21',150,'definitivo',NULL),(146,'062025','ISISLUCOCA21',151,'definitivo',NULL),(147,'072025','ISISLUCOCA21',152,'definitivo',NULL),(148,'082025','ISISLUCOCA21',153,'definitivo',NULL),(149,'092025','ISISLUCOCA21',154,'definitivo',NULL),(150,'012025','ISISJECOCA22',155,'definitivo',NULL),(151,'022025','ISISJECOCA22',156,'definitivo',NULL),(152,'032025','ISISJECOCA22',157,'definitivo',NULL),(153,'042025','ISISJECOCA22',158,'definitivo',NULL),(154,'052025','ISISJECOCA22',159,'definitivo',NULL),(155,'062025','ISISJECOCA22',160,'definitivo',NULL),(156,'072025','ISISJECOCA22',161,'definitivo',NULL),(157,'082025','ISISJECOCA22',162,'definitivo',NULL),(158,'092025','ISISJECOCA22',163,'definitivo',NULL),(159,'102025','ISISADJICA7',164,'definitivo',NULL),(160,'092025','ISISRIHECA15',165,'definitivo',NULL),(161,'012025','ISISEDTUCA23',166,'definitivo',NULL),(162,'022025','ISISEDTUCA23',167,'definitivo',NULL),(163,'032025','ISISEDTUCA23',168,'definitivo',NULL),(164,'042025','ISISEDTUCA23',169,'definitivo',NULL),(165,'052025','ISISEDTUCA23',170,'definitivo',NULL),(166,'062025','ISISEDTUCA23',171,'definitivo',NULL),(167,'072025','ISISEDTUCA23',172,'definitivo',NULL),(168,'082025','ISISEDTUCA23',173,'definitivo',NULL),(169,'092025','ISISEDTUCA23',174,'definitivo',NULL),(170,'102025','ISISWIKUCA9',175,'definitivo',NULL),(171,'102025','ISISJORACA16',176,'definitivo',NULL),(172,'102025','ISISMAHUKA0',177,'definitivo',NULL),(173,'102025','ISISMIHUCA12',178,'definitivo',NULL),(174,'102025','ISISJOCACA11',179,'definitivo',NULL),(175,'102025','ISIS0704081',180,'definitivo',NULL),(176,'102025','ISISMAROCA10',181,'definitivo',NULL),(178,'102025','ISISANHECA14',183,'definitivo',NULL),(179,'102025','ISISCHMOCA18',184,'definitivo',NULL),(181,'102025','ISISRIHECA15',186,'definitivo',NULL),(182,'112025','ISISJECOCA22',187,'definitivo',NULL),(183,'112025','ISISLUCOCA21',188,'definitivo',NULL),(184,'112025','ISISADJICA7',189,'definitivo',NULL),(185,'012025','ISISJUMICA24',190,'definitivo',NULL),(186,'022025','ISISJUMICA24',191,'definitivo',NULL),(187,'032025','ISISJUMICA24',192,'definitivo',NULL),(188,'042025','ISISJUMICA24',193,'definitivo',NULL),(189,'052025','ISISJUMICA24',194,'definitivo',NULL),(190,'062025','ISISJUMICA24',195,'definitivo',NULL),(191,'072025','ISISJUMICA24',196,'definitivo',NULL),(192,'082025','ISISJUMICA24',197,'definitivo',NULL),(193,'092025','ISISJUMICA24',198,'definitivo',NULL),(194,'102025','ISISJUMICA24',199,'definitivo',NULL),(195,'112025','ISISWIKUCA9',200,'definitivo',NULL),(196,'112025','ISISRIHECA15',201,'definitivo',NULL),(197,'112025','ISISJORACA16',202,'definitivo',NULL),(198,'112025','ISISMAHUKA0',203,'definitivo',NULL),(200,'112025','ISISMIHUCA12',205,'definitivo',NULL),(201,'112025','ISIS0704081',206,'definitivo',NULL),(202,'112025','ISISMAROCA10',207,'definitivo',NULL),(256,'112025','ISISJOTUCA3',208,'definitivo',NULL),(258,'112025','ISISANHECA14',210,'definitivo',NULL),(259,'112025','ISISCHMOCA18',211,'definitivo',NULL),(260,'122025','ISISLUCOCA21',212,'definitivo',NULL),(261,'122025','ISISRIHECA15',213,'definitivo',NULL),(262,'122025','ISISJECOCA22',214,'definitivo',NULL),(263,'122025','ISISWIKUCA9',215,'definitivo',NULL),(264,'122025','ISISADJICA7',216,'definitivo',NULL),(265,'122025','ISISJUMICA24',217,'definitivo',NULL),(266,'122025','ISISMAHUKA0',218,'definitivo',NULL),(267,'122025','ISISJORACA16',219,'definitivo',NULL),(268,'122025','ISISMIHUCA12',220,'definitivo',NULL),(270,'122025','ISIS0704081',222,'definitivo',NULL),(271,'122025','ISISMAROCA10',223,'definitivo',NULL),(272,'122025','ISISJOCACA11',224,'definitivo',NULL),(273,'122025','ISISANHECA14',225,'definitivo',NULL),(274,'122025','ISISCHMOCA18',226,'definitivo',NULL),(276,'122026','ISISCHMOCA18',228,'definitivo',NULL),(277,'012026','ISISLUCOCA21',229,'definitivo',NULL),(278,'012026','ISISJECOCA22',230,'definitivo',NULL),(279,'122026','ISISRIHECA15',231,'definitivo',NULL),(280,'012026','ISISADJICA7',233,'definitivo',NULL),(281,'012026','ISISJUMICA24',234,'definitivo',NULL),(282,'122025','ISISVECRCA4',235,'definitivo',NULL),(284,'012026','ISISVECRCA4',237,'definitivo',NULL),(285,'012026','ISISRIHECA15',238,'definitivo',NULL),(286,'012026','ISISWIKUCA9',240,'definitivo',NULL),(287,'012026','ISISJOTUCA3',241,'definitivo',NULL),(288,'012026','ISISMAHUKA0',243,'definitivo',NULL),(289,'012026','ISISJORACA16',244,'definitivo',NULL),(290,'012026','ISISMIHUCA12',247,'definitivo',NULL),(291,'012026','ISIS0704081',248,'definitivo',NULL),(292,'012026','ISISJOCACA11',249,'definitivo',NULL),(293,'012026','ISISMAROCA10',250,'definitivo',NULL),(294,'012026','ISISANHECA14',251,'definitivo',NULL),(295,'012026','ISISARTUCA19',253,'definitivo',NULL),(296,'072025','ISISRIHECA15',257,'definitivo',NULL),(297,'012026','ISISCHMOCA18',258,'definitivo',NULL),(298,'012026','ISISLICHCA17',259,'definitivo',NULL),(299,'022026','ISISLUCOCA21',260,'definitivo',NULL),(300,'022026','ISISJECOCA22',261,'definitivo',NULL),(301,'022026','ISISLICHCA17',262,'definitivo',NULL),(302,'022026','ISISADJICA7',263,'definitivo',NULL),(303,'082025','ISISJORACA16',264,'definitivo',NULL),(304,'012026','ISISANCHCA29',265,'definitivo',NULL),(305,'022026','ISISJUMICA24',266,'definitivo',NULL),(306,'012026','ISISRODCA35',267,'definitivo',NULL),(307,'012026','ISISELCOCA36',268,'definitivo',NULL),(308,'022026','ISISVECRCA4',269,'definitivo',NULL),(309,'022026','ISISRIHECA15',270,'definitivo',NULL),(310,'022026','ISISWIKUCA9',271,'definitivo',NULL),(311,'022026','ISISRIFECA26',272,'definitivo',NULL),(312,'022026','ISISDAMACA27',273,'definitivo',NULL),(313,'092025','ISISDAMACA27',274,'definitivo',NULL),(314,'022026','ISISJOTUCA3',275,'definitivo',NULL),(315,'012026','ISISMACCA37',276,'definitivo',NULL),(316,'022026','ISISJORACA16',277,'definitivo',NULL),(317,'022026','ISISMAHUKA0',278,'definitivo',NULL),(318,'022026','ISISANCHCA29',279,'definitivo',NULL),(319,'022026','ISISMIHUCA12',280,'definitivo',NULL),(320,'022026','ISISMACHCA30',281,'definitivo',NULL),(321,'012026','ISISFRTUCA38',282,'definitivo',NULL),(322,'012026','ISISJJTTCA39',283,'definitivo',NULL),(323,'022026','ISISJJTTCA39',284,'definitivo',NULL),(324,'022026','ISISEDCACA28',285,'definitivo',NULL),(325,'022026','ISISMAROCA10',286,'definitivo',NULL),(326,'012026','ISISSIARCA40',287,'definitivo',NULL),(327,'012026','ISISHADZCA41',288,'definitivo',NULL),(328,'022026','ISISARTUCA19',289,'definitivo',NULL),(329,'022026','ISISJOCACA11',290,'definitivo',NULL),(330,'022026','ISISANHECA14',291,'definitivo',NULL),(331,'022026','ISISJOPOCA31',292,'definitivo',NULL),(332,'012026','ISISHECOCA42',293,'definitivo',NULL),(333,'022026','ISISCHMOCA18',294,'definitivo',NULL),(334,'022026','ISISMATUCA32',295,'definitivo',NULL),(335,'022026','ISISGATUCA34',296,'definitivo',NULL),(336,'032026','ISISLICHCA17',297,'definitivo',NULL),(337,'032026','ISISJECOCA22',298,'definitivo',NULL),(338,'012026','ISISKEAKCA43',299,'definitivo',NULL),(339,'022026','ISISKEAKCA43',299,'definitivo',NULL),(340,'032026','ISISMATUCA32',300,'definitivo',NULL),(341,'012026','ISISMIROCA44',301,'definitivo',NULL),(342,'022026','ISISMIROCA44',301,'definitivo',NULL),(343,'032026','ISISLUCOCA21',302,'definitivo',NULL),(344,'032026','ISISRIHECA15',303,'definitivo',NULL),(345,'022026','ISISYATUCA33',304,'definitivo',NULL),(346,'032026','ISISJUMICA24',305,'definitivo',NULL),(347,'032026','ISISRIFECA26',306,'definitivo',NULL),(348,'032026','ISISWIKUCA9',307,'definitivo',NULL),(349,'012026','FIBEALVACA44',308,'definitivo',NULL),(350,'022026','FIBEALVACA44',308,'definitivo',NULL),(351,'032026','ISISJOTUCA3',309,'definitivo',NULL),(352,'032026','ISISDAMACA27',310,'definitivo',NULL),(353,'032026','ISISMIROCA44',311,'definitivo',NULL),(354,'032026','ISISKEAKCA43',312,'definitivo',NULL),(355,'032026','FIBEALVACA44',313,'definitivo',NULL),(356,'032026','ISISMACCA37',314,'definitivo',NULL),(357,'032026','ISISEDCACA28',315,'definitivo',NULL),(358,'032026','ISISJORACA16',316,'definitivo',NULL),(359,'032026','ISISREELCA5',317,'definitivo',NULL),(360,'032026','ISISMACHCA30',318,'definitivo',NULL),(361,'032026','ISISANCHCA29',319,'definitivo',NULL),(362,'032026','ISISADJICA7',320,'definitivo',NULL),(363,'032026','ISISMAHUKA0',321,'definitivo',NULL),(364,'032026','ISISMIHUCA12',322,'definitivo',NULL),(365,'022026','ISISMACCA37',323,'definitivo',NULL),(366,'042026','ISISMACCA37',324,'definitivo',NULL),(367,'032026','ISISJOCACA11',325,'definitivo',NULL),(368,'032026','ISIS0704081',326,'definitivo',NULL),(369,'022026','ISIS0704081',327,'definitivo',NULL),(370,'042026','ISIS0704081',328,'definitivo',NULL),(371,'032026','ISISFRTUCA38',329,'definitivo',NULL),(372,'032026','ISISVECRCA4',330,'definitivo',NULL),(373,'032026','ISISTIMACA13',331,'definitivo',NULL),(374,'032026','ISISSISICA2',332,'definitivo',NULL),(375,'032026','ISISRODCA35',333,'definitivo',NULL),(376,'032026','ISISHADZCA41',334,'definitivo',NULL),(377,'032026','ISISSIARCA40',335,'definitivo',NULL),(378,'032026','ISISANHECA14',336,'definitivo',NULL),(379,'032026','ISISJOPOCA31',337,'definitivo',NULL),(380,'032026','ISISARTUCA19',338,'definitivo',NULL),(381,'022026','ISISSIARCA40',339,'definitivo',NULL),(382,'022026','ISISHADZCA41',340,'definitivo',NULL),(383,'032026','ISISMAROCA10',341,'definitivo',NULL),(384,'042026','ISISSIARCA40',342,'definitivo',NULL),(385,'042026','ISISHADZCA41',343,'definitivo',NULL),(386,'032026','ISISCHMOCA18',344,'definitivo',NULL),(388,'032026','ISISGATUCA34',346,'definitivo',NULL),(389,'032026','ISISHECOCA42',347,'definitivo',NULL),(390,'042026','ISISELCOCA36',348,'definitivo',NULL),(391,'042026','ISISLUCOCA21',349,'definitivo',NULL),(392,'042026','ISISMATUCA32',350,'definitivo',NULL),(393,'042026','ISISMIROCA44',351,'definitivo',NULL),(394,'032026','ISISYATUCA33',352,'definitivo',NULL),(395,'042026','ISISJECOCA22',353,'definitivo',NULL),(396,'042026','ISISADJICA7',354,'definitivo',NULL),(397,'012026','FIBESAFECA45',355,'definitivo',NULL),(398,'022026','FIBESAFECA45',355,'definitivo',NULL),(399,'032026','FIBESAFECA45',355,'definitivo',NULL),(400,'042026','ISISLICHCA17',356,'definitivo',NULL),(401,'042026','ISISJUMICA24',357,'definitivo',NULL),(402,'042026','ISISKEAKCA43',358,'definitivo',NULL),(403,'042026','ISISRODCA35',359,'definitivo',NULL),(405,'012026','ISISJOPOCA31',361,'definitivo',NULL),(406,'042026','ISISJOPOCA31',362,'definitivo',NULL),(407,'042026','ISISVECRCA4',363,'definitivo',NULL),(408,'042026','ISISJOTUCA3',364,'definitivo',NULL),(409,'042026','ISISDAMACA27',365,'definitivo',NULL),(410,'042026','ISISMAHUKA0',366,'definitivo',NULL),(411,'042026','FIBEALVACA44',367,'definitivo',NULL),(412,'042026','ISISMACHCA30',368,'definitivo',NULL),(413,'042026','ISISREELCA5',369,'definitivo',NULL),(414,'042026','ISISMIHUCA12',370,'definitivo',NULL),(415,'042026','ISISEDCACA28',371,'definitivo',NULL),(416,'012026','FIBEMEJCA46',372,'definitivo',NULL),(417,'022026','FIBEMEJCA46',372,'definitivo',NULL),(418,'032026','FIBEMEJCA46',372,'definitivo',NULL),(419,'052026','ISIS0704081',373,'definitivo',NULL),(420,'042026','ISISMAROCA10',374,'definitivo',NULL),(421,'042026','ISISANCHCA29',375,'definitivo',NULL),(422,'012026','FIBEFEFUCA47',376,'definitivo',NULL),(423,'022026','FIBEFEFUCA47',376,'definitivo',NULL),(424,'032026','FIBEFEFUCA47',376,'definitivo',NULL),(425,'042026','ISISTIMACA13',377,'definitivo',NULL),(426,'042026','ISISSISICA2',378,'definitivo',NULL),(427,'012026','FIBEREPOCA48',379,'definitivo',NULL),(428,'022026','FIBEREPOCA48',379,'definitivo',NULL),(429,'032026','FIBEREPOCA48',379,'definitivo',NULL),(430,'012026','FIBERAPECA49',380,'definitivo',NULL),(431,'022026','FIBERAPECA49',380,'definitivo',NULL),(432,'032026','FIBERAPECA49',380,'definitivo',NULL),(433,'042026','ISISARTUCA19',381,'definitivo',NULL),(434,'052026','ISISVECRCA4',382,'definitivo',NULL),(435,'012026','ISISDAMACA27',383,'definitivo',NULL),(436,'052026','ISISDAMACA27',384,'definitivo',NULL),(437,'042026','ISISRIFECA26',385,'definitivo',NULL),(438,'012026','ISISRIFECA26',386,'definitivo',NULL),(439,'042026','ISISANHECA14',387,'definitivo',NULL),(440,'052026','ISISRIFECA26',388,'definitivo',NULL),(441,'052026','ISISHADZCA41',389,'definitivo',NULL),(442,'042026','ISISWIKUCA9',390,'definitivo',NULL),(443,'052026','ISISSIARCA40',391,'definitivo',NULL),(444,'042026','ISISCHMOCA18',392,'definitivo',NULL),(445,'012026','FIBEPAUCCA50',393,'definitivo',NULL),(446,'022026','FIBEPAUCCA50',393,'definitivo',NULL),(447,'032026','FIBEPAUCCA50',393,'definitivo',NULL),(448,'062026','ISISDAMACA27',394,'definitivo',NULL),(449,'042026','ISISHECOCA42',395,'definitivo',NULL),(450,'042026','ISISJOCACA11',396,'definitivo',NULL);

--
-- Table structure for table `prioridad_reportes`
--

CREATE TABLE `prioridad_reportes` (
  `id` int NOT NULL AUTO_INCREMENT,
  `prioridad_reporte` varchar(255) CHARACTER SET utf8mb3 COLLATE utf8mb3_unicode_ci NOT NULL,
  `description` varchar(255) CHARACTER SET utf8mb3 COLLATE utf8mb3_unicode_ci DEFAULT NULL,
  PRIMARY KEY (`id`)
) ENGINE=InnoDB AUTO_INCREMENT=4 DEFAULT CHARSET=utf8mb3 COLLATE=utf8mb3_unicode_ci;

--
-- Dumping data for table `prioridad_reportes`
--

INSERT INTO `prioridad_reportes` VALUES (1,'Urgente','El reporte debe ser atendido con urgencia'),(2,'Esperable','El reporte puede esperar hasta 2 dias'),(3,'Agendable','El reporte puede ser agendado para otra fecha');

--
-- Table structure for table `process_db`
--

CREATE TABLE `process_db` (
  `id` int NOT NULL AUTO_INCREMENT,
  `module` varchar(50) CHARACTER SET utf8mb3 COLLATE utf8mb3_spanish2_ci NOT NULL,
  `executed` date DEFAULT NULL,
  `status` int NOT NULL,
  PRIMARY KEY (`id`)
) ENGINE=InnoDB AUTO_INCREMENT=10 DEFAULT CHARSET=utf8mb4 COLLATE=utf8mb4_0900_ai_ci;

--
-- Dumping data for table `process_db`
--

INSERT INTO `process_db` VALUES (1,'billing','2026-05-01',1),(2,'alert_suspension','2025-10-30',1),(3,'reminder','2026-05-01',1),(4,'morosos','2026-05-01',1),(5,'mikrotik_backup','2025-10-30',1),(6,'negociaciones','2026-05-01',1),(7,'suspension','2026-05-01',1),(8,'free_month','2026-05-01',1),(9,'failures','2025-10-30',1);

--
-- Table structure for table `promosiones`
--

CREATE TABLE `promosiones` (
  `promosion_id` int NOT NULL AUTO_INCREMENT,
  `promosion_nombre` varchar(50) CHARACTER SET utf8mb3 COLLATE utf8mb3_spanish2_ci NOT NULL,
  `descuento` decimal(20,2) NOT NULL,
  `colonia_id` int NOT NULL,
  `descripcion` varchar(100) CHARACTER SET utf8mb3 COLLATE utf8mb3_spanish2_ci NOT NULL,
  `vigencia` date NOT NULL,
  `condiciones` varchar(110) CHARACTER SET utf8mb3 COLLATE utf8mb3_spanish2_ci NOT NULL,
  PRIMARY KEY (`promosion_id`),
  KEY `colonia_apply` (`colonia_id`)
) ENGINE=InnoDB DEFAULT CHARSET=utf8mb3 COLLATE=utf8mb3_spanish2_ci;

--
-- Dumping data for table `promosiones`
--


--
-- Table structure for table `reportes_comunes`
--

CREATE TABLE `reportes_comunes` (
  `id` int NOT NULL AUTO_INCREMENT,
  `descripcion` varchar(255) CHARACTER SET utf8mb3 COLLATE utf8mb3_unicode_ci NOT NULL,
  `prioridad` int NOT NULL DEFAULT '1',
  PRIMARY KEY (`id`)
) ENGINE=InnoDB AUTO_INCREMENT=7 DEFAULT CHARSET=utf8mb3 COLLATE=utf8mb3_unicode_ci;

--
-- Dumping data for table `reportes_comunes`
--

INSERT INTO `reportes_comunes` VALUES (1,'Luz roja en el modem',1),(2,'Modem reseteado',1),(3,'Pon no conectado',1),(4,'Cambio de contraseña',3),(5,'Cambio de domicilio',3),(6,'Intermitencia en el servicio',3);

--
-- Table structure for table `reportes_fallas`
--

CREATE TABLE `reportes_fallas` (
  `reporte_id` int NOT NULL AUTO_INCREMENT,
  `cliente_id` varchar(50) CHARACTER SET utf8mb3 COLLATE utf8mb3_spanish2_ci NOT NULL,
  `usuario_captura` varchar(50) CHARACTER SET utf8mb3 COLLATE utf8mb3_spanish2_ci DEFAULT NULL,
  `empleado_control` varchar(50) CHARACTER SET utf8mb3 COLLATE utf8mb3_spanish2_ci DEFAULT NULL,
  `prioridad` int DEFAULT '1',
  `tecnico` varchar(50) CHARACTER SET utf8mb3 COLLATE utf8mb3_spanish2_ci DEFAULT NULL,
  `usuario_finalizacion` varchar(50) CHARACTER SET utf8mb3 COLLATE utf8mb3_spanish2_ci DEFAULT NULL,
  `reporte_domicilio` varchar(200) CHARACTER SET utf8mb3 COLLATE utf8mb3_spanish2_ci DEFAULT 'INDEFINIDO',
  `reporte_descripcion` varchar(200) CHARACTER SET utf8mb3 COLLATE utf8mb3_spanish2_ci DEFAULT NULL,
  `fecha_captura` date DEFAULT NULL,
  `fecha_atencion` date DEFAULT NULL,
  `fecha_finalizacion` date DEFAULT NULL,
  `vehiculo` varchar(50) CHARACTER SET utf8mb3 COLLATE utf8mb3_spanish2_ci DEFAULT NULL,
  `materiales` varchar(200) CHARACTER SET utf8mb3 COLLATE utf8mb3_spanish2_ci DEFAULT NULL,
  `procesos` varchar(1000) CHARACTER SET utf8mb3 COLLATE utf8mb3_spanish2_ci DEFAULT NULL,
  `comentarios` varchar(255) CHARACTER SET utf8mb3 COLLATE utf8mb3_spanish2_ci DEFAULT NULL,
  `costo` decimal(20,2) DEFAULT '0.00',
  `status` int DEFAULT '1',
  PRIMARY KEY (`reporte_id`),
  KEY `cliente_id` (`cliente_id`),
  KEY `usuario_captura` (`usuario_captura`),
  KEY `usuario_finalizacion` (`usuario_finalizacion`),
  KEY `status` (`status`),
  KEY `prioridad` (`prioridad`),
  KEY `empleado_control` (`empleado_control`),
  KEY `tecnico` (`tecnico`)
) ENGINE=InnoDB AUTO_INCREMENT=8 DEFAULT CHARSET=utf8mb3 COLLATE=utf8mb3_spanish2_ci;

--
-- Dumping data for table `reportes_fallas`
--

INSERT INTO `reportes_fallas` VALUES (1,'ISISJECOCA20','US20250412211','ALSAP20250423146',1,'ALSAP20250423146','US20250412211','Calle 20#165 Colonia Kilakan T35/3','Levantamiento de equipos por baja de servicio.','2025-11-26',NULL,NULL,NULL,NULL,NULL,NULL,0.00,1),(2,'ISISJOCACA11','US2025041744','JOAN2025041746',1,'JOAN2025041746','US2025041744','Calle 14 entre 13 Terminal 7/1','Levantamiento de equipos por baja de servicio.','2026-01-18',NULL,NULL,NULL,NULL,NULL,NULL,0.00,1),(3,'ISISJJTTCA39','US2025041744','JOAN2025041746',1,'JOAN2025041746','US2025041744','GHJGJHVJH','Levantamiento de equipos por baja de servicio.','2026-02-18',NULL,NULL,NULL,NULL,NULL,NULL,0.00,1),(4,'ISISEDTUCA23','US2025041744','JOAN2025041746',1,'JOAN2025041746','US2025041744','Calle 24 entre 17t y 17a','Levantamiento de equipos por baja de servicio.','2026-03-07',NULL,NULL,NULL,NULL,NULL,NULL,0.00,1),(5,'ISISEMGOCA8','US2025041744','JOAN2025041746',1,'JOAN2025041746','US2025041744','calle 27 entre 28 y 26 col. kilacan terminal 32/2','Levantamiento de equipos por baja de servicio.','2026-03-08',NULL,NULL,NULL,NULL,NULL,NULL,0.00,1),(6,'ISISJORACA16','US2025041744','JOAN2025041746',1,'JOAN2025041746','US2025041744','Calle 22 T17/1','Levantamiento de equipos por baja de servicio.','2026-04-09',NULL,NULL,NULL,NULL,NULL,NULL,0.00,1),(7,'ISISFRTUCA38','US2025041744','JOAN2025041746',1,'JOAN2025041746','US2025041744','Calle 24 entre 15 y 13','Levantamiento de equipos por baja de servicio.','2026-04-22',NULL,NULL,NULL,NULL,NULL,NULL,0.00,1);

--
-- Table structure for table `server`
--

CREATE TABLE `server` (
  `id_server` int NOT NULL AUTO_INCREMENT,
  `name` varchar(50) CHARACTER SET utf8mb3 COLLATE utf8mb3_spanish2_ci NOT NULL,
  `status` int NOT NULL,
  PRIMARY KEY (`id_server`)
) ENGINE=InnoDB AUTO_INCREMENT=3 DEFAULT CHARSET=utf8mb3 COLLATE=utf8mb3_spanish2_ci;

--
-- Dumping data for table `server`
--

INSERT INTO `server` VALUES (1,'windows',1),(2,'linux',0);

--
-- Table structure for table `servicios`
--

CREATE TABLE `servicios` (
  `servicio_id` int NOT NULL AUTO_INCREMENT,
  `nombre_servicio` varchar(50) CHARACTER SET utf8mb3 COLLATE utf8mb3_spanish2_ci NOT NULL,
  `costo_servicio` decimal(20,2) NOT NULL DEFAULT '0.00',
  `status` enum('activo','inactivo') CHARACTER SET utf8mb3 COLLATE utf8mb3_spanish2_ci NOT NULL DEFAULT 'activo',
  PRIMARY KEY (`servicio_id`)
) ENGINE=InnoDB AUTO_INCREMENT=3 DEFAULT CHARSET=utf8mb3 COLLATE=utf8mb3_spanish2_ci;

--
-- Dumping data for table `servicios`
--

INSERT INTO `servicios` VALUES (1,'Television',50.00,'activo'),(2,'Internet',300.00,'activo');

--
-- Table structure for table `servicios_adicionales`
--

CREATE TABLE `servicios_adicionales` (
  `id` int NOT NULL AUTO_INCREMENT,
  `cliente_id` varchar(50) CHARACTER SET utf8mb3 COLLATE utf8mb3_spanish2_ci NOT NULL,
  `servicio_id` int NOT NULL,
  `costo_servicio` decimal(20,2) NOT NULL DEFAULT '0.00',
  `equipo_id` int NOT NULL,
  `serie_equipo` varchar(255) CHARACTER SET utf8mb3 COLLATE utf8mb3_spanish2_ci NOT NULL,
  `equipo_status` int NOT NULL DEFAULT '1',
  `paquete` int DEFAULT NULL,
  `wan` varchar(50) CHARACTER SET utf8mb3 COLLATE utf8mb3_spanish2_ci DEFAULT NULL,
  `ap` varchar(50) CHARACTER SET utf8mb3 COLLATE utf8mb3_spanish2_ci DEFAULT NULL,
  `mac` varchar(50) CHARACTER SET utf8mb3 COLLATE utf8mb3_spanish2_ci DEFAULT NULL,
  `status_servicio` enum('activo','suspendido','pausado','cancelado') CHARACTER SET utf8mb3 COLLATE utf8mb3_spanish2_ci NOT NULL DEFAULT 'activo',
  `fecha_creacion` timestamp NOT NULL DEFAULT CURRENT_TIMESTAMP,
  `fecha_modificacion` timestamp NOT NULL DEFAULT CURRENT_TIMESTAMP,
  PRIMARY KEY (`id`),
  KEY `cliente_id` (`cliente_id`),
  KEY `servicio_id` (`servicio_id`),
  KEY `equipo_id` (`equipo_id`),
  KEY `status_equipo` (`equipo_status`)
) ENGINE=InnoDB DEFAULT CHARSET=utf8mb3 COLLATE=utf8mb3_spanish2_ci;

--
-- Dumping data for table `servicios_adicionales`
--


--
-- Table structure for table `status_equipo`
--

CREATE TABLE `status_equipo` (
  `status_id` int NOT NULL AUTO_INCREMENT,
  `nombre_status_equipo` varchar(50) CHARACTER SET utf8mb3 COLLATE utf8mb3_spanish2_ci NOT NULL,
  PRIMARY KEY (`status_id`)
) ENGINE=InnoDB AUTO_INCREMENT=3 DEFAULT CHARSET=utf8mb3 COLLATE=utf8mb3_spanish2_ci;

--
-- Dumping data for table `status_equipo`
--

INSERT INTO `status_equipo` VALUES (1,'Comprado'),(2,'Rentado');

--
-- Table structure for table `status_instalaciones`
--

CREATE TABLE `status_instalaciones` (
  `status_id` int NOT NULL AUTO_INCREMENT,
  `nombre_status` varchar(50) CHARACTER SET utf8mb3 COLLATE utf8mb3_spanish2_ci NOT NULL,
  `descripcion` varchar(255) CHARACTER SET utf8mb3 COLLATE utf8mb3_spanish2_ci NOT NULL,
  PRIMARY KEY (`status_id`)
) ENGINE=InnoDB AUTO_INCREMENT=6 DEFAULT CHARSET=utf8mb3 COLLATE=utf8mb3_unicode_ci;

--
-- Dumping data for table `status_instalaciones`
--

INSERT INTO `status_instalaciones` VALUES (1,'agendado','La instalación fue guardada en la base de datos pero no ha sido agendada'),(2,'instalando','Se ha establecido una fecha para realizar la instalación'),(3,'conectando','La instalación esta siendo realizada por el técnico asignado'),(4,'finalizado','La instalacion fue eliminada por motivos extras'),(5,'cancelado','El servicio del cliente esta conectandose');

--
-- Table structure for table `status_negociaciones`
--

CREATE TABLE `status_negociaciones` (
  `status_negociacion` int NOT NULL AUTO_INCREMENT,
  `nombre` varchar(50) CHARACTER SET utf8mb3 COLLATE utf8mb3_unicode_ci NOT NULL,
  PRIMARY KEY (`status_negociacion`)
) ENGINE=InnoDB AUTO_INCREMENT=4 DEFAULT CHARSET=utf8mb3 COLLATE=utf8mb3_unicode_ci;

--
-- Dumping data for table `status_negociaciones`
--

INSERT INTO `status_negociaciones` VALUES (1,'corriendo'),(2,'vencida'),(3,'pagada');

--
-- Table structure for table `status_reportes`
--

CREATE TABLE `status_reportes` (
  `id` int NOT NULL AUTO_INCREMENT,
  `status_reporte` varchar(255) CHARACTER SET utf8mb3 COLLATE utf8mb3_unicode_ci NOT NULL,
  `description` varchar(255) CHARACTER SET utf8mb3 COLLATE utf8mb3_unicode_ci DEFAULT NULL,
  PRIMARY KEY (`id`)
) ENGINE=InnoDB AUTO_INCREMENT=4 DEFAULT CHARSET=utf8mb3 COLLATE=utf8mb3_unicode_ci;

--
-- Dumping data for table `status_reportes`
--

INSERT INTO `status_reportes` VALUES (1,'espera','El reporte ha sido capturado por soporte tecnico'),(2,'revision','El reporte esta siendo revisado por los tecnicos'),(3,'finalizado','El reporte ha sido solucionado correctamente');

--
-- Table structure for table `templates`
--

CREATE TABLE `templates` (
  `id` int NOT NULL AUTO_INCREMENT,
  `name_id` varchar(50) CHARACTER SET utf8mb3 COLLATE utf8mb3_spanish2_ci NOT NULL,
  `title` varchar(50) CHARACTER SET utf8mb3 COLLATE utf8mb3_spanish2_ci NOT NULL,
  `template` varchar(2000) CHARACTER SET utf8mb3 COLLATE utf8mb3_spanish2_ci NOT NULL,
  `type` enum('whatsapp','sms','email') CHARACTER SET utf8mb3 COLLATE utf8mb3_spanish2_ci DEFAULT 'whatsapp',
  PRIMARY KEY (`id`)
) ENGINE=InnoDB AUTO_INCREMENT=16 DEFAULT CHARSET=utf8mb3 COLLATE=utf8mb3_spanish2_ci;

--
-- Dumping data for table `templates`
--

INSERT INTO `templates` VALUES (1,'welcome','Mensaje de bienvenida','Estimado {cliente} le damos las gracias por su preferencia, y ponemos a su disposición los números de teléfono para soporte técnico y aclaraciones:\n            \n*Finanzas:* +52 1 937 228 6860\n*Soporte:* +52 1 937 165 9727\n\nDe igual manera le recordamos puede realizar sus pagos mediante transferencias electrónicas con los siguientes datos:\n            \n*Nombre:* Jesús Manuel Gerónimo Mayge\n*Banco:* BBVA Bancomer\n*Numero de cuenta:* 2661614746\n*Numero de tarjeta:* 4152 3141 8291 0698\n*Concepto:* {concepto_transferencia}\n*Monto:* {monto_mensual}  \n     \nO bien puede realizar sus pagos en efectivo en nuestras precio_instalaciones ubicadas en:\n            \n1.- Av. Lázaro Cárdenas s/n entre Jacinto López y Ernesto Aguirre Colorado, frente a bodega Aurrera local No 1, Cárdenas Tabasco.\n            \n2.- Poblado Mecatepec Huimanguillo, frente a la cancha de basquetbol local No 2\n            \n*Detalles del servicio*\n*Mensualidad:* {mensualidad}\n*Costo de costo_renta:* {costo_renta}\n*Instalación:* {precio_instalacion}\n*Facturación:* Días {dia_facturacion} de cada mes\n*Monto mensual:* {monto_mensual}\n\nES MUY IMPORTANTE ENVIAR EL COMPROBANTE','whatsapp'),(2,'recordatorio','Recordatorio de pago','Estimado {cliente} \n\nSu fecha de facturación esta cerca.\n\nPuede realizar su pago mediante transferencias electrónicas con los siguientes datos:\n\n*Nombre:* Jesus Manuel Geronimo Mayge\n*Banco:* BBVA Bancomer\n*Numero de cuenta:* 2661614746\n*Numero de tarjeta:* 4152 3141 8291 0698\n*Concepto:* {concepto_transferencia}\n\n*ES MUY IMPORTANTE ENVIAR EL COMPROBANTE* \n\nTambién puede realizar sus pagos en efectivo en nuestras instalaciones ubicadas en:\n\n1.- Av. Lazaro Cardenas s/n entre Jasinto López y Ernesto Aguirre Colorado, frente a bodega aurrera local N 1, Cárdenas Tabasco.\n\n2.- Poblado Mecatepec Huimanguillo, frente a la cancha de basquetbol local N 2.\n\n*Gracias por ser parte de nosotros*','whatsapp'),(3,'suspension','Mensaje de suspención','Estimado {cliente}\n\nLe informamos que su servicio ha sido suspendido por que no se reporto pago para el periodo actual el cual debió pagarse el día {corte}. \n\nPuede solicitar una negociación llamando al telefono: +52 1 937 228 6860 y su servicio será conectado mientras, realiza el pago correspondiente\n\n!Gracias por su comprensión!\n','whatsapp'),(4,'negociacion','Mensaje de negociación','Estimado {cliente}\n\nHemos agregado una negociación para que se extienda servicio la fecha {fecha_fin} de no realizarse el pago el servicio volverá a suspenderse.\n\n*Gracias por ser parte de nosotros!*\n','whatsapp'),(5,'facturacion','Mensaje de facturación','\nEstimad@ {cliente} le recordamos que hoy es el día en que debe pagar la mensualidad de su servicio, si el pago no es reportado el servicio será suspendido en los proximos días.\n\nRecuerde que su pago nos ayuda a brindarle un mejor servicio.\n\n*Gracias por su comprensión*','whatsapp'),(6,'pago','Mensaje de pago','Estimado {cliente}. Hemos capturado su pago correctamente le mostramos a continuación todos los detalles:\n\n*Periodos:* {periodos_pagados}\n*Monto del pago:* {monto_pago}\n*Fecha de captura:* {fecha_captura}\nTipo de pago: {tipo_pago}\nFolio: {folio_pago}\nPagos extras: {ingresos_extras}\n\nLe recordamos que el pago será revisado y puede ser rechazado en caso de errores los cuales se le harán saber en su momento.\n\nEL pago se refleja desde {fecha_inicio} hasta el {fecha_expiracion}, si tiene alguna duda o necesita una aclaración comuniquese al numero +52 1 937 228 6860.\n\nHaga click en el link para solicitar su recibo: {link_pdf}\n\nGracias por ser parte de nosotros','whatsapp'),(7,'negociacion','Mensaje de negociacion','Estimado {cliente}\n\nEste mensaje es para informarle que la negociacion establecida  para la fecha {fecha_fin} ha finalizado, lamentablemente no hemos encontrado registro de pago, por lo que el sistema procederá a suspender su servicio.\n\nSi ya realizo su pago y esta recibiendo este mensaje puede pedir informes en nuestras oficinas ubicadas en:\n\n1.- Avenida Lázaro Cárdenas, Colonia Centro, Cardenas Tabasco, Frente a Bodega Aurrera planta alta, Local N° 1\n\n2.- Poblado Mecatepec, Huimanguillo Tabasco, frente al domo, local N° 2\n\nO bien puede comunicarse al teléfono: +52 1 937 385 3062\n\n*Gracias por su comprensión*','whatsapp'),(8,'falla','Falla reportada','Estimado {cliente}\n\nHemos recibido un reporte de falla el cual será atendido por nuestros técnicos de la forma más ágil posible, le pedimos que sea paciente en lo que atendemos las fallas previas a la reportada por usted.\nPersonal de oficina le mantendrá informado de cualquier situación.\n\nGracias por su comprención','whatsapp'),(9,'falla','Atención de reporte','Estimado {tecnico}\r\n\r\nSe ha asignado un reporte para su cuadrilla con los siguientes detalles:\r\n\r\n*Falla:* {reporte_descripcion}\r\n*Cliente:* {cliente}\r\n*Telefono:* {cliente_telefono}\r\n*Direccion:* {cliente_direccion}\r\n*Ubicacion:* {cliente_ubicacion}\r\n*Zona:* {zona_nombre}\r\n*Marca de cable*: {mark_wire}\r\n\r\nNo olvide realizar el siguiente proceso antes de atender el reporte:\r\n\r\n*1.-* Revisar la ubicacion del cliente y la coincidencia con la zona\r\n\r\n*2.-* Comunicarse con el cliente antes de dirijirse al domicilio\r\n\r\n*3.-* Cuestionar al cliente si la falla aun persiste\r\n\r\nRecuerde ser amable con el cliente y presentarse antes de comenzar, recuerde que la atención es lo más importante.','whatsapp'),(10,'instalacion','Instalación programada','Estimado {cliente}\n\nHemos agendado su instalación de manera satisfactoria con los siguientes datos:\n\n*Cliente:* {cliente}\n*Costo:* {costo_instalacion}\n*Telefono:* {cliente_telefono}\n*Fecha:* {fecha_programada}\n\nMantengase en contacto con su promotor o envienos un mensage de whatsapp al telefono +52 1 937 228 6860.','whatsapp'),(11,'instalacion','Instalacion iniciada','Estimado {tecnico} \n\nSe ha asignado una instalación para su cuadrilla, a continuación los detalles:\n\n*Cliente:* {cliente}\n*Telefono de contacto:* {cliente_telefono}\n*Direccion:* {direccion}\n*Ubicacion:* {ubicacion}\n*Colonia:* {colonia}\n\nNo olvide realizar el siguiente proceso antes de atender el reporte:\n\n1.- Revisar la ubicación del cliente y la coincidencia con la colonia\n\n2.- Comunicarse con el cliente antes de dirigirse al domicilio\n\nRecuerde ser amable y presentarse antes de comenzar, recuerde que la atención es lo más importante.','whatsapp'),(12,'instalacion','Instalación iniciada','Estimado {promotor} \n\nSe ha dado inicio a la instalación a nombre de {cliente}, mantengase en contacto con el cliente para confirmar la visita.\n\nSi es necesario envienos un mensaje de whatsapp al telefono +52 1 937 228 6860 para cualquier situación. Gracias por su colaboración.','whatsapp'),(13,'instalacion','Instalación iniciada','Estimado {cliente} \n\nSe ha dado inicio a su instalación a nombre de {cliente}, en unos momentos nuestros técnicos llegarán a su domicilio.\n\nSi es necesario envienos un mensaje de whatsapp al telefono +52 1 937 228 6860 para cualquier situación. Gracias por su colaboración.','whatsapp'),(14,'instalacion','Instalación programada','Estimado {promotor} \n\nHemos agendado la instalación a nombre de {cliente} para el dia {fecha_programada} con un costo de {costo_instalacion}.\n\nMantengase en comunicación con cliente y personal de oficina para confirmar la información o aclarar dudas. Gracias por su colaboración.','whatsapp'),(15,'falla','Atencion inicializada','Estimado {cliente}.\r\n\r\nSe ha dado inicio a la atencion de su reporte: {reporte_descripcion}. \r\n                                     \r\nEn unos momentos nuestros técnicos llegarán a su domicilio.\r\n                                       \r\nSi es necesario envienos un mensaje de whatsapp al telefono +52 1 937 228 6860 para cualquier situación. \r\n                                       \r\nGracias por su apoyo.','whatsapp');

--
-- Table structure for table `tipo_servicios`
--

CREATE TABLE `tipo_servicios` (
  `servicio_id` int NOT NULL AUTO_INCREMENT,
  `nombre_servicio` varchar(50) CHARACTER SET utf8mb3 COLLATE utf8mb3_spanish2_ci NOT NULL,
  PRIMARY KEY (`servicio_id`)
) ENGINE=InnoDB AUTO_INCREMENT=3 DEFAULT CHARSET=utf8mb3 COLLATE=utf8mb3_spanish2_ci;

--
-- Dumping data for table `tipo_servicios`
--

INSERT INTO `tipo_servicios` VALUES (1,'Inalambrico'),(2,'Fibra Optica');

--
-- Table structure for table `tipos_clientes`
--

CREATE TABLE `tipos_clientes` (
  `tipo_cliente_id` int NOT NULL AUTO_INCREMENT,
  `tipo_nombre` varchar(50) CHARACTER SET utf8mb3 COLLATE utf8mb3_spanish2_ci NOT NULL,
  `tipo_descripcion` varchar(50) CHARACTER SET utf8mb3 COLLATE utf8mb3_spanish2_ci NOT NULL,
  `tipo_privilegios` varchar(50) CHARACTER SET utf8mb3 COLLATE utf8mb3_spanish2_ci NOT NULL,
  `tipo_descuento` int NOT NULL,
  PRIMARY KEY (`tipo_cliente_id`)
) ENGINE=InnoDB AUTO_INCREMENT=4 DEFAULT CHARSET=utf8mb3 COLLATE=utf8mb3_spanish2_ci;

--
-- Dumping data for table `tipos_clientes`
--

INSERT INTO `tipos_clientes` VALUES (1,'Residencial','Cliente con internet para su hogar','',0),(2,'Empresarial','Cliente con más de un servicio, tv e internet','',0),(3,'Negocios','Cliente con mas de dos servicios','',0);

--
-- Table structure for table `tipos_movimientos`
--

CREATE TABLE `tipos_movimientos` (
  `tipo_movimiento_id` int NOT NULL AUTO_INCREMENT,
  `nombre_movimiento` varchar(50) CHARACTER SET utf8mb3 COLLATE utf8mb3_spanish2_ci NOT NULL,
  `descripcion` varchar(50) CHARACTER SET utf8mb3 COLLATE utf8mb3_spanish2_ci NOT NULL,
  PRIMARY KEY (`tipo_movimiento_id`)
) ENGINE=InnoDB AUTO_INCREMENT=3 DEFAULT CHARSET=utf8mb3 COLLATE=utf8mb3_spanish2_ci;

--
-- Dumping data for table `tipos_movimientos`
--

INSERT INTO `tipos_movimientos` VALUES (1,'Entrada','Ingreso a caja'),(2,'Salida','Salida de caja');

--
-- Table structure for table `usuarios_status`
--

CREATE TABLE `usuarios_status` (
  `status_id` int NOT NULL AUTO_INCREMENT,
  `status_nombre` varchar(50) CHARACTER SET utf8mb3 COLLATE utf8mb3_spanish2_ci NOT NULL,
  `descripcion` varchar(100) CHARACTER SET utf8mb3 COLLATE utf8mb3_spanish2_ci NOT NULL,
  PRIMARY KEY (`status_id`)
) ENGINE=InnoDB AUTO_INCREMENT=5 DEFAULT CHARSET=utf8mb3 COLLATE=utf8mb3_spanish2_ci;

--
-- Dumping data for table `usuarios_status`
--

INSERT INTO `usuarios_status` VALUES (1,'Activo','El usuario puede acceder al sistema y a us funciones'),(2,'Suspendido','El cliente no puede realizar ninguna operacion en el sistema'),(3,'Baja','El  cliente fue dado de baja hasta que el usuario root lo reactive de nuevo'),(4,'conectado','Usuario con mas de una session');

--
-- Table structure for table `usuarios_tipos`
--

CREATE TABLE `usuarios_tipos` (
  `tipo_id` int NOT NULL AUTO_INCREMENT,
  `tipo_nombre` varchar(50) CHARACTER SET utf8mb3 COLLATE utf8mb3_spanish2_ci NOT NULL,
  `destroy` int NOT NULL,
  `view` int NOT NULL,
  `edit` int NOT NULL,
  `creation` int NOT NULL,
  `negociation` int NOT NULL DEFAULT '1',
  `installations` int NOT NULL,
  `payment` int NOT NULL,
  `reports` int NOT NULL,
  `suspend` int NOT NULL,
  `unsubscribe` int NOT NULL,
  `enable` int NOT NULL,
  PRIMARY KEY (`tipo_id`)
) ENGINE=InnoDB AUTO_INCREMENT=10 DEFAULT CHARSET=utf8mb3 COLLATE=utf8mb3_spanish2_ci;

--
-- Dumping data for table `usuarios_tipos`
--

INSERT INTO `usuarios_tipos` VALUES (1,'root',1,1,1,1,1,1,1,1,1,1,1),(2,'admin',1,1,1,1,1,1,1,1,1,1,1),(3,'gerente',0,1,1,0,1,0,0,0,0,0,0),(4,'cobranza',0,1,1,1,1,1,1,1,1,1,1),(5,'tecnico',0,1,0,0,0,0,0,0,0,0,0),(6,'promotor',0,0,0,0,0,1,0,0,0,0,0),(7,'sistemas',0,0,0,0,0,0,0,0,0,0,0),(8,'finanzas',0,0,0,0,0,0,0,0,0,0,0),(9,'soporte',0,0,0,0,0,0,0,0,0,0,0);

--
-- Table structure for table `zonas`
--

CREATE TABLE `zonas` (
  `zona_id` int NOT NULL AUTO_INCREMENT,
  `zona_nombre` varchar(255) CHARACTER SET utf8mb3 COLLATE utf8mb3_spanish2_ci NOT NULL,
  `zona_ubicacion` varchar(2083) CHARACTER SET utf8mb3 COLLATE utf8mb3_spanish2_ci DEFAULT NULL,
  `zona_mikrotik` int DEFAULT NULL,
  `zona_status` int DEFAULT '1',
  `address_ip` varchar(16) CHARACTER SET utf8mb3 COLLATE utf8mb3_spanish2_ci DEFAULT NULL,
  `broadcast` varchar(16) CHARACTER SET utf8mb3 COLLATE utf8mb3_spanish2_ci DEFAULT NULL,
  PRIMARY KEY (`zona_id`),
  KEY `mikrotik_control` (`zona_mikrotik`)
) ENGINE=InnoDB AUTO_INCREMENT=2 DEFAULT CHARSET=utf8mb3 COLLATE=utf8mb3_spanish2_ci;

--
-- Dumping data for table `zonas`
--

INSERT INTO `zonas` VALUES (1,'Calkini',NULL,1,1,NULL,NULL);

--
-- Dumping events for database 'isisinte_fiberred'
--

--
-- Dumping routines for database 'isisinte_fiberred'
--


